{"id":26,"date":"2020-03-18T21:23:17","date_gmt":"2020-03-18T20:23:17","guid":{"rendered":"https:\/\/dfvcg-events.de\/zdae\/?page_id=26"},"modified":"2024-02-14T16:26:03","modified_gmt":"2024-02-14T15:26:03","slug":"ticketshop","status":"publish","type":"page","link":"https:\/\/dfvcg-events.de\/zdae\/ticketshop\/","title":{"rendered":"Ticketshop"},"content":{"rendered":"<div id='av_section_1'  class='avia-section av-k7yuhjt1-ade71f18727bebdd99a21799d10914de main_color avia-section-default avia-no-border-styling  avia-builder-el-0  el_before_av_one_full  avia-builder-el-first  header-farbe avia-bg-style-scroll container_wrap fullsize'  ><div class='container av-section-cont-open' ><main  role=\"main\" itemprop=\"mainContentOfPage\"  class='template-page content  av-content-full alpha units'><div class='post-entry post-entry-type-page post-entry-26'><div class='entry-content-wrapper clearfix'>\n\n<style type=\"text\/css\" data-created_by=\"avia_inline_auto\" id=\"style-css-av-kki3vl60-0bf9a5eae4d5ca674ab22147dcaf188d\">\n#top .av-special-heading.av-kki3vl60-0bf9a5eae4d5ca674ab22147dcaf188d{\npadding-bottom:0;\ncolor:#ffffff;\n}\nbody .av-special-heading.av-kki3vl60-0bf9a5eae4d5ca674ab22147dcaf188d .av-special-heading-tag .heading-char{\nfont-size:25px;\n}\n.av-special-heading.av-kki3vl60-0bf9a5eae4d5ca674ab22147dcaf188d .special-heading-inner-border{\nborder-color:#ffffff;\n}\n.av-special-heading.av-kki3vl60-0bf9a5eae4d5ca674ab22147dcaf188d .av-subheading{\nfont-size:19px;\ncolor:#ffffff;\n}\n<\/style>\n<div  class='av-special-heading av-kki3vl60-0bf9a5eae4d5ca674ab22147dcaf188d av-special-heading-h1 custom-color-heading blockquote modern-quote  avia-builder-el-1  avia-builder-el-no-sibling '><div class='av_custom_color av-subheading av-subheading_above'><p>Zukunftsdialog Agrar &amp; Ern\u00e4hrung<\/p>\n<\/div><h1 class='av-special-heading-tag '  itemprop=\"headline\"  >Jetzt anmelden<\/h1><div class=\"special-heading-border\"><div class=\"special-heading-inner-border\"><\/div><\/div><\/div>\n<\/div><\/div><\/main><!-- close content main element --><\/div><\/div><div id='after_section_1'  class='main_color av_default_container_wrap container_wrap fullsize'  ><div class='container av-section-cont-open' ><div class='template-page content  av-content-full alpha units'><div class='post-entry post-entry-type-page post-entry-26'><div class='entry-content-wrapper clearfix'><div  class='flex_column av-ttv2-020b93c27658971b65456e26da9038dc av_one_full  avia-builder-el-2  el_after_av_section  el_before_av_one_full  avia-builder-el-first  first flex_column_div  '     ><p>\n<style type=\"text\/css\" data-created_by=\"avia_inline_auto\" id=\"style-css-av-lfcax7l6-7b57f685b4bce784f08219fac66b726a\">\n#top .av-special-heading.av-lfcax7l6-7b57f685b4bce784f08219fac66b726a{\npadding-bottom:10px;\ncolor:#0a0a0a;\n}\nbody .av-special-heading.av-lfcax7l6-7b57f685b4bce784f08219fac66b726a .av-special-heading-tag .heading-char{\nfont-size:25px;\n}\n.av-special-heading.av-lfcax7l6-7b57f685b4bce784f08219fac66b726a .special-heading-inner-border{\nborder-color:#0a0a0a;\n}\n.av-special-heading.av-lfcax7l6-7b57f685b4bce784f08219fac66b726a .av-subheading{\nfont-size:15px;\n}\nbody .av-special-heading.av-lfcax7l6-7b57f685b4bce784f08219fac66b726a .av-special-heading-tag .heading-wrap:before{\nborder-color:#0a0a0a;\n}\nbody .av-special-heading.av-lfcax7l6-7b57f685b4bce784f08219fac66b726a .av-special-heading-tag .heading-wrap:after{\nborder-color:#0a0a0a;\n}\n<\/style>\n<div  class='av-special-heading av-lfcax7l6-7b57f685b4bce784f08219fac66b726a av-special-heading-h2 custom-color-heading blockquote modern-quote  avia-builder-el-3  el_before_av_textblock  avia-builder-el-first '><h2 class='av-special-heading-tag '  itemprop=\"headline\"  >Pr\u00e4senzteilnahme<\/h2><div class=\"special-heading-border\"><div class=\"special-heading-inner-border\"><\/div><\/div><\/div><br \/>\n<section  class='av_textblock_section av-lf17n3kx-0dbf8e44c2fabc913d57c41d8dbafc62 '   itemscope=\"itemscope\" itemtype=\"https:\/\/schema.org\/CreativeWork\" ><div class='avia_textblock'  itemprop=\"text\" ><p>Sie k\u00f6nnen <strong>Ihren Gutscheincode f\u00fcr die Pr\u00e4senzteilnahme<\/strong> ganz einfach im Bereich &#8222;Gutschein einl\u00f6sen&#8220; einf\u00fcgen und auf &#8222;Einl\u00f6sen&#8220; klicken.<\/p>\n<\/div><\/section><\/p><\/div><div  class='flex_column av-s0w6-7ba3b4f173d1a3db311f0459a8ddc51c av_one_full  avia-builder-el-5  el_after_av_one_full  el_before_av_one_full  first flex_column_div  column-top-margin'     ><\/div><\/p>\n<div  class='flex_column av-tenu-75c647a559d03fb1ad645bd8285dc279 av_one_full  avia-builder-el-7  el_after_av_one_full  avia-builder-el-last  first flex_column_div  column-top-margin'     ><section  class='av_textblock_section av-lf8eodhr-94d60c45536103e99d0fb0751be0ff4e '   itemscope=\"itemscope\" itemtype=\"https:\/\/schema.org\/CreativeWork\" ><div class='avia_textblock'  itemprop=\"text\" ><p>ZDAE ist eine Einladungsveranstaltung. Sie m\u00f6chten gern dabei sein? Dann nehmen Sie mit uns Kontakt auf.<\/p>\n<p><strong>Ihre Ansprechpartnerin:<\/strong><\/p>\n<p>Sabrina Teichmann<br \/>\n+49 69 7595-3019<br \/>\n<a href=\"&#x6d;&#x61;&#105;lt&#x6f;&#x3a;&#83;&#97;b&#x72;&#x69;&#110;&#97;&#46;&#x54;&#x65;&#x69;&#99;hm&#x61;&#x6e;&#110;&#64;d&#x66;&#x76;&#99;&#103;&#46;&#x64;&#x65;\">&#83;&#x61;&#98;&#x72;i&#110;&#x61;&#46;&#x54;e&#x69;c&#104;&#x6d;&#97;&#x6e;n&#x40;&#x64;&#102;&#x76;c&#x67;&#46;&#100;&#x65;<\/a><\/p>\n<\/div><\/section><\/div>\n","protected":false},"excerpt":{"rendered":"","protected":false},"author":1,"featured_media":0,"parent":0,"menu_order":0,"comment_status":"closed","ping_status":"closed","template":"","meta":{"footnotes":""},"class_list":["post-26","page","type-page","status-publish","hentry"],"yoast_head":"<!-- This site is optimized with the Yoast SEO plugin v27.3 - https:\/\/yoast.com\/product\/yoast-seo-wordpress\/ -->\n<title>Ticketshop - Zukunftsdialog Agrar &amp; Ern\u00e4hrung<\/title>\n<meta name=\"description\" content=\"ZDAE - Seien Sie dabei, wenn sich das Who ist Who der Branche auf dem Zukunftsdialog Agrar &amp; Ern\u00e4hrung trifft. Melden Sie sich jetzt an!\" \/>\n<meta name=\"robots\" content=\"index, follow, max-snippet:-1, max-image-preview:large, max-video-preview:-1\" \/>\n<link rel=\"canonical\" href=\"https:\/\/dfvcg-events.de\/zdae\/ticketshop\/\" \/>\n<meta property=\"og:locale\" content=\"de_DE\" \/>\n<meta property=\"og:type\" content=\"article\" \/>\n<meta property=\"og:title\" content=\"Ticketshop - Zukunftsdialog Agrar &amp; Ern\u00e4hrung\" \/>\n<meta property=\"og:description\" content=\"ZDAE - Seien Sie dabei, wenn sich das Who ist Who der Branche auf dem Zukunftsdialog Agrar &amp; Ern\u00e4hrung trifft. Melden Sie sich jetzt an!\" \/>\n<meta property=\"og:url\" content=\"https:\/\/dfvcg-events.de\/zdae\/ticketshop\/\" \/>\n<meta property=\"og:site_name\" content=\"Zukunftsdialog Agrar &amp; Ern\u00e4hrung\" \/>\n<meta property=\"article:modified_time\" content=\"2024-02-14T15:26:03+00:00\" \/>\n<meta name=\"twitter:card\" content=\"summary_large_image\" \/>\n<meta name=\"twitter:label1\" content=\"Gesch\u00e4tzte Lesezeit\" \/>\n\t<meta name=\"twitter:data1\" content=\"1\u00a0Minute\" \/>\n<script type=\"application\/ld+json\" class=\"yoast-schema-graph\">{\"@context\":\"https:\\\/\\\/schema.org\",\"@graph\":[{\"@type\":\"WebPage\",\"@id\":\"https:\\\/\\\/dfvcg-events.de\\\/zdae\\\/ticketshop\\\/\",\"url\":\"https:\\\/\\\/dfvcg-events.de\\\/zdae\\\/ticketshop\\\/\",\"name\":\"Ticketshop - Zukunftsdialog Agrar & Ern\u00e4hrung\",\"isPartOf\":{\"@id\":\"https:\\\/\\\/dfvcg-events.de\\\/zdae\\\/#website\"},\"datePublished\":\"2020-03-18T20:23:17+00:00\",\"dateModified\":\"2024-02-14T15:26:03+00:00\",\"description\":\"ZDAE - Seien Sie dabei, wenn sich das Who ist Who der Branche auf dem Zukunftsdialog Agrar & Ern\u00e4hrung trifft. Melden Sie sich jetzt an!\",\"breadcrumb\":{\"@id\":\"https:\\\/\\\/dfvcg-events.de\\\/zdae\\\/ticketshop\\\/#breadcrumb\"},\"inLanguage\":\"de\",\"potentialAction\":[{\"@type\":\"ReadAction\",\"target\":[\"https:\\\/\\\/dfvcg-events.de\\\/zdae\\\/ticketshop\\\/\"]}]},{\"@type\":\"BreadcrumbList\",\"@id\":\"https:\\\/\\\/dfvcg-events.de\\\/zdae\\\/ticketshop\\\/#breadcrumb\",\"itemListElement\":[{\"@type\":\"ListItem\",\"position\":1,\"name\":\"Startseite\",\"item\":\"https:\\\/\\\/dfvcg-events.de\\\/zdae\\\/\"},{\"@type\":\"ListItem\",\"position\":2,\"name\":\"Ticketshop\"}]},{\"@type\":\"WebSite\",\"@id\":\"https:\\\/\\\/dfvcg-events.de\\\/zdae\\\/#website\",\"url\":\"https:\\\/\\\/dfvcg-events.de\\\/zdae\\\/\",\"name\":\"Zukunftsdialog Agrar & Ern\u00e4hrung\",\"description\":\"dfv Conference Group\",\"potentialAction\":[{\"@type\":\"SearchAction\",\"target\":{\"@type\":\"EntryPoint\",\"urlTemplate\":\"https:\\\/\\\/dfvcg-events.de\\\/zdae\\\/?s={search_term_string}\"},\"query-input\":{\"@type\":\"PropertyValueSpecification\",\"valueRequired\":true,\"valueName\":\"search_term_string\"}}],\"inLanguage\":\"de\"}]}<\/script>\n<!-- \/ Yoast SEO plugin. -->","yoast_head_json":{"title":"Ticketshop - Zukunftsdialog Agrar & Ern\u00e4hrung","description":"ZDAE - Seien Sie dabei, wenn sich das Who ist Who der Branche auf dem Zukunftsdialog Agrar & Ern\u00e4hrung trifft. Melden Sie sich jetzt an!","robots":{"index":"index","follow":"follow","max-snippet":"max-snippet:-1","max-image-preview":"max-image-preview:large","max-video-preview":"max-video-preview:-1"},"canonical":"https:\/\/dfvcg-events.de\/zdae\/ticketshop\/","og_locale":"de_DE","og_type":"article","og_title":"Ticketshop - Zukunftsdialog Agrar & Ern\u00e4hrung","og_description":"ZDAE - Seien Sie dabei, wenn sich das Who ist Who der Branche auf dem Zukunftsdialog Agrar & Ern\u00e4hrung trifft. Melden Sie sich jetzt an!","og_url":"https:\/\/dfvcg-events.de\/zdae\/ticketshop\/","og_site_name":"Zukunftsdialog Agrar & Ern\u00e4hrung","article_modified_time":"2024-02-14T15:26:03+00:00","twitter_card":"summary_large_image","twitter_misc":{"Gesch\u00e4tzte Lesezeit":"1\u00a0Minute"},"schema":{"@context":"https:\/\/schema.org","@graph":[{"@type":"WebPage","@id":"https:\/\/dfvcg-events.de\/zdae\/ticketshop\/","url":"https:\/\/dfvcg-events.de\/zdae\/ticketshop\/","name":"Ticketshop - Zukunftsdialog Agrar & Ern\u00e4hrung","isPartOf":{"@id":"https:\/\/dfvcg-events.de\/zdae\/#website"},"datePublished":"2020-03-18T20:23:17+00:00","dateModified":"2024-02-14T15:26:03+00:00","description":"ZDAE - Seien Sie dabei, wenn sich das Who ist Who der Branche auf dem Zukunftsdialog Agrar & Ern\u00e4hrung trifft. Melden Sie sich jetzt an!","breadcrumb":{"@id":"https:\/\/dfvcg-events.de\/zdae\/ticketshop\/#breadcrumb"},"inLanguage":"de","potentialAction":[{"@type":"ReadAction","target":["https:\/\/dfvcg-events.de\/zdae\/ticketshop\/"]}]},{"@type":"BreadcrumbList","@id":"https:\/\/dfvcg-events.de\/zdae\/ticketshop\/#breadcrumb","itemListElement":[{"@type":"ListItem","position":1,"name":"Startseite","item":"https:\/\/dfvcg-events.de\/zdae\/"},{"@type":"ListItem","position":2,"name":"Ticketshop"}]},{"@type":"WebSite","@id":"https:\/\/dfvcg-events.de\/zdae\/#website","url":"https:\/\/dfvcg-events.de\/zdae\/","name":"Zukunftsdialog Agrar & Ern\u00e4hrung","description":"dfv Conference Group","potentialAction":[{"@type":"SearchAction","target":{"@type":"EntryPoint","urlTemplate":"https:\/\/dfvcg-events.de\/zdae\/?s={search_term_string}"},"query-input":{"@type":"PropertyValueSpecification","valueRequired":true,"valueName":"search_term_string"}}],"inLanguage":"de"}]}},"_links":{"self":[{"href":"https:\/\/dfvcg-events.de\/zdae\/wp-json\/wp\/v2\/pages\/26","targetHints":{"allow":["GET"]}}],"collection":[{"href":"https:\/\/dfvcg-events.de\/zdae\/wp-json\/wp\/v2\/pages"}],"about":[{"href":"https:\/\/dfvcg-events.de\/zdae\/wp-json\/wp\/v2\/types\/page"}],"author":[{"embeddable":true,"href":"https:\/\/dfvcg-events.de\/zdae\/wp-json\/wp\/v2\/users\/1"}],"replies":[{"embeddable":true,"href":"https:\/\/dfvcg-events.de\/zdae\/wp-json\/wp\/v2\/comments?post=26"}],"version-history":[{"count":0,"href":"https:\/\/dfvcg-events.de\/zdae\/wp-json\/wp\/v2\/pages\/26\/revisions"}],"wp:attachment":[{"href":"https:\/\/dfvcg-events.de\/zdae\/wp-json\/wp\/v2\/media?parent=26"}],"curies":[{"name":"wp","href":"https:\/\/api.w.org\/{rel}","templated":true}]}}