{"id":3573,"date":"2023-03-29T17:44:22","date_gmt":"2023-03-29T15:44:22","guid":{"rendered":"https:\/\/dfvcg-events.de\/tw-summit\/?page_id=3573"},"modified":"2026-02-04T09:45:52","modified_gmt":"2026-02-04T08:45:52","slug":"programm","status":"publish","type":"page","link":"https:\/\/dfvcg-events.de\/tw-summit\/programm\/","title":{"rendered":"Programm 2026"},"content":{"rendered":"<div id='av_section_1'  class='avia-section av-49e71x-bae00c83844141131b1264f9f3f50b12 main_color avia-section-default avia-no-border-styling  avia-builder-el-0  el_before_av_section  avia-builder-el-first  header-verlauf avia-bg-style-scroll container_wrap fullsize'  ><div class='container av-section-cont-open' ><main  role=\"main\" itemprop=\"mainContentOfPage\"  class='template-page content  av-content-full alpha units'><div class='post-entry post-entry-type-page post-entry-3573'><div class='entry-content-wrapper clearfix'>\n\n<style type=\"text\/css\" data-created_by=\"avia_inline_auto\" id=\"style-css-av-1yzsxh-042b54e2be84756997b73a51acf2fd86\">\n#top .av-special-heading.av-1yzsxh-042b54e2be84756997b73a51acf2fd86{\ncolor:#ffffff;\n}\nbody .av-special-heading.av-1yzsxh-042b54e2be84756997b73a51acf2fd86 .av-special-heading-tag .heading-char{\nfont-size:25px;\n}\n.av-special-heading.av-1yzsxh-042b54e2be84756997b73a51acf2fd86 .special-heading-inner-border{\nborder-color:#ffffff;\n}\n.av-special-heading.av-1yzsxh-042b54e2be84756997b73a51acf2fd86 .av-subheading{\nfont-size:19px;\n}\n<\/style>\n<div  class='av-special-heading av-1yzsxh-042b54e2be84756997b73a51acf2fd86 av-special-heading-h1 custom-color-heading blockquote modern-quote  avia-builder-el-1  avia-builder-el-no-sibling '><div class='av_custom_color av-subheading av-subheading_above'><p>TW Summit<\/p>\n<\/div><h1 class='av-special-heading-tag '  itemprop=\"headline\"  >Programm<\/h1><div class=\"special-heading-border\"><div class=\"special-heading-inner-border\"><\/div><\/div><\/div>\n\n<\/div><\/div><\/main><!-- close content main element --><\/div><\/div><div id='av_section_2'  class='avia-section av-2rpjfp-ccca905d43d62074734f7b444df6a4ca main_color avia-section-default avia-no-border-styling  avia-builder-el-2  el_after_av_section  avia-builder-el-last  avia-bg-style-scroll container_wrap fullsize'  ><div class='container av-section-cont-open' ><div class='template-page content  av-content-full alpha units'><div class='post-entry post-entry-type-page post-entry-3573'><div class='entry-content-wrapper clearfix'>\n\n<style type=\"text\/css\" data-created_by=\"avia_inline_auto\" id=\"style-css-av-2xpze6-9bb279c4a432e5c040282a55c0dd6b2c\">\n#top .av-special-heading.av-2xpze6-9bb279c4a432e5c040282a55c0dd6b2c{\npadding-bottom:0;\n}\nbody .av-special-heading.av-2xpze6-9bb279c4a432e5c040282a55c0dd6b2c .av-special-heading-tag .heading-char{\nfont-size:25px;\n}\n.av-special-heading.av-2xpze6-9bb279c4a432e5c040282a55c0dd6b2c .av-subheading{\nfont-size:19px;\n}\n<\/style>\n<div  class='av-special-heading av-2xpze6-9bb279c4a432e5c040282a55c0dd6b2c av-special-heading-h2 blockquote modern-quote  avia-builder-el-3  el_before_av_hr  avia-builder-el-first '><h2 class='av-special-heading-tag '  itemprop=\"headline\"  >Das war das Programm 2024<\/h2><div class=\"special-heading-border\"><div class=\"special-heading-inner-border\"><\/div><\/div><\/div>\n\n<style type=\"text\/css\" data-created_by=\"avia_inline_auto\" id=\"style-css-av-ml7s8zm6-731be41826499e90908022a8255ad743\">\n#top .hr.hr-invisible.av-ml7s8zm6-731be41826499e90908022a8255ad743{\nheight:50px;\n}\n<\/style>\n<div  class='hr av-ml7s8zm6-731be41826499e90908022a8255ad743 hr-invisible  avia-builder-el-4  el_after_av_heading  el_before_av_button '><span class='hr-inner '><span class=\"hr-inner-style\"><\/span><\/span><\/div>\n<div  class='avia-button-wrap av-l6nt20yi-2d99eb24e673e402f3d5cf130dd36ff4-wrap avia-button-left  avia-builder-el-5  el_after_av_hr  avia-builder-el-last '><a href='https:\/\/dfvcg-events.de\/tw-summit\/wp-content\/uploads\/sites\/12\/2024\/11\/dfvcg-TWSummit24-TU-A5-web.pdf'  class='avia-button av-l6nt20yi-2d99eb24e673e402f3d5cf130dd36ff4 av-link-btn avia-icon_select-no avia-size-large avia-position-left avia-color-theme-color'  target=\"_blank\"  rel=\"noopener noreferrer\"  aria-label=\"Programm PDF Download\"><span class='avia_iconbox_title' >Programm PDF Download<\/span><\/a><\/div>\n\n","protected":false},"excerpt":{"rendered":"","protected":false},"author":1,"featured_media":0,"parent":0,"menu_order":0,"comment_status":"closed","ping_status":"closed","template":"","meta":{"footnotes":""},"class_list":["post-3573","page","type-page","status-publish","hentry"],"yoast_head":"<!-- This site is optimized with the Yoast SEO plugin v27.3 - https:\/\/yoast.com\/product\/yoast-seo-wordpress\/ -->\n<title>Programm 2026 | TW Summit | 28.\/29. November 2023<\/title>\n<meta name=\"description\" content=\"Zum TW SUMMIT begr\u00fc\u00dfen wir Top-Referenten aus der Branche. Freuen Sie sich auf spannende Vortr\u00e4ge zu wichtigen Themen und Innovationen.\" \/>\n<meta name=\"robots\" content=\"index, follow, max-snippet:-1, max-image-preview:large, max-video-preview:-1\" \/>\n<link rel=\"canonical\" href=\"https:\/\/dfvcg-events.de\/tw-summit\/programm\/\" \/>\n<meta property=\"og:locale\" content=\"de_DE\" \/>\n<meta property=\"og:type\" content=\"article\" \/>\n<meta property=\"og:title\" content=\"Programm 2026 | TW Summit | 28.\/29. November 2023\" \/>\n<meta property=\"og:description\" content=\"Zum TW SUMMIT begr\u00fc\u00dfen wir Top-Referenten aus der Branche. Freuen Sie sich auf spannende Vortr\u00e4ge zu wichtigen Themen und Innovationen.\" \/>\n<meta property=\"og:url\" content=\"https:\/\/dfvcg-events.de\/tw-summit\/programm\/\" \/>\n<meta property=\"og:site_name\" content=\"TW Summit\" \/>\n<meta property=\"article:modified_time\" content=\"2026-02-04T08:45:52+00:00\" \/>\n<meta property=\"og:image\" content=\"https:\/\/dfvcg-events.de\/tw-summit\/wp-content\/uploads\/sites\/12\/2023\/04\/dfvcg-TW-Summit-2023-1200x675px.jpg\" \/>\n\t<meta property=\"og:image:width\" content=\"1200\" \/>\n\t<meta property=\"og:image:height\" content=\"675\" \/>\n\t<meta property=\"og:image:type\" content=\"image\/jpeg\" \/>\n<meta name=\"twitter:card\" content=\"summary_large_image\" \/>\n<meta name=\"twitter:label1\" content=\"Gesch\u00e4tzte Lesezeit\" \/>\n\t<meta name=\"twitter:data1\" content=\"1\u00a0Minute\" \/>\n<script type=\"application\/ld+json\" class=\"yoast-schema-graph\">{\"@context\":\"https:\\\/\\\/schema.org\",\"@graph\":[{\"@type\":\"WebPage\",\"@id\":\"https:\\\/\\\/dfvcg-events.de\\\/tw-summit\\\/programm\\\/\",\"url\":\"https:\\\/\\\/dfvcg-events.de\\\/tw-summit\\\/programm\\\/\",\"name\":\"Programm 2026 | TW Summit | 28.\\\/29. November 2023\",\"isPartOf\":{\"@id\":\"https:\\\/\\\/dfvcg-events.de\\\/tw-summit\\\/#website\"},\"datePublished\":\"2023-03-29T15:44:22+00:00\",\"dateModified\":\"2026-02-04T08:45:52+00:00\",\"description\":\"Zum TW SUMMIT begr\u00fc\u00dfen wir Top-Referenten aus der Branche. Freuen Sie sich auf spannende Vortr\u00e4ge zu wichtigen Themen und Innovationen.\",\"breadcrumb\":{\"@id\":\"https:\\\/\\\/dfvcg-events.de\\\/tw-summit\\\/programm\\\/#breadcrumb\"},\"inLanguage\":\"de\",\"potentialAction\":[{\"@type\":\"ReadAction\",\"target\":[\"https:\\\/\\\/dfvcg-events.de\\\/tw-summit\\\/programm\\\/\"]}]},{\"@type\":\"BreadcrumbList\",\"@id\":\"https:\\\/\\\/dfvcg-events.de\\\/tw-summit\\\/programm\\\/#breadcrumb\",\"itemListElement\":[{\"@type\":\"ListItem\",\"position\":1,\"name\":\"Startseite\",\"item\":\"https:\\\/\\\/dfvcg-events.de\\\/tw-summit\\\/\"},{\"@type\":\"ListItem\",\"position\":2,\"name\":\"Programm 2026\"}]},{\"@type\":\"WebSite\",\"@id\":\"https:\\\/\\\/dfvcg-events.de\\\/tw-summit\\\/#website\",\"url\":\"https:\\\/\\\/dfvcg-events.de\\\/tw-summit\\\/\",\"name\":\"TW SUMMIT\",\"description\":\"dfv Conference Group\",\"publisher\":{\"@id\":\"https:\\\/\\\/dfvcg-events.de\\\/tw-summit\\\/#organization\"},\"alternateName\":\"Der Strategie-Kongress der Fashion-Branche\",\"potentialAction\":[{\"@type\":\"SearchAction\",\"target\":{\"@type\":\"EntryPoint\",\"urlTemplate\":\"https:\\\/\\\/dfvcg-events.de\\\/tw-summit\\\/?s={search_term_string}\"},\"query-input\":{\"@type\":\"PropertyValueSpecification\",\"valueRequired\":true,\"valueName\":\"search_term_string\"}}],\"inLanguage\":\"de\"},{\"@type\":\"Organization\",\"@id\":\"https:\\\/\\\/dfvcg-events.de\\\/tw-summit\\\/#organization\",\"name\":\"TW SUMMIT\",\"alternateName\":\"Der Strategie-Kongress der Fashion-Branche\",\"url\":\"https:\\\/\\\/dfvcg-events.de\\\/tw-summit\\\/\",\"logo\":{\"@type\":\"ImageObject\",\"inLanguage\":\"de\",\"@id\":\"https:\\\/\\\/dfvcg-events.de\\\/tw-summit\\\/#\\\/schema\\\/logo\\\/image\\\/\",\"url\":\"https:\\\/\\\/dfvcg-events.de\\\/tw-summit\\\/wp-content\\\/uploads\\\/sites\\\/12\\\/2023\\\/03\\\/dfvcg_TWSummit23_Teaser_800x800.jpg\",\"contentUrl\":\"https:\\\/\\\/dfvcg-events.de\\\/tw-summit\\\/wp-content\\\/uploads\\\/sites\\\/12\\\/2023\\\/03\\\/dfvcg_TWSummit23_Teaser_800x800.jpg\",\"width\":800,\"height\":800,\"caption\":\"TW SUMMIT\"},\"image\":{\"@id\":\"https:\\\/\\\/dfvcg-events.de\\\/tw-summit\\\/#\\\/schema\\\/logo\\\/image\\\/\"}}]}<\/script>\n<!-- \/ Yoast SEO plugin. -->","yoast_head_json":{"title":"Programm 2026 | TW Summit | 28.\/29. November 2023","description":"Zum TW SUMMIT begr\u00fc\u00dfen wir Top-Referenten aus der Branche. Freuen Sie sich auf spannende Vortr\u00e4ge zu wichtigen Themen und Innovationen.","robots":{"index":"index","follow":"follow","max-snippet":"max-snippet:-1","max-image-preview":"max-image-preview:large","max-video-preview":"max-video-preview:-1"},"canonical":"https:\/\/dfvcg-events.de\/tw-summit\/programm\/","og_locale":"de_DE","og_type":"article","og_title":"Programm 2026 | TW Summit | 28.\/29. November 2023","og_description":"Zum TW SUMMIT begr\u00fc\u00dfen wir Top-Referenten aus der Branche. Freuen Sie sich auf spannende Vortr\u00e4ge zu wichtigen Themen und Innovationen.","og_url":"https:\/\/dfvcg-events.de\/tw-summit\/programm\/","og_site_name":"TW Summit","article_modified_time":"2026-02-04T08:45:52+00:00","og_image":[{"width":1200,"height":675,"url":"https:\/\/dfvcg-events.de\/tw-summit\/wp-content\/uploads\/sites\/12\/2023\/04\/dfvcg-TW-Summit-2023-1200x675px.jpg","type":"image\/jpeg"}],"twitter_card":"summary_large_image","twitter_misc":{"Gesch\u00e4tzte Lesezeit":"1\u00a0Minute"},"schema":{"@context":"https:\/\/schema.org","@graph":[{"@type":"WebPage","@id":"https:\/\/dfvcg-events.de\/tw-summit\/programm\/","url":"https:\/\/dfvcg-events.de\/tw-summit\/programm\/","name":"Programm 2026 | TW Summit | 28.\/29. November 2023","isPartOf":{"@id":"https:\/\/dfvcg-events.de\/tw-summit\/#website"},"datePublished":"2023-03-29T15:44:22+00:00","dateModified":"2026-02-04T08:45:52+00:00","description":"Zum TW SUMMIT begr\u00fc\u00dfen wir Top-Referenten aus der Branche. Freuen Sie sich auf spannende Vortr\u00e4ge zu wichtigen Themen und Innovationen.","breadcrumb":{"@id":"https:\/\/dfvcg-events.de\/tw-summit\/programm\/#breadcrumb"},"inLanguage":"de","potentialAction":[{"@type":"ReadAction","target":["https:\/\/dfvcg-events.de\/tw-summit\/programm\/"]}]},{"@type":"BreadcrumbList","@id":"https:\/\/dfvcg-events.de\/tw-summit\/programm\/#breadcrumb","itemListElement":[{"@type":"ListItem","position":1,"name":"Startseite","item":"https:\/\/dfvcg-events.de\/tw-summit\/"},{"@type":"ListItem","position":2,"name":"Programm 2026"}]},{"@type":"WebSite","@id":"https:\/\/dfvcg-events.de\/tw-summit\/#website","url":"https:\/\/dfvcg-events.de\/tw-summit\/","name":"TW SUMMIT","description":"dfv Conference Group","publisher":{"@id":"https:\/\/dfvcg-events.de\/tw-summit\/#organization"},"alternateName":"Der Strategie-Kongress der Fashion-Branche","potentialAction":[{"@type":"SearchAction","target":{"@type":"EntryPoint","urlTemplate":"https:\/\/dfvcg-events.de\/tw-summit\/?s={search_term_string}"},"query-input":{"@type":"PropertyValueSpecification","valueRequired":true,"valueName":"search_term_string"}}],"inLanguage":"de"},{"@type":"Organization","@id":"https:\/\/dfvcg-events.de\/tw-summit\/#organization","name":"TW SUMMIT","alternateName":"Der Strategie-Kongress der Fashion-Branche","url":"https:\/\/dfvcg-events.de\/tw-summit\/","logo":{"@type":"ImageObject","inLanguage":"de","@id":"https:\/\/dfvcg-events.de\/tw-summit\/#\/schema\/logo\/image\/","url":"https:\/\/dfvcg-events.de\/tw-summit\/wp-content\/uploads\/sites\/12\/2023\/03\/dfvcg_TWSummit23_Teaser_800x800.jpg","contentUrl":"https:\/\/dfvcg-events.de\/tw-summit\/wp-content\/uploads\/sites\/12\/2023\/03\/dfvcg_TWSummit23_Teaser_800x800.jpg","width":800,"height":800,"caption":"TW SUMMIT"},"image":{"@id":"https:\/\/dfvcg-events.de\/tw-summit\/#\/schema\/logo\/image\/"}}]}},"_links":{"self":[{"href":"https:\/\/dfvcg-events.de\/tw-summit\/wp-json\/wp\/v2\/pages\/3573","targetHints":{"allow":["GET"]}}],"collection":[{"href":"https:\/\/dfvcg-events.de\/tw-summit\/wp-json\/wp\/v2\/pages"}],"about":[{"href":"https:\/\/dfvcg-events.de\/tw-summit\/wp-json\/wp\/v2\/types\/page"}],"author":[{"embeddable":true,"href":"https:\/\/dfvcg-events.de\/tw-summit\/wp-json\/wp\/v2\/users\/1"}],"replies":[{"embeddable":true,"href":"https:\/\/dfvcg-events.de\/tw-summit\/wp-json\/wp\/v2\/comments?post=3573"}],"version-history":[{"count":47,"href":"https:\/\/dfvcg-events.de\/tw-summit\/wp-json\/wp\/v2\/pages\/3573\/revisions"}],"predecessor-version":[{"id":5778,"href":"https:\/\/dfvcg-events.de\/tw-summit\/wp-json\/wp\/v2\/pages\/3573\/revisions\/5778"}],"wp:attachment":[{"href":"https:\/\/dfvcg-events.de\/tw-summit\/wp-json\/wp\/v2\/media?parent=3573"}],"curies":[{"name":"wp","href":"https:\/\/api.w.org\/{rel}","templated":true}]}}