{"id":240,"date":"2020-03-20T00:18:11","date_gmt":"2020-03-19T23:18:11","guid":{"rendered":"https:\/\/dfvcg-events.de\/sustainable-fashion-summit\/?page_id=240"},"modified":"2022-01-25T17:41:28","modified_gmt":"2022-01-25T16:41:28","slug":"programm-2021","status":"publish","type":"page","link":"https:\/\/dfvcg-events.de\/sustainability-day\/programm-2021\/","title":{"rendered":"Programm 2021"},"content":{"rendered":"<div id='av_section_1'  class='avia-section av-k7yuhjt1-676f3ed4420f2c40c202d201fc1a3016 main_color avia-section-default avia-no-border-styling  avia-builder-el-0  el_before_av_textblock  avia-builder-el-first  header-farbe avia-bg-style-scroll container_wrap fullsize'  ><div class='container av-section-cont-open' ><main  role=\"main\" itemprop=\"mainContentOfPage\"  class='template-page content  av-content-full alpha units'><div class='post-entry post-entry-type-page post-entry-240'><div class='entry-content-wrapper clearfix'>\n\n<style type=\"text\/css\" data-created_by=\"avia_inline_auto\" id=\"style-css-av-knepa8x9-44aedfc3ae1e2cb4bb4560c5311574a8\">\n#top .av-special-heading.av-knepa8x9-44aedfc3ae1e2cb4bb4560c5311574a8{\npadding-bottom:0;\n}\nbody .av-special-heading.av-knepa8x9-44aedfc3ae1e2cb4bb4560c5311574a8 .av-special-heading-tag .heading-char{\nfont-size:25px;\n}\n.av-special-heading.av-knepa8x9-44aedfc3ae1e2cb4bb4560c5311574a8 .av-subheading{\nfont-size:19px;\n}\n<\/style>\n<div  class='av-special-heading av-knepa8x9-44aedfc3ae1e2cb4bb4560c5311574a8 av-special-heading-h1 blockquote modern-quote  avia-builder-el-1  avia-builder-el-no-sibling '><div class='av-subheading av-subheading_above'><p>Sustainable Fashion Summit<\/p>\n<\/div><h1 class='av-special-heading-tag '  itemprop=\"headline\"  >Programm<\/h1><div class=\"special-heading-border\"><div class=\"special-heading-inner-border\"><\/div><\/div><\/div>\n<\/div><\/div><\/main><!-- close content main element --><\/div><\/div><div id='after_section_1'  class='main_color av_default_container_wrap container_wrap fullsize'  ><div class='container av-section-cont-open' ><div class='template-page content  av-content-full alpha units'><div class='post-entry post-entry-type-page post-entry-240'><div class='entry-content-wrapper clearfix'><section  class='av_textblock_section av-knep8si3-19dd2164a5e8ea5be2b7c6b15a624e5e '   itemscope=\"itemscope\" itemtype=\"https:\/\/schema.org\/CreativeWork\" ><div class='avia_textblock'  itemprop=\"text\" ><p>F\u00fcr viele Modemarken ist es l\u00e4ngst selbstverst\u00e4ndlich geworden, ihre Produkte mit dem Argument \u201enachhaltig\u201c zu bewerben. Und nicht wenige in der Fashion-Branche sind der Ansicht, dass Nachhaltigkeit l\u00e4ngst vom Nischen-Thema zum New Normal geworden ist. Die einen sehen darin eine Folge von Corona, die anderen die Antwort auf ein ver\u00e4ndertes Konsumentenverhalten, andere wiederum einen Trend, der sehr stark von der Jugend befeuert wird, die mehr denn je auf gesunde Ern\u00e4hrung achtet und die Herkunft ihrer Bekleidung hinterfragt.<\/p>\n<p>Wie auch immer man es erkl\u00e4ren mag: Das neue Bewusstsein ver\u00e4ndert die ganze Modebranche. Neue, nachhaltige Labels und Store-Konzepte, die Trend und Umweltbewusstsein ganz selbstverst\u00e4ndlich verbinden, entstehen, w\u00e4hrend sich etablierte Spezialisten zunehmend der Mode zuwenden. Textile und technische Innovationen machen Produkte und Produktion umweltschonender und damit h\u00e4ufig auch wirtschaftlicher. Etablierte Gesch\u00e4ftsmodelle ver\u00e4ndern sich, neue Gesch\u00e4ftsmodelle entstehen. Und die Kreislaufwirtschaft nimmt langsam aber sicher Geschwindigkeit auf.<\/p>\n<p>Der Sustainable Fashion Summit 2021 gibt an zwei Tagen einen \u00dcberblick \u00fcber diese vielf\u00e4ltige und dynamische Marktentwicklung \u2013 und die vielen Chancen, die sich daraus f\u00fcr Modeanbieter ergeben.<\/p>\n<p><strong>Freuen Sie sich auf folgende Themen:<\/strong><\/p>\n<ul>\n<li><strong>Konsumenten:<\/strong> Die Bedeutung von Nachhaltigkeit beim Modekonsum. Und mit welchen Argumenten Kunden f\u00fcr nachhaltige Mode zu begeistern sind.<\/li>\n<li><strong>Kommunikation:<\/strong> Ehrlich \u2013 oder Greenwashing? Worauf es bei der Nachhaltigkeitskommunikation ankommt. Beispiele aus Mode, Sport und Beauty.<\/li>\n<li><strong>Nach dem Lockdown \u2013 umdenken, neu lenken:<\/strong> Neue Umsatzchancen mit Altware, Restanten und recycelter Ware. Wie Reseller-Plattformen arbeiten.<\/li>\n<li><strong>Innovationen:<\/strong> Trends und Grenzen bei nachhaltigen Textilien. Wie die Kreislaufwirtschaft funktioniert.<\/li>\n<li><strong>Gestatten, CSR-Manager<\/strong>: So arbeiten junge Sustainability-Verantwortliche in der Fashion-Branche.<\/li>\n<\/ul>\n<\/div><\/section><\/p>\n\n<style type=\"text\/css\" data-created_by=\"avia_inline_auto\" id=\"style-css-av-koctpf86-27cc961f14897eec05b163d5919d6255\">\n#top .av-special-heading.av-koctpf86-27cc961f14897eec05b163d5919d6255{\npadding-bottom:10px;\n}\nbody .av-special-heading.av-koctpf86-27cc961f14897eec05b163d5919d6255 .av-special-heading-tag .heading-char{\nfont-size:25px;\n}\n.av-special-heading.av-koctpf86-27cc961f14897eec05b163d5919d6255 .av-subheading{\nfont-size:15px;\n}\n<\/style>\n<div  class='av-special-heading av-koctpf86-27cc961f14897eec05b163d5919d6255 av-special-heading-h2 blockquote modern-quote  avia-builder-el-3  el_after_av_textblock  el_before_av_table '><h2 class='av-special-heading-tag '  itemprop=\"headline\"  >Tag 1<\/h2><div class=\"special-heading-border\"><div class=\"special-heading-inner-border\"><\/div><\/div><\/div>\n<div class='avia-data-table-wrap av-9insx4-0d32577fe2fd7b247df57f1c2715177b avia_responsive_table avia-table-1'><table  id=\"programm-tabelle\"  class='avia-table avia-data-table avia_pricing_default  avia-builder-el-4  el_after_av_heading  el_before_av_heading  programm-tabelle'  itemscope=\"itemscope\" itemtype=\"https:\/\/schema.org\/Table\" ><tbody><tr class=''><th class='avia-desc-col'>10.30<\/th><td class=''><strong> Begr\u00fc\u00dfung und Moderation <\/strong><\/td><td class=''>Ulrike Wollenschl\u00e4ger, Chefin vom Dienst, TextilWirtschaft<\/td><\/tr><tr class=''><th class='avia-desc-col'>10.45<\/th><td class=''><strong> Vortrag und Talk <\/strong><br \/>\nRadical &amp; Natural<br \/>\nDie gr\u00fcnen 20er<br \/>\n<\/td><td class=''>Andrea Sibylle Ebinger, CEO, hessnatur, im Gespr\u00e4ch mit<br \/>\nAnja Probe, Redakteurin, TextilWirtschaft<\/td><\/tr><tr class=''><th class='avia-desc-col'>11.15<\/th><td class=''><strong> Vortrag und Talk <\/strong><br \/>\nHow to close the sustainability attitude-behavior gap<br \/>\nin fashion (Vortrag in englischer Sprache)<br \/>\n<\/td><td class=''>Kate Heiny, Director Sustainability, Zalando, im Gespr\u00e4ch mit<br \/>\nUlrike Wollenschl\u00e4ger, TextilWirtschaft<\/td><\/tr><tr class=''><th class='avia-desc-col'>11.45<\/th><td class=''><strong> Talk <\/strong><br \/>\nNachhaltigkeit: Vom Mega-Trend zum Must.<br \/>\nAber was wollen die Kunden?<\/td><td class=''>Dr. Ulla Ertelt, Gesch\u00e4ftsf\u00fchrerin, HML-Modemarketing<br \/>\nDr. Meike Gebhard, Gesch\u00e4ftsf\u00fchrerin, Utopia<br \/>\nNicoline W\u00f6hrle, Global Head of Communications, WALA\/Dr. Hauschka<br \/>\nModeration: Kirsten Reinhold, Redakteurin, TextilWirtschaft<br \/>\n<\/td><\/tr><tr class=''><th class='avia-desc-col'>12.15<\/th><td class=''><strong> Vortrag <\/strong><br \/>\nGREEN IS THE NEW BLACK<br \/>\nNachhaltigkeitskommunikation, die Regeln bricht.<\/td><td class=''>Sebastian Kemmler, Gesch\u00e4ftsf\u00fchrer, KEMMLER KEMMLER<\/td><\/tr><tr class=''><th class='avia-desc-col'>12.45<\/th><td class=''><strong> \u2022 BREAK \u2022 <\/strong><br \/>\n<\/td><td class=''><\/td><\/tr><tr class=''><th class='avia-desc-col'>14.00<\/th><td class=''><strong>Vortrag und Talk <\/strong><br \/>\nBreaking barriers, maximizing impact \u2013 partnerships for sustainable change<\/td><td class=''>Hendrik Heuermann, Sustainability Manager, H&amp;M Germany<br \/>\nAlexandra Drissner, Country Manager Germany &amp; Austria, Sellpy<br \/>\nHanna Hallin, Global Sustainability Manager, Treadler<\/td><\/tr><tr class=''><th class='avia-desc-col'>14.30<\/th><td class=''><strong> Vortrag und Talk <\/strong><br \/>\nCyclon \u2013 wie die Schweizer Laufsportmarkt On<br \/>\nden Kreislauf schlie\u00dft<br \/>\n<\/td><td class=''>Viviane Gut, Head of Sustainability, On, im Gespr\u00e4ch mit<br \/>\nUlrike Wollenschl\u00e4ger, TextilWirtschaft<\/td><\/tr><tr class=''><th class='avia-desc-col'>15.00<\/th><td class=''><strong> Vortrag und Talk <\/strong><br \/>\nNachhaltigkeit als Philosophie<br \/>\nVereinbarkeit von Fashion und Nachhaltigkeit<br \/>\nentlang der Wertsch\u00f6pfungskette<br \/>\n<\/td><td class=''>Adrian Mathias Knezovic, Executive Board Member, FTC Cashmere, im Gespr\u00e4ch mit Anja Probe, TextilWirtschaft<\/td><\/tr><tr class=''><th class='avia-desc-col'>15.30<\/th><td class=''><strong> Vortrag <\/strong><br \/>\nFashion for future &#8211; Klimaneutralit\u00e4t in der Textil- und Bekleidungswirtschaft<br \/>\n<\/td><td class=''>Stephan Heyna, Team Lead Account Management SMCG, ClimatePartner<\/td><\/tr><tr class=''><th class='avia-desc-col'>16.00<\/th><td class=''><strong> Kurze Zusammenfassung und Ende von Tag 1 <\/strong><\/td><td class=''><\/td><\/tr><\/tbody><\/table><\/div><style type='text\/css'>.avia-table-1 td:nth-of-type(1):before { content: '10.30'; } <\/style>\n\n<style type=\"text\/css\" data-created_by=\"avia_inline_auto\" id=\"style-css-av-koctpf86-21d6bfa058454cdea83be92b18a48b6f\">\n#top .av-special-heading.av-koctpf86-21d6bfa058454cdea83be92b18a48b6f{\npadding-bottom:10px;\n}\nbody .av-special-heading.av-koctpf86-21d6bfa058454cdea83be92b18a48b6f .av-special-heading-tag .heading-char{\nfont-size:25px;\n}\n.av-special-heading.av-koctpf86-21d6bfa058454cdea83be92b18a48b6f .av-subheading{\nfont-size:15px;\n}\n<\/style>\n<div  class='av-special-heading av-koctpf86-21d6bfa058454cdea83be92b18a48b6f av-special-heading-h2 blockquote modern-quote  avia-builder-el-5  el_after_av_table  el_before_av_table '><h2 class='av-special-heading-tag '  itemprop=\"headline\"  >Tag 2<\/h2><div class=\"special-heading-border\"><div class=\"special-heading-inner-border\"><\/div><\/div><\/div>\n<div class='avia-data-table-wrap av-9insx4-0d32577fe2fd7b247df57f1c2715177b avia_responsive_table avia-table-2'><table  id=\"programm-tabelle\"  class='avia-table avia-data-table avia_pricing_default  avia-builder-el-6  el_after_av_heading  avia-builder-el-last  programm-tabelle'  itemscope=\"itemscope\" itemtype=\"https:\/\/schema.org\/Table\" ><tbody><tr class=''><th class='avia-desc-col'>10.30<\/th><td class=''><strong> Begr\u00fc\u00dfung und Moderation <\/strong><\/td><td class=''>Ulrike Wollenschl\u00e4ger, Chefin vom Dienst, TextilWirtschaft<\/td><\/tr><tr class=''><th class='avia-desc-col'>10.45<\/th><td class=''><strong> Keynote <\/strong><br \/>\nWirtschaft neu denken \u2013 Zukunft gestalten!<br \/>\n<\/td><td class=''>Prof. Dr.-Ing. habil. Maike Rabe, Hochschule Niederrhein<\/td><\/tr><tr class=''><th class='avia-desc-col'>11.15<\/th><td class=''><strong> Vortrag und Talk <\/strong><br \/>\n&#8222;Changing the paradigm for a more sustainable textile supply chain&#8220;<br \/>\n(in englischer Sprache)<\/td><td class=''>Andrew Morgan, Head of Sustainability, Coats, im Gespr\u00e4ch mit<br \/>\nSebastian Schwarz, TexilWirtschaft<\/td><\/tr><tr class=''><th class='avia-desc-col'>11.45<\/th><td class=''><strong> Vortrag und Talk <\/strong><br \/>\nNachhaltig \u2013 r\u00fcckverfolgbar \u2013 bioabbaubar:<br \/>\nClaim vs. Realit\u00e4t<br \/>\n<\/td><td class=''>Dr. Timo Hammer, CEO, Hohenstein Laboratories, im Gespr\u00e4ch mit<br \/>\nUlrike Wollenschl\u00e4ger, TextilWirtschaft<\/td><\/tr><tr class=''><th class='avia-desc-col'>12.15<\/th><td class=''><strong> Talk <\/strong><br \/>\nVerantwortung als Beruf: Aufgaben, Herausforderungen<br \/>\nund berufliche Chancen im CSR-Management<br \/>\n<\/td><td class=''>Julian Aisslinger, Manager Corporate Sustainability, Marc O&#8217;Polo<br \/>\nStephanie Essack, Head of Marketing &amp; Projektmanagerin CSR,<br \/>\nGustav Ramelow<br \/>\nModeration: Kirsten Reinhold, TextilWirtschaft<\/td><\/tr><tr class=''><th class='avia-desc-col'>13.00<\/th><td class=''><strong> \u2022 BREAK \u2022 <\/strong><br \/>\n<\/td><td class=''><\/td><\/tr><tr class=''><th class='avia-desc-col'>14.00<\/th><td class=''><strong> Vortrag <\/strong><br \/>\nEin Gespr\u00e4ch \u00fcber Verantwortung und Transparenz:<br \/>\nOEKO-TEX und MEY<br \/>\n<\/td><td class=''>Georg Dieners, Generalsekret\u00e4r, OEKO-TEX<br \/>\nFlorian Mey, Managing Partner, Mey<\/td><\/tr><tr class=''><th class='avia-desc-col'>14.30<\/th><td class=''><strong> Talk <\/strong><br \/>\nSchwerpunkt Kreislaufwirtschaft<br \/>\nMode ist M\u00fcll<br \/>\nLet\u2019s reinvent the wheel!<br \/>\n<\/td><td class=''>Martin H\u00f6feler, CEO, ARMEDANGELS, im Gespr\u00e4ch mit Kirsten Reinhold, TextilWirtschaft<\/td><\/tr><tr class=''><th class='avia-desc-col'>15.00<\/th><td class=''><strong> Vortrag und Talk <\/strong><br \/>\nThe Future of Denim &#8211;<br \/>\nHow cooperation leads to a sustainable product<\/td><td class=''>Simon Giuliani, Global Marketing Director, Candiani<br \/>\nUwe Kippschnieder, Denim Developer, Closed<br \/>\n<\/td><\/tr><tr class=''><th class='avia-desc-col'>15.30<\/th><td class=''><strong> Kurze Zusammenfassung und Ende von Tag 2 <\/strong><\/td><td class=''><\/td><\/tr><\/tbody><\/table><\/div><style type='text\/css'>.avia-table-2 td:nth-of-type(1):before { content: '10.30'; } <\/style>\n","protected":false},"excerpt":{"rendered":"","protected":false},"author":1,"featured_media":0,"parent":0,"menu_order":0,"comment_status":"closed","ping_status":"closed","template":"","meta":{"footnotes":""},"class_list":["post-240","page","type-page","status-publish","hentry"],"yoast_head":"<!-- This site is optimized with the Yoast SEO plugin v27.3 - https:\/\/yoast.com\/product\/yoast-seo-wordpress\/ -->\n<title>Programm 2021 | TextilWirtschaft Sustainability Day<\/title>\n<meta name=\"description\" content=\"Als Teilnehmer des Sustainable Fashion Summit erwarten Sie die wichtigsten Themen, Innovationen und Highlights der Branche. Hier geht es zum Programm!\" \/>\n<meta name=\"robots\" content=\"index, follow, max-snippet:-1, max-image-preview:large, max-video-preview:-1\" \/>\n<link rel=\"canonical\" href=\"https:\/\/dfvcg-events.de\/sustainability-day\/programm-2021\/\" \/>\n<meta property=\"og:locale\" content=\"de_DE\" \/>\n<meta property=\"og:type\" content=\"article\" \/>\n<meta property=\"og:title\" content=\"Programm 2021 | TextilWirtschaft Sustainability Day\" \/>\n<meta property=\"og:description\" content=\"Als Teilnehmer des Sustainable Fashion Summit erwarten Sie die wichtigsten Themen, Innovationen und Highlights der Branche. Hier geht es zum Programm!\" \/>\n<meta property=\"og:url\" content=\"https:\/\/dfvcg-events.de\/sustainability-day\/programm-2021\/\" \/>\n<meta property=\"og:site_name\" content=\"TextilWirtschaft Sustainability Day\" \/>\n<meta property=\"article:modified_time\" content=\"2022-01-25T16:41:28+00:00\" \/>\n<meta property=\"og:image\" content=\"https:\/\/dfvcg-events.de\/sustainability-day\/wp-content\/uploads\/sites\/33\/2025\/06\/dfvcg-TW-SS25-Teaser-800x400-1.png\" \/>\n\t<meta property=\"og:image:width\" content=\"800\" \/>\n\t<meta property=\"og:image:height\" content=\"400\" \/>\n\t<meta property=\"og:image:type\" content=\"image\/png\" \/>\n<meta name=\"twitter:card\" content=\"summary_large_image\" \/>\n<meta name=\"twitter:label1\" content=\"Gesch\u00e4tzte Lesezeit\" \/>\n\t<meta name=\"twitter:data1\" content=\"5\u00a0Minuten\" \/>\n<script type=\"application\/ld+json\" class=\"yoast-schema-graph\">{\"@context\":\"https:\\\/\\\/schema.org\",\"@graph\":[{\"@type\":\"WebPage\",\"@id\":\"https:\\\/\\\/dfvcg-events.de\\\/sustainability-day\\\/programm-2021\\\/\",\"url\":\"https:\\\/\\\/dfvcg-events.de\\\/sustainability-day\\\/programm-2021\\\/\",\"name\":\"Programm 2021 | TextilWirtschaft Sustainability Day\",\"isPartOf\":{\"@id\":\"https:\\\/\\\/dfvcg-events.de\\\/sustainability-day\\\/#website\"},\"datePublished\":\"2020-03-19T23:18:11+00:00\",\"dateModified\":\"2022-01-25T16:41:28+00:00\",\"description\":\"Als Teilnehmer des Sustainable Fashion Summit erwarten Sie die wichtigsten Themen, Innovationen und Highlights der Branche. Hier geht es zum Programm!\",\"breadcrumb\":{\"@id\":\"https:\\\/\\\/dfvcg-events.de\\\/sustainability-day\\\/programm-2021\\\/#breadcrumb\"},\"inLanguage\":\"de\",\"potentialAction\":[{\"@type\":\"ReadAction\",\"target\":[\"https:\\\/\\\/dfvcg-events.de\\\/sustainability-day\\\/programm-2021\\\/\"]}]},{\"@type\":\"BreadcrumbList\",\"@id\":\"https:\\\/\\\/dfvcg-events.de\\\/sustainability-day\\\/programm-2021\\\/#breadcrumb\",\"itemListElement\":[{\"@type\":\"ListItem\",\"position\":1,\"name\":\"Startseite\",\"item\":\"https:\\\/\\\/dfvcg-events.de\\\/sustainability-day\\\/\"},{\"@type\":\"ListItem\",\"position\":2,\"name\":\"Programm 2021\"}]},{\"@type\":\"WebSite\",\"@id\":\"https:\\\/\\\/dfvcg-events.de\\\/sustainability-day\\\/#website\",\"url\":\"https:\\\/\\\/dfvcg-events.de\\\/sustainability-day\\\/\",\"name\":\"TW Sustainability Summit 2025\",\"description\":\"Der Nachhaltigkeitskongress f\u00fcr die Fashion-Branche\",\"publisher\":{\"@id\":\"https:\\\/\\\/dfvcg-events.de\\\/sustainability-day\\\/#organization\"},\"alternateName\":\"dfv Conference Group | TextilWirtschaft\",\"potentialAction\":[{\"@type\":\"SearchAction\",\"target\":{\"@type\":\"EntryPoint\",\"urlTemplate\":\"https:\\\/\\\/dfvcg-events.de\\\/sustainability-day\\\/?s={search_term_string}\"},\"query-input\":{\"@type\":\"PropertyValueSpecification\",\"valueRequired\":true,\"valueName\":\"search_term_string\"}}],\"inLanguage\":\"de\"},{\"@type\":\"Organization\",\"@id\":\"https:\\\/\\\/dfvcg-events.de\\\/sustainability-day\\\/#organization\",\"name\":\"TW Sustainability Summit 2025\",\"alternateName\":\"dfv Conference Group | TextilWirtschaft\",\"url\":\"https:\\\/\\\/dfvcg-events.de\\\/sustainability-day\\\/\",\"logo\":{\"@type\":\"ImageObject\",\"inLanguage\":\"de\",\"@id\":\"https:\\\/\\\/dfvcg-events.de\\\/sustainability-day\\\/#\\\/schema\\\/logo\\\/image\\\/\",\"url\":\"https:\\\/\\\/dfvcg-events.de\\\/sustainability-summit\\\/wp-content\\\/uploads\\\/sites\\\/33\\\/2025\\\/06\\\/dfvcg-TW-SS25-Teaser-800x800-1.png\",\"contentUrl\":\"https:\\\/\\\/dfvcg-events.de\\\/sustainability-summit\\\/wp-content\\\/uploads\\\/sites\\\/33\\\/2025\\\/06\\\/dfvcg-TW-SS25-Teaser-800x800-1.png\",\"width\":800,\"height\":800,\"caption\":\"TW Sustainability Summit 2025\"},\"image\":{\"@id\":\"https:\\\/\\\/dfvcg-events.de\\\/sustainability-day\\\/#\\\/schema\\\/logo\\\/image\\\/\"}}]}<\/script>\n<!-- \/ Yoast SEO plugin. -->","yoast_head_json":{"title":"Programm 2021 | TextilWirtschaft Sustainability Day","description":"Als Teilnehmer des Sustainable Fashion Summit erwarten Sie die wichtigsten Themen, Innovationen und Highlights der Branche. Hier geht es zum Programm!","robots":{"index":"index","follow":"follow","max-snippet":"max-snippet:-1","max-image-preview":"max-image-preview:large","max-video-preview":"max-video-preview:-1"},"canonical":"https:\/\/dfvcg-events.de\/sustainability-day\/programm-2021\/","og_locale":"de_DE","og_type":"article","og_title":"Programm 2021 | TextilWirtschaft Sustainability Day","og_description":"Als Teilnehmer des Sustainable Fashion Summit erwarten Sie die wichtigsten Themen, Innovationen und Highlights der Branche. Hier geht es zum Programm!","og_url":"https:\/\/dfvcg-events.de\/sustainability-day\/programm-2021\/","og_site_name":"TextilWirtschaft Sustainability Day","article_modified_time":"2022-01-25T16:41:28+00:00","og_image":[{"width":800,"height":400,"url":"https:\/\/dfvcg-events.de\/sustainability-day\/wp-content\/uploads\/sites\/33\/2025\/06\/dfvcg-TW-SS25-Teaser-800x400-1.png","type":"image\/png"}],"twitter_card":"summary_large_image","twitter_misc":{"Gesch\u00e4tzte Lesezeit":"5\u00a0Minuten"},"schema":{"@context":"https:\/\/schema.org","@graph":[{"@type":"WebPage","@id":"https:\/\/dfvcg-events.de\/sustainability-day\/programm-2021\/","url":"https:\/\/dfvcg-events.de\/sustainability-day\/programm-2021\/","name":"Programm 2021 | TextilWirtschaft Sustainability Day","isPartOf":{"@id":"https:\/\/dfvcg-events.de\/sustainability-day\/#website"},"datePublished":"2020-03-19T23:18:11+00:00","dateModified":"2022-01-25T16:41:28+00:00","description":"Als Teilnehmer des Sustainable Fashion Summit erwarten Sie die wichtigsten Themen, Innovationen und Highlights der Branche. Hier geht es zum Programm!","breadcrumb":{"@id":"https:\/\/dfvcg-events.de\/sustainability-day\/programm-2021\/#breadcrumb"},"inLanguage":"de","potentialAction":[{"@type":"ReadAction","target":["https:\/\/dfvcg-events.de\/sustainability-day\/programm-2021\/"]}]},{"@type":"BreadcrumbList","@id":"https:\/\/dfvcg-events.de\/sustainability-day\/programm-2021\/#breadcrumb","itemListElement":[{"@type":"ListItem","position":1,"name":"Startseite","item":"https:\/\/dfvcg-events.de\/sustainability-day\/"},{"@type":"ListItem","position":2,"name":"Programm 2021"}]},{"@type":"WebSite","@id":"https:\/\/dfvcg-events.de\/sustainability-day\/#website","url":"https:\/\/dfvcg-events.de\/sustainability-day\/","name":"TW Sustainability Summit 2025","description":"Der Nachhaltigkeitskongress f\u00fcr die Fashion-Branche","publisher":{"@id":"https:\/\/dfvcg-events.de\/sustainability-day\/#organization"},"alternateName":"dfv Conference Group | TextilWirtschaft","potentialAction":[{"@type":"SearchAction","target":{"@type":"EntryPoint","urlTemplate":"https:\/\/dfvcg-events.de\/sustainability-day\/?s={search_term_string}"},"query-input":{"@type":"PropertyValueSpecification","valueRequired":true,"valueName":"search_term_string"}}],"inLanguage":"de"},{"@type":"Organization","@id":"https:\/\/dfvcg-events.de\/sustainability-day\/#organization","name":"TW Sustainability Summit 2025","alternateName":"dfv Conference Group | TextilWirtschaft","url":"https:\/\/dfvcg-events.de\/sustainability-day\/","logo":{"@type":"ImageObject","inLanguage":"de","@id":"https:\/\/dfvcg-events.de\/sustainability-day\/#\/schema\/logo\/image\/","url":"https:\/\/dfvcg-events.de\/sustainability-summit\/wp-content\/uploads\/sites\/33\/2025\/06\/dfvcg-TW-SS25-Teaser-800x800-1.png","contentUrl":"https:\/\/dfvcg-events.de\/sustainability-summit\/wp-content\/uploads\/sites\/33\/2025\/06\/dfvcg-TW-SS25-Teaser-800x800-1.png","width":800,"height":800,"caption":"TW Sustainability Summit 2025"},"image":{"@id":"https:\/\/dfvcg-events.de\/sustainability-day\/#\/schema\/logo\/image\/"}}]}},"_links":{"self":[{"href":"https:\/\/dfvcg-events.de\/sustainability-day\/wp-json\/wp\/v2\/pages\/240","targetHints":{"allow":["GET"]}}],"collection":[{"href":"https:\/\/dfvcg-events.de\/sustainability-day\/wp-json\/wp\/v2\/pages"}],"about":[{"href":"https:\/\/dfvcg-events.de\/sustainability-day\/wp-json\/wp\/v2\/types\/page"}],"author":[{"embeddable":true,"href":"https:\/\/dfvcg-events.de\/sustainability-day\/wp-json\/wp\/v2\/users\/1"}],"replies":[{"embeddable":true,"href":"https:\/\/dfvcg-events.de\/sustainability-day\/wp-json\/wp\/v2\/comments?post=240"}],"version-history":[{"count":0,"href":"https:\/\/dfvcg-events.de\/sustainability-day\/wp-json\/wp\/v2\/pages\/240\/revisions"}],"wp:attachment":[{"href":"https:\/\/dfvcg-events.de\/sustainability-day\/wp-json\/wp\/v2\/media?parent=240"}],"curies":[{"name":"wp","href":"https:\/\/api.w.org\/{rel}","templated":true}]}}