{"id":3850,"date":"2023-10-24T10:19:03","date_gmt":"2023-10-24T08:19:03","guid":{"rendered":"https:\/\/dfvcg-events.de\/smart-city\/?post_type=portfolio&#038;p=3850"},"modified":"2023-10-24T10:19:03","modified_gmt":"2023-10-24T08:19:03","slug":"heiko-achilles","status":"publish","type":"portfolio","link":"https:\/\/dfvcg-events.de\/smart-city\/vortragend\/heiko-achilles\/","title":{"rendered":"Heiko Achilles"},"content":{"rendered":"\n<style type=\"text\/css\" data-created_by=\"avia_inline_auto\" id=\"style-css-av-1hpil-9666fe4db9abbb55e16afcaa46b74565\">\n.flex_column.av-1hpil-9666fe4db9abbb55e16afcaa46b74565{\nborder-radius:0px 0px 0px 0px;\npadding:0px 0px 0px 0px;\n}\n<\/style>\n<div  class='flex_column av-1hpil-9666fe4db9abbb55e16afcaa46b74565 av_one_third  avia-builder-el-0  el_before_av_two_third  avia-builder-el-first  first flex_column_div av-zero-column-padding  '     ><style type=\"text\/css\" data-created_by=\"avia_inline_auto\" id=\"style-css-av-k7z57foz-e5e08cd4e26bcd9c84d0ca01f9b1fadf\">\n.avia-image-container.av-k7z57foz-e5e08cd4e26bcd9c84d0ca01f9b1fadf img.avia_image{\nbox-shadow:none;\n}\n.avia-image-container.av-k7z57foz-e5e08cd4e26bcd9c84d0ca01f9b1fadf .av-image-caption-overlay-center{\ncolor:#ffffff;\n}\n<\/style>\n<div  class='avia-image-container av-k7z57foz-e5e08cd4e26bcd9c84d0ca01f9b1fadf av-styling-no-styling avia-align-center  avia-builder-el-1  avia-builder-el-no-sibling '   itemprop=\"image\" itemscope=\"itemscope\" itemtype=\"https:\/\/schema.org\/ImageObject\" ><div class=\"avia-image-container-inner\"><div class=\"avia-image-overlay-wrap\"><img decoding=\"async\" fetchpriority=\"high\" class='wp-image-3851 avia-img-lazy-loading-not-3851 avia_image ' src=\"https:\/\/dfvcg-events.de\/smart-city\/wp-content\/uploads\/sites\/25\/2023\/10\/Achilles-Heiko-Achilles-Partner.jpg\" alt='Achilles Heiko-Achilles + Partner' title='Achilles Heiko-Achilles + Partner'  height=\"800\" width=\"600\"  itemprop=\"thumbnailUrl\"  \/><\/div><\/div><\/div><\/div>\n<style type=\"text\/css\" data-created_by=\"avia_inline_auto\" id=\"style-css-av-q939-36bd9e2970eba44b209398e6adaba9f5\">\n.flex_column.av-q939-36bd9e2970eba44b209398e6adaba9f5{\nborder-radius:0px 0px 0px 0px;\npadding:0px 0px 0px 0px;\n}\n<\/style>\n<div  class='flex_column av-q939-36bd9e2970eba44b209398e6adaba9f5 av_two_third  avia-builder-el-2  el_after_av_one_third  avia-builder-el-last  flex_column_div av-zero-column-padding  '     ><p>\n<style type=\"text\/css\" data-created_by=\"avia_inline_auto\" id=\"style-css-av-knufqmcq-d7c0e16acdeebeda19d663e1235c0251\">\n#top .av-special-heading.av-knufqmcq-d7c0e16acdeebeda19d663e1235c0251{\npadding-bottom:10px;\n}\nbody .av-special-heading.av-knufqmcq-d7c0e16acdeebeda19d663e1235c0251 .av-special-heading-tag .heading-char{\nfont-size:25px;\n}\n.av-special-heading.av-knufqmcq-d7c0e16acdeebeda19d663e1235c0251 .av-subheading{\nfont-size:19px;\n}\n<\/style>\n<div  class='av-special-heading av-knufqmcq-d7c0e16acdeebeda19d663e1235c0251 av-special-heading-h2 blockquote modern-quote  avia-builder-el-3  el_before_av_textblock  avia-builder-el-first '><h2 class='av-special-heading-tag '  itemprop=\"headline\"  >Heiko Achilles<\/h2><div class='av-subheading av-subheading_below'><p>Gesch\u00e4ftsf\u00fchrender Gesellschafter<br \/>\nAchilles Real Estate Development<\/p>\n<\/div><div class=\"special-heading-border\"><div class=\"special-heading-inner-border\"><\/div><\/div><\/div><br \/>\n<section  class='av_textblock_section av-1wmwpp-e635252e91253a90d4d27ff600fab7f1 '   itemscope=\"itemscope\" itemtype=\"https:\/\/schema.org\/CreativeWork\" ><div class='avia_textblock'  itemprop=\"text\" ><p>Heiko Achilles ist Projektentwickler, Architekt und Stadtplaner, derzeit Gesch\u00e4ftsf\u00fchrer der Achilles Real Estate Development GmbH, Frankfurt am Main, die sich auf die Konzipierung, Planung und Entwicklung innovativer st\u00e4dtebaulicher Projekte sowie Strategieberatung f\u00fcr Immobilieninvestoren konzentriert. Zuvor arbeitete er in Deutschland, Brasilien und den Vereinigten Arabischen Emiraten in langj\u00e4hrigen projekt- und unternehmensleitenden F\u00fchrungspositionen, u.a. f\u00fcr TishmanSpeyer, Hines, Dubai Holding. Achilles hat Architektur an der Technischen Hochschule Darmstadt studiert, an der Universit\u00e4t f\u00fcr Angewandte Kunst in Wien sowie Urban Design and Real Estate Development an der Harvard University, Cambridge (USA).<\/p>\n<\/div><\/section><\/p><\/div><\/p>\n","protected":false},"excerpt":{"rendered":"<p>Achilles Real Estate Development<\/p>\n","protected":false},"author":25,"featured_media":3851,"comment_status":"closed","ping_status":"closed","template":"","meta":{"footnotes":""},"tags":[],"portfolio_entries":[93],"class_list":["post-3850","portfolio","type-portfolio","status-publish","has-post-thumbnail","hentry","portfolio_entries-vortragend-2023"],"yoast_head":"<!-- This site is optimized with the Yoast SEO plugin v27.4 - https:\/\/yoast.com\/product\/yoast-seo-wordpress\/ -->\n<title>Referent: Heiko Achilles - SMART CITY Conference<\/title>\n<meta name=\"description\" content=\"SMART CITY Conference | Begr\u00fc\u00dfen Sie auf der B\u00fchne: Heiko Achilles\" \/>\n<meta name=\"robots\" content=\"index, follow, max-snippet:-1, max-image-preview:large, max-video-preview:-1\" \/>\n<link rel=\"canonical\" href=\"https:\/\/dfvcg-events.de\/smart-city\/vortragend\/heiko-achilles\/\" \/>\n<meta property=\"og:locale\" content=\"de_DE\" \/>\n<meta property=\"og:type\" content=\"article\" \/>\n<meta property=\"og:title\" content=\"Referent: Heiko Achilles - SMART CITY Conference\" \/>\n<meta property=\"og:description\" content=\"SMART CITY Conference | Begr\u00fc\u00dfen Sie auf der B\u00fchne: Heiko Achilles\" \/>\n<meta property=\"og:url\" content=\"https:\/\/dfvcg-events.de\/smart-city\/vortragend\/heiko-achilles\/\" \/>\n<meta property=\"og:site_name\" content=\"SMART CITY Conference\" \/>\n<meta property=\"og:image\" content=\"https:\/\/dfvcg-events.de\/smart-city\/wp-content\/uploads\/sites\/25\/2023\/10\/Achilles-Heiko-Achilles-Partner.jpg\" \/>\n\t<meta property=\"og:image:width\" content=\"600\" \/>\n\t<meta property=\"og:image:height\" content=\"800\" \/>\n\t<meta property=\"og:image:type\" content=\"image\/jpeg\" \/>\n<meta name=\"twitter:card\" content=\"summary_large_image\" \/>\n<meta name=\"twitter:label1\" content=\"Gesch\u00e4tzte Lesezeit\" \/>\n\t<meta name=\"twitter:data1\" content=\"3\u00a0Minuten\" \/>\n<script type=\"application\/ld+json\" class=\"yoast-schema-graph\">{\"@context\":\"https:\\\/\\\/schema.org\",\"@graph\":[{\"@type\":\"WebPage\",\"@id\":\"https:\\\/\\\/dfvcg-events.de\\\/smart-city\\\/vortragend\\\/heiko-achilles\\\/\",\"url\":\"https:\\\/\\\/dfvcg-events.de\\\/smart-city\\\/vortragend\\\/heiko-achilles\\\/\",\"name\":\"Referent: Heiko Achilles - SMART CITY Conference\",\"isPartOf\":{\"@id\":\"https:\\\/\\\/dfvcg-events.de\\\/smart-city\\\/#website\"},\"primaryImageOfPage\":{\"@id\":\"https:\\\/\\\/dfvcg-events.de\\\/smart-city\\\/vortragend\\\/heiko-achilles\\\/#primaryimage\"},\"image\":{\"@id\":\"https:\\\/\\\/dfvcg-events.de\\\/smart-city\\\/vortragend\\\/heiko-achilles\\\/#primaryimage\"},\"thumbnailUrl\":\"https:\\\/\\\/dfvcg-events.de\\\/smart-city\\\/wp-content\\\/uploads\\\/sites\\\/25\\\/2023\\\/10\\\/Achilles-Heiko-Achilles-Partner.jpg\",\"datePublished\":\"2023-10-24T08:19:03+00:00\",\"description\":\"SMART CITY Conference | Begr\u00fc\u00dfen Sie auf der B\u00fchne: Heiko Achilles\",\"breadcrumb\":{\"@id\":\"https:\\\/\\\/dfvcg-events.de\\\/smart-city\\\/vortragend\\\/heiko-achilles\\\/#breadcrumb\"},\"inLanguage\":\"de\",\"potentialAction\":[{\"@type\":\"ReadAction\",\"target\":[\"https:\\\/\\\/dfvcg-events.de\\\/smart-city\\\/vortragend\\\/heiko-achilles\\\/\"]}]},{\"@type\":\"ImageObject\",\"inLanguage\":\"de\",\"@id\":\"https:\\\/\\\/dfvcg-events.de\\\/smart-city\\\/vortragend\\\/heiko-achilles\\\/#primaryimage\",\"url\":\"https:\\\/\\\/dfvcg-events.de\\\/smart-city\\\/wp-content\\\/uploads\\\/sites\\\/25\\\/2023\\\/10\\\/Achilles-Heiko-Achilles-Partner.jpg\",\"contentUrl\":\"https:\\\/\\\/dfvcg-events.de\\\/smart-city\\\/wp-content\\\/uploads\\\/sites\\\/25\\\/2023\\\/10\\\/Achilles-Heiko-Achilles-Partner.jpg\",\"width\":600,\"height\":800,\"caption\":\"Achilles Heiko-Achilles + Partner\"},{\"@type\":\"BreadcrumbList\",\"@id\":\"https:\\\/\\\/dfvcg-events.de\\\/smart-city\\\/vortragend\\\/heiko-achilles\\\/#breadcrumb\",\"itemListElement\":[{\"@type\":\"ListItem\",\"position\":1,\"name\":\"Startseite\",\"item\":\"https:\\\/\\\/dfvcg-events.de\\\/smart-city\\\/\"},{\"@type\":\"ListItem\",\"position\":2,\"name\":\"Heiko Achilles\"}]},{\"@type\":\"WebSite\",\"@id\":\"https:\\\/\\\/dfvcg-events.de\\\/smart-city\\\/#website\",\"url\":\"https:\\\/\\\/dfvcg-events.de\\\/smart-city\\\/\",\"name\":\"SMART CITY Conference\",\"description\":\"\",\"potentialAction\":[{\"@type\":\"SearchAction\",\"target\":{\"@type\":\"EntryPoint\",\"urlTemplate\":\"https:\\\/\\\/dfvcg-events.de\\\/smart-city\\\/?s={search_term_string}\"},\"query-input\":{\"@type\":\"PropertyValueSpecification\",\"valueRequired\":true,\"valueName\":\"search_term_string\"}}],\"inLanguage\":\"de\"}]}<\/script>\n<!-- \/ Yoast SEO plugin. -->","yoast_head_json":{"title":"Referent: Heiko Achilles - SMART CITY Conference","description":"SMART CITY Conference | Begr\u00fc\u00dfen Sie auf der B\u00fchne: Heiko Achilles","robots":{"index":"index","follow":"follow","max-snippet":"max-snippet:-1","max-image-preview":"max-image-preview:large","max-video-preview":"max-video-preview:-1"},"canonical":"https:\/\/dfvcg-events.de\/smart-city\/vortragend\/heiko-achilles\/","og_locale":"de_DE","og_type":"article","og_title":"Referent: Heiko Achilles - SMART CITY Conference","og_description":"SMART CITY Conference | Begr\u00fc\u00dfen Sie auf der B\u00fchne: Heiko Achilles","og_url":"https:\/\/dfvcg-events.de\/smart-city\/vortragend\/heiko-achilles\/","og_site_name":"SMART CITY Conference","og_image":[{"width":600,"height":800,"url":"https:\/\/dfvcg-events.de\/smart-city\/wp-content\/uploads\/sites\/25\/2023\/10\/Achilles-Heiko-Achilles-Partner.jpg","type":"image\/jpeg"}],"twitter_card":"summary_large_image","twitter_misc":{"Gesch\u00e4tzte Lesezeit":"3\u00a0Minuten"},"schema":{"@context":"https:\/\/schema.org","@graph":[{"@type":"WebPage","@id":"https:\/\/dfvcg-events.de\/smart-city\/vortragend\/heiko-achilles\/","url":"https:\/\/dfvcg-events.de\/smart-city\/vortragend\/heiko-achilles\/","name":"Referent: Heiko Achilles - SMART CITY Conference","isPartOf":{"@id":"https:\/\/dfvcg-events.de\/smart-city\/#website"},"primaryImageOfPage":{"@id":"https:\/\/dfvcg-events.de\/smart-city\/vortragend\/heiko-achilles\/#primaryimage"},"image":{"@id":"https:\/\/dfvcg-events.de\/smart-city\/vortragend\/heiko-achilles\/#primaryimage"},"thumbnailUrl":"https:\/\/dfvcg-events.de\/smart-city\/wp-content\/uploads\/sites\/25\/2023\/10\/Achilles-Heiko-Achilles-Partner.jpg","datePublished":"2023-10-24T08:19:03+00:00","description":"SMART CITY Conference | Begr\u00fc\u00dfen Sie auf der B\u00fchne: Heiko Achilles","breadcrumb":{"@id":"https:\/\/dfvcg-events.de\/smart-city\/vortragend\/heiko-achilles\/#breadcrumb"},"inLanguage":"de","potentialAction":[{"@type":"ReadAction","target":["https:\/\/dfvcg-events.de\/smart-city\/vortragend\/heiko-achilles\/"]}]},{"@type":"ImageObject","inLanguage":"de","@id":"https:\/\/dfvcg-events.de\/smart-city\/vortragend\/heiko-achilles\/#primaryimage","url":"https:\/\/dfvcg-events.de\/smart-city\/wp-content\/uploads\/sites\/25\/2023\/10\/Achilles-Heiko-Achilles-Partner.jpg","contentUrl":"https:\/\/dfvcg-events.de\/smart-city\/wp-content\/uploads\/sites\/25\/2023\/10\/Achilles-Heiko-Achilles-Partner.jpg","width":600,"height":800,"caption":"Achilles Heiko-Achilles + Partner"},{"@type":"BreadcrumbList","@id":"https:\/\/dfvcg-events.de\/smart-city\/vortragend\/heiko-achilles\/#breadcrumb","itemListElement":[{"@type":"ListItem","position":1,"name":"Startseite","item":"https:\/\/dfvcg-events.de\/smart-city\/"},{"@type":"ListItem","position":2,"name":"Heiko Achilles"}]},{"@type":"WebSite","@id":"https:\/\/dfvcg-events.de\/smart-city\/#website","url":"https:\/\/dfvcg-events.de\/smart-city\/","name":"SMART CITY Conference","description":"","potentialAction":[{"@type":"SearchAction","target":{"@type":"EntryPoint","urlTemplate":"https:\/\/dfvcg-events.de\/smart-city\/?s={search_term_string}"},"query-input":{"@type":"PropertyValueSpecification","valueRequired":true,"valueName":"search_term_string"}}],"inLanguage":"de"}]}},"_links":{"self":[{"href":"https:\/\/dfvcg-events.de\/smart-city\/wp-json\/wp\/v2\/portfolio\/3850","targetHints":{"allow":["GET"]}}],"collection":[{"href":"https:\/\/dfvcg-events.de\/smart-city\/wp-json\/wp\/v2\/portfolio"}],"about":[{"href":"https:\/\/dfvcg-events.de\/smart-city\/wp-json\/wp\/v2\/types\/portfolio"}],"author":[{"embeddable":true,"href":"https:\/\/dfvcg-events.de\/smart-city\/wp-json\/wp\/v2\/users\/25"}],"replies":[{"embeddable":true,"href":"https:\/\/dfvcg-events.de\/smart-city\/wp-json\/wp\/v2\/comments?post=3850"}],"version-history":[{"count":0,"href":"https:\/\/dfvcg-events.de\/smart-city\/wp-json\/wp\/v2\/portfolio\/3850\/revisions"}],"wp:featuredmedia":[{"embeddable":true,"href":"https:\/\/dfvcg-events.de\/smart-city\/wp-json\/wp\/v2\/media\/3851"}],"wp:attachment":[{"href":"https:\/\/dfvcg-events.de\/smart-city\/wp-json\/wp\/v2\/media?parent=3850"}],"wp:term":[{"taxonomy":"post_tag","embeddable":true,"href":"https:\/\/dfvcg-events.de\/smart-city\/wp-json\/wp\/v2\/tags?post=3850"},{"taxonomy":"portfolio_entries","embeddable":true,"href":"https:\/\/dfvcg-events.de\/smart-city\/wp-json\/wp\/v2\/portfolio_entries?post=3850"}],"curies":[{"name":"wp","href":"https:\/\/api.w.org\/{rel}","templated":true}]}}

<style type="text/css" data-created_by="avia_inline_auto" id="style-css-av-1hpil-9666fe4db9abbb55e16afcaa46b74565">
.flex_column.av-1hpil-9666fe4db9abbb55e16afcaa46b74565{
border-radius:0px 0px 0px 0px;
padding:0px 0px 0px 0px;
}
</style>
<div  class='flex_column av-1hpil-9666fe4db9abbb55e16afcaa46b74565 av_one_third  avia-builder-el-0  el_before_av_two_third  avia-builder-el-first  first flex_column_div av-zero-column-padding  '     ><style type="text/css" data-created_by="avia_inline_auto" id="style-css-av-k7z57foz-e5e08cd4e26bcd9c84d0ca01f9b1fadf">
.avia-image-container.av-k7z57foz-e5e08cd4e26bcd9c84d0ca01f9b1fadf img.avia_image{
box-shadow:none;
}
.avia-image-container.av-k7z57foz-e5e08cd4e26bcd9c84d0ca01f9b1fadf .av-image-caption-overlay-center{
color:#ffffff;
}
</style>
<div  class='avia-image-container av-k7z57foz-e5e08cd4e26bcd9c84d0ca01f9b1fadf av-styling-no-styling avia-align-center  avia-builder-el-1  avia-builder-el-no-sibling '   itemprop="image" itemscope="itemscope" itemtype="https://schema.org/ImageObject" ><div class="avia-image-container-inner"><div class="avia-image-overlay-wrap"><img decoding="async" fetchpriority="high" class='wp-image-3851 avia-img-lazy-loading-not-3851 avia_image ' src="https://dfvcg-events.de/smart-city/wp-content/uploads/sites/25/2023/10/Achilles-Heiko-Achilles-Partner.jpg" alt='Achilles Heiko-Achilles + Partner' title='Achilles Heiko-Achilles + Partner'  height="800" width="600"  itemprop="thumbnailUrl"  /></div></div></div></div>
<style type="text/css" data-created_by="avia_inline_auto" id="style-css-av-q939-36bd9e2970eba44b209398e6adaba9f5">
.flex_column.av-q939-36bd9e2970eba44b209398e6adaba9f5{
border-radius:0px 0px 0px 0px;
padding:0px 0px 0px 0px;
}
</style>
<div  class='flex_column av-q939-36bd9e2970eba44b209398e6adaba9f5 av_two_third  avia-builder-el-2  el_after_av_one_third  avia-builder-el-last  flex_column_div av-zero-column-padding  '     ><p>
<style type="text/css" data-created_by="avia_inline_auto" id="style-css-av-knufqmcq-d7c0e16acdeebeda19d663e1235c0251">
#top .av-special-heading.av-knufqmcq-d7c0e16acdeebeda19d663e1235c0251{
padding-bottom:10px;
}
body .av-special-heading.av-knufqmcq-d7c0e16acdeebeda19d663e1235c0251 .av-special-heading-tag .heading-char{
font-size:25px;
}
.av-special-heading.av-knufqmcq-d7c0e16acdeebeda19d663e1235c0251 .av-subheading{
font-size:19px;
}
</style>
<div  class='av-special-heading av-knufqmcq-d7c0e16acdeebeda19d663e1235c0251 av-special-heading-h2 blockquote modern-quote  avia-builder-el-3  el_before_av_textblock  avia-builder-el-first '><h2 class='av-special-heading-tag '  itemprop="headline"  >Heiko Achilles</h2><div class='av-subheading av-subheading_below'><p>Geschäftsführender Gesellschafter<br />
Achilles Real Estate Development</p>
</div><div class="special-heading-border"><div class="special-heading-inner-border"></div></div></div><br />
<section  class='av_textblock_section av-1wmwpp-e635252e91253a90d4d27ff600fab7f1 '   itemscope="itemscope" itemtype="https://schema.org/CreativeWork" ><div class='avia_textblock'  itemprop="text" ><p>Heiko Achilles ist Projektentwickler, Architekt und Stadtplaner, derzeit Geschäftsführer der Achilles Real Estate Development GmbH, Frankfurt am Main, die sich auf die Konzipierung, Planung und Entwicklung innovativer städtebaulicher Projekte sowie Strategieberatung für Immobilieninvestoren konzentriert. Zuvor arbeitete er in Deutschland, Brasilien und den Vereinigten Arabischen Emiraten in langjährigen projekt- und unternehmensleitenden Führungspositionen, u.a. für TishmanSpeyer, Hines, Dubai Holding. Achilles hat Architektur an der Technischen Hochschule Darmstadt studiert, an der Universität für Angewandte Kunst in Wien sowie Urban Design and Real Estate Development an der Harvard University, Cambridge (USA).</p>
</div></section></p></div></p>

<!-- This site is optimized with the Yoast SEO plugin v27.4 - https://yoast.com/product/yoast-seo-wordpress/ -->
<title>Referent: Heiko Achilles - SMART CITY Conference</title>
<meta name="description" content="SMART CITY Conference | Begrüßen Sie auf der Bühne: Heiko Achilles" />
<meta name="robots" content="index, follow, max-snippet:-1, max-image-preview:large, max-video-preview:-1" />
<link rel="canonical" href="https://dfvcg-events.de/smart-city/vortragend/heiko-achilles/" />
<meta property="og:locale" content="de_DE" />
<meta property="og:type" content="article" />
<meta property="og:title" content="Referent: Heiko Achilles - SMART CITY Conference" />
<meta property="og:description" content="SMART CITY Conference | Begrüßen Sie auf der Bühne: Heiko Achilles" />
<meta property="og:url" content="https://dfvcg-events.de/smart-city/vortragend/heiko-achilles/" />
<meta property="og:site_name" content="SMART CITY Conference" />
<meta property="og:image" content="https://dfvcg-events.de/smart-city/wp-content/uploads/sites/25/2023/10/Achilles-Heiko-Achilles-Partner.jpg" />
	<meta property="og:image:width" content="600" />
	<meta property="og:image:height" content="800" />
	<meta property="og:image:type" content="image/jpeg" />
<meta name="twitter:card" content="summary_large_image" />
<meta name="twitter:label1" content="Geschätzte Lesezeit" />
	<meta name="twitter:data1" content="3 Minuten" />
<script type="application/ld+json" class="yoast-schema-graph">{"@context":"https:\/\/schema.org","@graph":[{"@type":"WebPage","@id":"https:\/\/dfvcg-events.de\/smart-city\/vortragend\/heiko-achilles\/","url":"https:\/\/dfvcg-events.de\/smart-city\/vortragend\/heiko-achilles\/","name":"Referent: Heiko Achilles - SMART CITY Conference","isPartOf":{"@id":"https:\/\/dfvcg-events.de\/smart-city\/#website"},"primaryImageOfPage":{"@id":"https:\/\/dfvcg-events.de\/smart-city\/vortragend\/heiko-achilles\/#primaryimage"},"image":{"@id":"https:\/\/dfvcg-events.de\/smart-city\/vortragend\/heiko-achilles\/#primaryimage"},"thumbnailUrl":"https:\/\/dfvcg-events.de\/smart-city\/wp-content\/uploads\/sites\/25\/2023\/10\/Achilles-Heiko-Achilles-Partner.jpg","datePublished":"2023-10-24T08:19:03+00:00","description":"SMART CITY Conference | Begrüßen Sie auf der Bühne: Heiko Achilles","breadcrumb":{"@id":"https:\/\/dfvcg-events.de\/smart-city\/vortragend\/heiko-achilles\/#breadcrumb"},"inLanguage":"de","potentialAction":[{"@type":"ReadAction","target":["https:\/\/dfvcg-events.de\/smart-city\/vortragend\/heiko-achilles\/"]}]},{"@type":"ImageObject","inLanguage":"de","@id":"https:\/\/dfvcg-events.de\/smart-city\/vortragend\/heiko-achilles\/#primaryimage","url":"https:\/\/dfvcg-events.de\/smart-city\/wp-content\/uploads\/sites\/25\/2023\/10\/Achilles-Heiko-Achilles-Partner.jpg","contentUrl":"https:\/\/dfvcg-events.de\/smart-city\/wp-content\/uploads\/sites\/25\/2023\/10\/Achilles-Heiko-Achilles-Partner.jpg","width":600,"height":800,"caption":"Achilles Heiko-Achilles + Partner"},{"@type":"BreadcrumbList","@id":"https:\/\/dfvcg-events.de\/smart-city\/vortragend\/heiko-achilles\/#breadcrumb","itemListElement":[{"@type":"ListItem","position":1,"name":"Startseite","item":"https:\/\/dfvcg-events.de\/smart-city\/"},{"@type":"ListItem","position":2,"name":"Heiko Achilles"}]},{"@type":"WebSite","@id":"https:\/\/dfvcg-events.de\/smart-city\/#website","url":"https:\/\/dfvcg-events.de\/smart-city\/","name":"SMART CITY Conference","description":"","potentialAction":[{"@type":"SearchAction","target":{"@type":"EntryPoint","urlTemplate":"https:\/\/dfvcg-events.de\/smart-city\/?s={search_term_string}"},"query-input":{"@type":"PropertyValueSpecification","valueRequired":true,"valueName":"search_term_string"}}],"inLanguage":"de"}]}</script>
<!-- / Yoast SEO plugin. -->

SMART CITY Conference | Begrüßen Sie auf der Bühne: Heiko Achilles
