{"id":2730,"date":"2022-10-10T12:30:41","date_gmt":"2022-10-10T10:30:41","guid":{"rendered":"https:\/\/dfvcg-events.de\/smart-city\/?post_type=portfolio&#038;p=2730"},"modified":"2023-10-09T16:47:30","modified_gmt":"2023-10-09T14:47:30","slug":"achim-gebhardt","status":"publish","type":"portfolio","link":"https:\/\/dfvcg-events.de\/smart-city\/vortragend\/achim-gebhardt\/","title":{"rendered":"Achim Gebhardt"},"content":{"rendered":"\n<style type=\"text\/css\" data-created_by=\"avia_inline_auto\" id=\"style-css-av-1hpil-9666fe4db9abbb55e16afcaa46b74565\">\n.flex_column.av-1hpil-9666fe4db9abbb55e16afcaa46b74565{\nborder-radius:0px 0px 0px 0px;\npadding:0px 0px 0px 0px;\n}\n<\/style>\n<div  class='flex_column av-1hpil-9666fe4db9abbb55e16afcaa46b74565 av_one_third  avia-builder-el-0  el_before_av_two_third  avia-builder-el-first  first flex_column_div av-zero-column-padding  '     ><style type=\"text\/css\" data-created_by=\"avia_inline_auto\" id=\"style-css-av-k7z57foz-a9cb10e82cce31bdae0ed57e2d29e004\">\n.avia-image-container.av-k7z57foz-a9cb10e82cce31bdae0ed57e2d29e004 img.avia_image{\nbox-shadow:none;\n}\n.avia-image-container.av-k7z57foz-a9cb10e82cce31bdae0ed57e2d29e004 .av-image-caption-overlay-center{\ncolor:#ffffff;\n}\n<\/style>\n<div  class='avia-image-container av-k7z57foz-a9cb10e82cce31bdae0ed57e2d29e004 av-styling-no-styling avia-align-center  avia-builder-el-1  avia-builder-el-no-sibling '   itemprop=\"image\" itemscope=\"itemscope\" itemtype=\"https:\/\/schema.org\/ImageObject\" ><div class=\"avia-image-container-inner\"><div class=\"avia-image-overlay-wrap\"><img decoding=\"async\" fetchpriority=\"high\" class='wp-image-2731 avia-img-lazy-loading-not-2731 avia_image ' src=\"https:\/\/dfvcg-events.de\/smart-city\/wp-content\/uploads\/sites\/25\/2022\/10\/Achim-Gebhardt_web.jpg\" alt='' title='Achim Gebhardt_web'  height=\"800\" width=\"600\"  itemprop=\"thumbnailUrl\"  \/><\/div><\/div><\/div><\/div>\n\n<style type=\"text\/css\" data-created_by=\"avia_inline_auto\" id=\"style-css-av-q939-36bd9e2970eba44b209398e6adaba9f5\">\n.flex_column.av-q939-36bd9e2970eba44b209398e6adaba9f5{\nborder-radius:0px 0px 0px 0px;\npadding:0px 0px 0px 0px;\n}\n<\/style>\n<div  class='flex_column av-q939-36bd9e2970eba44b209398e6adaba9f5 av_two_third  avia-builder-el-2  el_after_av_one_third  avia-builder-el-last  flex_column_div av-zero-column-padding  '     ><p>\n<style type=\"text\/css\" data-created_by=\"avia_inline_auto\" id=\"style-css-av-knufqmcq-8ebee650d523abed6de7b9cbc9541e3c\">\n#top .av-special-heading.av-knufqmcq-8ebee650d523abed6de7b9cbc9541e3c{\npadding-bottom:10px;\n}\nbody .av-special-heading.av-knufqmcq-8ebee650d523abed6de7b9cbc9541e3c .av-special-heading-tag .heading-char{\nfont-size:25px;\n}\n.av-special-heading.av-knufqmcq-8ebee650d523abed6de7b9cbc9541e3c .av-subheading{\nfont-size:19px;\n}\n<\/style>\n<div  class='av-special-heading av-knufqmcq-8ebee650d523abed6de7b9cbc9541e3c av-special-heading-h2 blockquote modern-quote  avia-builder-el-3  el_before_av_textblock  avia-builder-el-first '><h2 class='av-special-heading-tag '  itemprop=\"headline\"  >Achim Gebhardt <\/h2><div class='av-subheading av-subheading_below'><p>Partner CIMA Beratung + Management GmbH<br \/>\nLeiter cima.digital<\/p>\n<\/div><div class=\"special-heading-border\"><div class=\"special-heading-inner-border\"><\/div><\/div><\/div><br \/>\n<section  class='av_textblock_section av-34nwdo-fb77d5752ace0e56d0a8df1a669f5c45 '   itemscope=\"itemscope\" itemtype=\"https:\/\/schema.org\/CreativeWork\" ><div class='avia_textblock'  itemprop=\"text\" ><p>Achim Gebhardt ber\u00e4t als Partner der CIMA Beratung + Management GmbH und als Leiter von cima.digital seit \u00fcber 20 Jahren St\u00e4dte und Gemeinden bei Fragen der kooperativen Stadtentwicklung, der \u00f6konomischen und digitalen Transformation sowie bei organisationsstrategischen Fragestellungen. An der Schnittstelle zwischen Privatwirtschaft, B\u00fcrgerschaft und st\u00e4dtischen Entscheidungsorganen entwickelt er Fach- und Umsetzungskonzepte f\u00fcr zukunftsf\u00e4hige, nachhaltige und wirtschaftlich erfolgreiche kommunale und regionale \u00d6ko-Systeme.<\/p>\n<\/div><\/section><\/p><\/div>\n","protected":false},"excerpt":{"rendered":"<p>Leiter cima.digital<\/p>\n","protected":false},"author":25,"featured_media":2731,"comment_status":"closed","ping_status":"closed","template":"","meta":{"footnotes":""},"tags":[],"portfolio_entries":[41,93],"class_list":["post-2730","portfolio","type-portfolio","status-publish","has-post-thumbnail","hentry","portfolio_entries-vortragend-2022","portfolio_entries-vortragend-2023"],"yoast_head":"<!-- This site is optimized with the Yoast SEO plugin v27.4 - https:\/\/yoast.com\/product\/yoast-seo-wordpress\/ -->\n<title>Referent: Achim Gebhardt - SMART CITY Conference<\/title>\n<meta name=\"description\" content=\"SMART CITY Conference | Begr\u00fc\u00dfen Sie auf der B\u00fchne: Achim Gebhardt\" \/>\n<meta name=\"robots\" content=\"index, follow, max-snippet:-1, max-image-preview:large, max-video-preview:-1\" \/>\n<link rel=\"canonical\" href=\"https:\/\/dfvcg-events.de\/smart-city\/vortragend\/achim-gebhardt\/\" \/>\n<meta property=\"og:locale\" content=\"de_DE\" \/>\n<meta property=\"og:type\" content=\"article\" \/>\n<meta property=\"og:title\" content=\"Referent: Achim Gebhardt - SMART CITY Conference\" \/>\n<meta property=\"og:description\" content=\"SMART CITY Conference | Begr\u00fc\u00dfen Sie auf der B\u00fchne: Achim Gebhardt\" \/>\n<meta property=\"og:url\" content=\"https:\/\/dfvcg-events.de\/smart-city\/vortragend\/achim-gebhardt\/\" \/>\n<meta property=\"og:site_name\" content=\"SMART CITY Conference\" \/>\n<meta property=\"article:modified_time\" content=\"2023-10-09T14:47:30+00:00\" \/>\n<meta property=\"og:image\" content=\"https:\/\/dfvcg-events.de\/smart-city\/wp-content\/uploads\/sites\/25\/2022\/10\/Achim-Gebhardt_web.jpg\" \/>\n\t<meta property=\"og:image:width\" content=\"600\" \/>\n\t<meta property=\"og:image:height\" content=\"800\" \/>\n\t<meta property=\"og:image:type\" content=\"image\/jpeg\" \/>\n<meta name=\"twitter:card\" content=\"summary_large_image\" \/>\n<meta name=\"twitter:label1\" content=\"Gesch\u00e4tzte Lesezeit\" \/>\n\t<meta name=\"twitter:data1\" content=\"3\u00a0Minuten\" \/>\n<script type=\"application\/ld+json\" class=\"yoast-schema-graph\">{\"@context\":\"https:\\\/\\\/schema.org\",\"@graph\":[{\"@type\":\"WebPage\",\"@id\":\"https:\\\/\\\/dfvcg-events.de\\\/smart-city\\\/vortragend\\\/achim-gebhardt\\\/\",\"url\":\"https:\\\/\\\/dfvcg-events.de\\\/smart-city\\\/vortragend\\\/achim-gebhardt\\\/\",\"name\":\"Referent: Achim Gebhardt - SMART CITY Conference\",\"isPartOf\":{\"@id\":\"https:\\\/\\\/dfvcg-events.de\\\/smart-city\\\/#website\"},\"primaryImageOfPage\":{\"@id\":\"https:\\\/\\\/dfvcg-events.de\\\/smart-city\\\/vortragend\\\/achim-gebhardt\\\/#primaryimage\"},\"image\":{\"@id\":\"https:\\\/\\\/dfvcg-events.de\\\/smart-city\\\/vortragend\\\/achim-gebhardt\\\/#primaryimage\"},\"thumbnailUrl\":\"https:\\\/\\\/dfvcg-events.de\\\/smart-city\\\/wp-content\\\/uploads\\\/sites\\\/25\\\/2022\\\/10\\\/Achim-Gebhardt_web.jpg\",\"datePublished\":\"2022-10-10T10:30:41+00:00\",\"dateModified\":\"2023-10-09T14:47:30+00:00\",\"description\":\"SMART CITY Conference | Begr\u00fc\u00dfen Sie auf der B\u00fchne: Achim Gebhardt\",\"breadcrumb\":{\"@id\":\"https:\\\/\\\/dfvcg-events.de\\\/smart-city\\\/vortragend\\\/achim-gebhardt\\\/#breadcrumb\"},\"inLanguage\":\"de\",\"potentialAction\":[{\"@type\":\"ReadAction\",\"target\":[\"https:\\\/\\\/dfvcg-events.de\\\/smart-city\\\/vortragend\\\/achim-gebhardt\\\/\"]}]},{\"@type\":\"ImageObject\",\"inLanguage\":\"de\",\"@id\":\"https:\\\/\\\/dfvcg-events.de\\\/smart-city\\\/vortragend\\\/achim-gebhardt\\\/#primaryimage\",\"url\":\"https:\\\/\\\/dfvcg-events.de\\\/smart-city\\\/wp-content\\\/uploads\\\/sites\\\/25\\\/2022\\\/10\\\/Achim-Gebhardt_web.jpg\",\"contentUrl\":\"https:\\\/\\\/dfvcg-events.de\\\/smart-city\\\/wp-content\\\/uploads\\\/sites\\\/25\\\/2022\\\/10\\\/Achim-Gebhardt_web.jpg\",\"width\":600,\"height\":800},{\"@type\":\"BreadcrumbList\",\"@id\":\"https:\\\/\\\/dfvcg-events.de\\\/smart-city\\\/vortragend\\\/achim-gebhardt\\\/#breadcrumb\",\"itemListElement\":[{\"@type\":\"ListItem\",\"position\":1,\"name\":\"Startseite\",\"item\":\"https:\\\/\\\/dfvcg-events.de\\\/smart-city\\\/\"},{\"@type\":\"ListItem\",\"position\":2,\"name\":\"Achim Gebhardt\"}]},{\"@type\":\"WebSite\",\"@id\":\"https:\\\/\\\/dfvcg-events.de\\\/smart-city\\\/#website\",\"url\":\"https:\\\/\\\/dfvcg-events.de\\\/smart-city\\\/\",\"name\":\"SMART CITY Conference\",\"description\":\"\",\"potentialAction\":[{\"@type\":\"SearchAction\",\"target\":{\"@type\":\"EntryPoint\",\"urlTemplate\":\"https:\\\/\\\/dfvcg-events.de\\\/smart-city\\\/?s={search_term_string}\"},\"query-input\":{\"@type\":\"PropertyValueSpecification\",\"valueRequired\":true,\"valueName\":\"search_term_string\"}}],\"inLanguage\":\"de\"}]}<\/script>\n<!-- \/ Yoast SEO plugin. -->","yoast_head_json":{"title":"Referent: Achim Gebhardt - SMART CITY Conference","description":"SMART CITY Conference | Begr\u00fc\u00dfen Sie auf der B\u00fchne: Achim Gebhardt","robots":{"index":"index","follow":"follow","max-snippet":"max-snippet:-1","max-image-preview":"max-image-preview:large","max-video-preview":"max-video-preview:-1"},"canonical":"https:\/\/dfvcg-events.de\/smart-city\/vortragend\/achim-gebhardt\/","og_locale":"de_DE","og_type":"article","og_title":"Referent: Achim Gebhardt - SMART CITY Conference","og_description":"SMART CITY Conference | Begr\u00fc\u00dfen Sie auf der B\u00fchne: Achim Gebhardt","og_url":"https:\/\/dfvcg-events.de\/smart-city\/vortragend\/achim-gebhardt\/","og_site_name":"SMART CITY Conference","article_modified_time":"2023-10-09T14:47:30+00:00","og_image":[{"width":600,"height":800,"url":"https:\/\/dfvcg-events.de\/smart-city\/wp-content\/uploads\/sites\/25\/2022\/10\/Achim-Gebhardt_web.jpg","type":"image\/jpeg"}],"twitter_card":"summary_large_image","twitter_misc":{"Gesch\u00e4tzte Lesezeit":"3\u00a0Minuten"},"schema":{"@context":"https:\/\/schema.org","@graph":[{"@type":"WebPage","@id":"https:\/\/dfvcg-events.de\/smart-city\/vortragend\/achim-gebhardt\/","url":"https:\/\/dfvcg-events.de\/smart-city\/vortragend\/achim-gebhardt\/","name":"Referent: Achim Gebhardt - SMART CITY Conference","isPartOf":{"@id":"https:\/\/dfvcg-events.de\/smart-city\/#website"},"primaryImageOfPage":{"@id":"https:\/\/dfvcg-events.de\/smart-city\/vortragend\/achim-gebhardt\/#primaryimage"},"image":{"@id":"https:\/\/dfvcg-events.de\/smart-city\/vortragend\/achim-gebhardt\/#primaryimage"},"thumbnailUrl":"https:\/\/dfvcg-events.de\/smart-city\/wp-content\/uploads\/sites\/25\/2022\/10\/Achim-Gebhardt_web.jpg","datePublished":"2022-10-10T10:30:41+00:00","dateModified":"2023-10-09T14:47:30+00:00","description":"SMART CITY Conference | Begr\u00fc\u00dfen Sie auf der B\u00fchne: Achim Gebhardt","breadcrumb":{"@id":"https:\/\/dfvcg-events.de\/smart-city\/vortragend\/achim-gebhardt\/#breadcrumb"},"inLanguage":"de","potentialAction":[{"@type":"ReadAction","target":["https:\/\/dfvcg-events.de\/smart-city\/vortragend\/achim-gebhardt\/"]}]},{"@type":"ImageObject","inLanguage":"de","@id":"https:\/\/dfvcg-events.de\/smart-city\/vortragend\/achim-gebhardt\/#primaryimage","url":"https:\/\/dfvcg-events.de\/smart-city\/wp-content\/uploads\/sites\/25\/2022\/10\/Achim-Gebhardt_web.jpg","contentUrl":"https:\/\/dfvcg-events.de\/smart-city\/wp-content\/uploads\/sites\/25\/2022\/10\/Achim-Gebhardt_web.jpg","width":600,"height":800},{"@type":"BreadcrumbList","@id":"https:\/\/dfvcg-events.de\/smart-city\/vortragend\/achim-gebhardt\/#breadcrumb","itemListElement":[{"@type":"ListItem","position":1,"name":"Startseite","item":"https:\/\/dfvcg-events.de\/smart-city\/"},{"@type":"ListItem","position":2,"name":"Achim Gebhardt"}]},{"@type":"WebSite","@id":"https:\/\/dfvcg-events.de\/smart-city\/#website","url":"https:\/\/dfvcg-events.de\/smart-city\/","name":"SMART CITY Conference","description":"","potentialAction":[{"@type":"SearchAction","target":{"@type":"EntryPoint","urlTemplate":"https:\/\/dfvcg-events.de\/smart-city\/?s={search_term_string}"},"query-input":{"@type":"PropertyValueSpecification","valueRequired":true,"valueName":"search_term_string"}}],"inLanguage":"de"}]}},"_links":{"self":[{"href":"https:\/\/dfvcg-events.de\/smart-city\/wp-json\/wp\/v2\/portfolio\/2730","targetHints":{"allow":["GET"]}}],"collection":[{"href":"https:\/\/dfvcg-events.de\/smart-city\/wp-json\/wp\/v2\/portfolio"}],"about":[{"href":"https:\/\/dfvcg-events.de\/smart-city\/wp-json\/wp\/v2\/types\/portfolio"}],"author":[{"embeddable":true,"href":"https:\/\/dfvcg-events.de\/smart-city\/wp-json\/wp\/v2\/users\/25"}],"replies":[{"embeddable":true,"href":"https:\/\/dfvcg-events.de\/smart-city\/wp-json\/wp\/v2\/comments?post=2730"}],"version-history":[{"count":0,"href":"https:\/\/dfvcg-events.de\/smart-city\/wp-json\/wp\/v2\/portfolio\/2730\/revisions"}],"wp:featuredmedia":[{"embeddable":true,"href":"https:\/\/dfvcg-events.de\/smart-city\/wp-json\/wp\/v2\/media\/2731"}],"wp:attachment":[{"href":"https:\/\/dfvcg-events.de\/smart-city\/wp-json\/wp\/v2\/media?parent=2730"}],"wp:term":[{"taxonomy":"post_tag","embeddable":true,"href":"https:\/\/dfvcg-events.de\/smart-city\/wp-json\/wp\/v2\/tags?post=2730"},{"taxonomy":"portfolio_entries","embeddable":true,"href":"https:\/\/dfvcg-events.de\/smart-city\/wp-json\/wp\/v2\/portfolio_entries?post=2730"}],"curies":[{"name":"wp","href":"https:\/\/api.w.org\/{rel}","templated":true}]}}

<style type="text/css" data-created_by="avia_inline_auto" id="style-css-av-1hpil-9666fe4db9abbb55e16afcaa46b74565">
.flex_column.av-1hpil-9666fe4db9abbb55e16afcaa46b74565{
border-radius:0px 0px 0px 0px;
padding:0px 0px 0px 0px;
}
</style>
<div  class='flex_column av-1hpil-9666fe4db9abbb55e16afcaa46b74565 av_one_third  avia-builder-el-0  el_before_av_two_third  avia-builder-el-first  first flex_column_div av-zero-column-padding  '     ><style type="text/css" data-created_by="avia_inline_auto" id="style-css-av-k7z57foz-a9cb10e82cce31bdae0ed57e2d29e004">
.avia-image-container.av-k7z57foz-a9cb10e82cce31bdae0ed57e2d29e004 img.avia_image{
box-shadow:none;
}
.avia-image-container.av-k7z57foz-a9cb10e82cce31bdae0ed57e2d29e004 .av-image-caption-overlay-center{
color:#ffffff;
}
</style>
<div  class='avia-image-container av-k7z57foz-a9cb10e82cce31bdae0ed57e2d29e004 av-styling-no-styling avia-align-center  avia-builder-el-1  avia-builder-el-no-sibling '   itemprop="image" itemscope="itemscope" itemtype="https://schema.org/ImageObject" ><div class="avia-image-container-inner"><div class="avia-image-overlay-wrap"><img decoding="async" fetchpriority="high" class='wp-image-2731 avia-img-lazy-loading-not-2731 avia_image ' src="https://dfvcg-events.de/smart-city/wp-content/uploads/sites/25/2022/10/Achim-Gebhardt_web.jpg" alt='' title='Achim Gebhardt_web'  height="800" width="600"  itemprop="thumbnailUrl"  /></div></div></div></div>

<style type="text/css" data-created_by="avia_inline_auto" id="style-css-av-q939-36bd9e2970eba44b209398e6adaba9f5">
.flex_column.av-q939-36bd9e2970eba44b209398e6adaba9f5{
border-radius:0px 0px 0px 0px;
padding:0px 0px 0px 0px;
}
</style>
<div  class='flex_column av-q939-36bd9e2970eba44b209398e6adaba9f5 av_two_third  avia-builder-el-2  el_after_av_one_third  avia-builder-el-last  flex_column_div av-zero-column-padding  '     ><p>
<style type="text/css" data-created_by="avia_inline_auto" id="style-css-av-knufqmcq-8ebee650d523abed6de7b9cbc9541e3c">
#top .av-special-heading.av-knufqmcq-8ebee650d523abed6de7b9cbc9541e3c{
padding-bottom:10px;
}
body .av-special-heading.av-knufqmcq-8ebee650d523abed6de7b9cbc9541e3c .av-special-heading-tag .heading-char{
font-size:25px;
}
.av-special-heading.av-knufqmcq-8ebee650d523abed6de7b9cbc9541e3c .av-subheading{
font-size:19px;
}
</style>
<div  class='av-special-heading av-knufqmcq-8ebee650d523abed6de7b9cbc9541e3c av-special-heading-h2 blockquote modern-quote  avia-builder-el-3  el_before_av_textblock  avia-builder-el-first '><h2 class='av-special-heading-tag '  itemprop="headline"  >Achim Gebhardt </h2><div class='av-subheading av-subheading_below'><p>Partner CIMA Beratung + Management GmbH<br />
Leiter cima.digital</p>
</div><div class="special-heading-border"><div class="special-heading-inner-border"></div></div></div><br />
<section  class='av_textblock_section av-34nwdo-fb77d5752ace0e56d0a8df1a669f5c45 '   itemscope="itemscope" itemtype="https://schema.org/CreativeWork" ><div class='avia_textblock'  itemprop="text" ><p>Achim Gebhardt berät als Partner der CIMA Beratung + Management GmbH und als Leiter von cima.digital seit über 20 Jahren Städte und Gemeinden bei Fragen der kooperativen Stadtentwicklung, der ökonomischen und digitalen Transformation sowie bei organisationsstrategischen Fragestellungen. An der Schnittstelle zwischen Privatwirtschaft, Bürgerschaft und städtischen Entscheidungsorganen entwickelt er Fach- und Umsetzungskonzepte für zukunftsfähige, nachhaltige und wirtschaftlich erfolgreiche kommunale und regionale Öko-Systeme.</p>
</div></section></p></div>

<!-- This site is optimized with the Yoast SEO plugin v27.4 - https://yoast.com/product/yoast-seo-wordpress/ -->
<title>Referent: Achim Gebhardt - SMART CITY Conference</title>
<meta name="description" content="SMART CITY Conference | Begrüßen Sie auf der Bühne: Achim Gebhardt" />
<meta name="robots" content="index, follow, max-snippet:-1, max-image-preview:large, max-video-preview:-1" />
<link rel="canonical" href="https://dfvcg-events.de/smart-city/vortragend/achim-gebhardt/" />
<meta property="og:locale" content="de_DE" />
<meta property="og:type" content="article" />
<meta property="og:title" content="Referent: Achim Gebhardt - SMART CITY Conference" />
<meta property="og:description" content="SMART CITY Conference | Begrüßen Sie auf der Bühne: Achim Gebhardt" />
<meta property="og:url" content="https://dfvcg-events.de/smart-city/vortragend/achim-gebhardt/" />
<meta property="og:site_name" content="SMART CITY Conference" />
<meta property="article:modified_time" content="2023-10-09T14:47:30+00:00" />
<meta property="og:image" content="https://dfvcg-events.de/smart-city/wp-content/uploads/sites/25/2022/10/Achim-Gebhardt_web.jpg" />
	<meta property="og:image:width" content="600" />
	<meta property="og:image:height" content="800" />
	<meta property="og:image:type" content="image/jpeg" />
<meta name="twitter:card" content="summary_large_image" />
<meta name="twitter:label1" content="Geschätzte Lesezeit" />
	<meta name="twitter:data1" content="3 Minuten" />
<script type="application/ld+json" class="yoast-schema-graph">{"@context":"https:\/\/schema.org","@graph":[{"@type":"WebPage","@id":"https:\/\/dfvcg-events.de\/smart-city\/vortragend\/achim-gebhardt\/","url":"https:\/\/dfvcg-events.de\/smart-city\/vortragend\/achim-gebhardt\/","name":"Referent: Achim Gebhardt - SMART CITY Conference","isPartOf":{"@id":"https:\/\/dfvcg-events.de\/smart-city\/#website"},"primaryImageOfPage":{"@id":"https:\/\/dfvcg-events.de\/smart-city\/vortragend\/achim-gebhardt\/#primaryimage"},"image":{"@id":"https:\/\/dfvcg-events.de\/smart-city\/vortragend\/achim-gebhardt\/#primaryimage"},"thumbnailUrl":"https:\/\/dfvcg-events.de\/smart-city\/wp-content\/uploads\/sites\/25\/2022\/10\/Achim-Gebhardt_web.jpg","datePublished":"2022-10-10T10:30:41+00:00","dateModified":"2023-10-09T14:47:30+00:00","description":"SMART CITY Conference | Begrüßen Sie auf der Bühne: Achim Gebhardt","breadcrumb":{"@id":"https:\/\/dfvcg-events.de\/smart-city\/vortragend\/achim-gebhardt\/#breadcrumb"},"inLanguage":"de","potentialAction":[{"@type":"ReadAction","target":["https:\/\/dfvcg-events.de\/smart-city\/vortragend\/achim-gebhardt\/"]}]},{"@type":"ImageObject","inLanguage":"de","@id":"https:\/\/dfvcg-events.de\/smart-city\/vortragend\/achim-gebhardt\/#primaryimage","url":"https:\/\/dfvcg-events.de\/smart-city\/wp-content\/uploads\/sites\/25\/2022\/10\/Achim-Gebhardt_web.jpg","contentUrl":"https:\/\/dfvcg-events.de\/smart-city\/wp-content\/uploads\/sites\/25\/2022\/10\/Achim-Gebhardt_web.jpg","width":600,"height":800},{"@type":"BreadcrumbList","@id":"https:\/\/dfvcg-events.de\/smart-city\/vortragend\/achim-gebhardt\/#breadcrumb","itemListElement":[{"@type":"ListItem","position":1,"name":"Startseite","item":"https:\/\/dfvcg-events.de\/smart-city\/"},{"@type":"ListItem","position":2,"name":"Achim Gebhardt"}]},{"@type":"WebSite","@id":"https:\/\/dfvcg-events.de\/smart-city\/#website","url":"https:\/\/dfvcg-events.de\/smart-city\/","name":"SMART CITY Conference","description":"","potentialAction":[{"@type":"SearchAction","target":{"@type":"EntryPoint","urlTemplate":"https:\/\/dfvcg-events.de\/smart-city\/?s={search_term_string}"},"query-input":{"@type":"PropertyValueSpecification","valueRequired":true,"valueName":"search_term_string"}}],"inLanguage":"de"}]}</script>
<!-- / Yoast SEO plugin. -->

SMART CITY Conference | Begrüßen Sie auf der Bühne: Achim Gebhardt
