{"id":2230,"date":"2022-08-08T13:46:36","date_gmt":"2022-08-08T11:46:36","guid":{"rendered":"https:\/\/dfvcg-events.de\/smart-city\/?page_id=2230"},"modified":"2023-06-06T17:56:49","modified_gmt":"2023-06-06T15:56:49","slug":"konzept","status":"publish","type":"page","link":"https:\/\/dfvcg-events.de\/smart-city\/konzept\/","title":{"rendered":"Konzept"},"content":{"rendered":"<div id='av_section_1'  class='avia-section av-k7yuhjt1-30bb3dce7cc5f59b3fb8061c6442468b main_color avia-section-default avia-no-border-styling  avia-builder-el-0  el_before_av_section  avia-builder-el-first  header-verlauf avia-bg-style-scroll container_wrap fullsize'  ><div class='container av-section-cont-open' ><main  role=\"main\" itemprop=\"mainContentOfPage\"  class='template-page content  av-content-full alpha units'><div class='post-entry post-entry-type-page post-entry-2230'><div class='entry-content-wrapper clearfix'>\n\n<style type=\"text\/css\" data-created_by=\"avia_inline_auto\" id=\"style-css-av-kkjldguc-b926da2c5e1763d456d0db23fbb9d695\">\n#top .av-special-heading.av-kkjldguc-b926da2c5e1763d456d0db23fbb9d695{\npadding-bottom:0;\ncolor:#ffffff;\n}\nbody .av-special-heading.av-kkjldguc-b926da2c5e1763d456d0db23fbb9d695 .av-special-heading-tag .heading-char{\nfont-size:25px;\n}\n.av-special-heading.av-kkjldguc-b926da2c5e1763d456d0db23fbb9d695 .special-heading-inner-border{\nborder-color:#ffffff;\n}\n.av-special-heading.av-kkjldguc-b926da2c5e1763d456d0db23fbb9d695 .av-subheading{\nfont-size:19px;\n}\n<\/style>\n<div  class='av-special-heading av-kkjldguc-b926da2c5e1763d456d0db23fbb9d695 av-special-heading-h1 custom-color-heading blockquote modern-quote  avia-builder-el-1  avia-builder-el-no-sibling '><div class='av_custom_color av-subheading av-subheading_above'><p>SMART CITY Conference<\/p>\n<\/div><h1 class='av-special-heading-tag '  itemprop=\"headline\"  >Konzept<\/h1><div class=\"special-heading-border\"><div class=\"special-heading-inner-border\"><\/div><\/div><\/div>\n\n<\/div><\/div><\/main><!-- close content main element --><\/div><\/div><div id='av_section_2'  class='avia-section av-kauxiont-3-e6970ea4de3b6283b3c8b24402d2d5c6 main_color avia-section-default avia-no-shadow  avia-builder-el-2  el_after_av_section  el_before_av_one_half  avia-bg-style-scroll container_wrap fullsize'  ><div class='container av-section-cont-open' ><div class='template-page content  av-content-full alpha units'><div class='post-entry post-entry-type-page post-entry-2230'><div class='entry-content-wrapper clearfix'>\n\n<style type=\"text\/css\" data-created_by=\"avia_inline_auto\" id=\"style-css-av-li1h8xdu-e2e94da03d5671c2b13e36ff7f4117d4\">\n#top .av-special-heading.av-li1h8xdu-e2e94da03d5671c2b13e36ff7f4117d4{\npadding-bottom:35px;\n}\nbody .av-special-heading.av-li1h8xdu-e2e94da03d5671c2b13e36ff7f4117d4 .av-special-heading-tag .heading-char{\nfont-size:25px;\n}\n.av-special-heading.av-li1h8xdu-e2e94da03d5671c2b13e36ff7f4117d4 .av-subheading{\nfont-size:15px;\n}\n<\/style>\n<div  class='av-special-heading av-li1h8xdu-e2e94da03d5671c2b13e36ff7f4117d4 av-special-heading-h2 blockquote modern-quote  avia-builder-el-3  el_before_av_textblock  avia-builder-el-first '><h2 class='av-special-heading-tag '  itemprop=\"headline\"  >Auf den Punkt. Praxisrelevant. Von Profis f\u00fcr Profis:<\/h2><div class='av-subheading av-subheading_below'><p>Profitieren Sie vom Mehrwert der Smart City Conference 2023!<\/p>\n<\/div><div class=\"special-heading-border\"><div class=\"special-heading-inner-border\"><\/div><\/div><\/div>\n<section  class='av_textblock_section av-li1hb6l9-ad13941874d35aec5e9322099179b72b '   itemscope=\"itemscope\" itemtype=\"https:\/\/schema.org\/CreativeWork\" ><div class='avia_textblock'  itemprop=\"text\" ><p>Immer mehr Menschen wohnen in St\u00e4dten oder dem Umland. In Deutschland leben bereits mehr als drei Viertel der Bev\u00f6lkerung \u2013 rund 77 Prozent \u2013 in urbanen Gebieten, Tendenz weiter steigend. Auch weltweit nimmt der Urbanisierungsgrad rapide zu.<\/p>\n<p>F\u00fcr St\u00e4dte und ihr Umfeld ergeben sich daraus enorme Herausforderungen, etwa in den Bereichen Verwaltung, Versorgung, Wohnen, Mobilit\u00e4t und Verkehr, Logistik, Energie und \u2013 nicht zuletzt \u2013 Nachhaltigkeit. Im Kern geht es dabei immer um die Frage, wie St\u00e4dte k\u00fcnftig effizienter und \u00f6kologischer gestaltet, gesteuert und versorgt werden k\u00f6nnen und wie die Digitalisierung dazu genutzt werden kann.<\/p>\n<p>Das Smart-City-Konzept f\u00fchrt diese Anforderungen mit konzeptionellen und technologischen Innovationen zu neuen L\u00f6sungsans\u00e4tzen zusammen. Smart City steht f\u00fcr ganzheitliche Gesamtkonzepte f\u00fcr St\u00e4dte und Gemeinden, die dadurch als Lebens- und Wirtschaftsr\u00e4ume aufgewertet und fit f\u00fcr die Zukunft gemacht werden.<\/p>\n<p>Die Smart-City-Conference der dfv Conference Group bildet diesen Ansatz in einem einzigartigen Kongressformat ab. Im Vordergrund steht dabei immer der Mehrwert f\u00fcr die Teilnehmenden.<\/p>\n<\/div><\/section>\n<\/div><\/div><\/div><!-- close content main div --><\/div><\/div><div id='after_section_2'  class='main_color av_default_container_wrap container_wrap fullsize'  ><div class='container av-section-cont-open' ><div class='template-page content  av-content-full alpha units'><div class='post-entry post-entry-type-page post-entry-2230'><div class='entry-content-wrapper clearfix'><div  class='flex_column av-av_one_half-41ee899840124b6993b57a87f996c353 av_one_half  avia-builder-el-5  el_after_av_section  el_before_av_section  avia-builder-el-no-sibling  first flex_column_div  '     ><div  class='avia-video av-2n8z2u-cabd019d2c29b932cd611e20c176c6fd avia-video-16-9 av-no-preview-image avia-video-load-always avia-video-html5'  itemprop=\"video\" itemtype=\"https:\/\/schema.org\/VideoObject\"  data-original_url='https:\/\/dfvcg-events.de\/smart-city\/wp-content\/uploads\/sites\/25\/2022\/08\/Nick-Yvas-3_Konzept.mp4'><video class='avia_video'    preload=\"auto\"  controls id='player_2230_2044030446_2050865512'><source src='https:\/\/dfvcg-events.de\/smart-city\/wp-content\/uploads\/sites\/25\/2022\/08\/Nick-Yvas-3_Konzept.mp4' type='video\/mp4' \/><\/video><\/div><\/div><\/div><\/div><\/div><!-- close content main div --><\/div><\/div>\n<style type=\"text\/css\" data-created_by=\"avia_inline_auto\" id=\"style-css-av-2dw95y-d64b039dae56c9072b8a7e95f3a315d0\">\n.avia-section.av-2dw95y-d64b039dae56c9072b8a7e95f3a315d0{\nbackground-repeat:no-repeat;\nbackground-image:url(https:\/\/dfvcg-events.de\/smart-city\/wp-content\/uploads\/sites\/25\/2023\/05\/smart-city-background-auto.jpg);\nbackground-position:50% 50%;\nbackground-attachment:scroll;\n}\n.avia-section.av-2dw95y-d64b039dae56c9072b8a7e95f3a315d0 .av-section-color-overlay{\nopacity:0.8;\nbackground-color:#136399;\n}\n<\/style>\n<div id='av_section_3'  class='avia-section av-2dw95y-d64b039dae56c9072b8a7e95f3a315d0 main_color avia-section-huge avia-no-border-styling  avia-builder-el-7  el_after_av_one_half  avia-builder-el-last  header-verlauf avia-full-stretch avia-bg-style-scroll av-section-color-overlay-active container_wrap fullsize'  data-section-bg-repeat='stretch'><div class=\"av-section-color-overlay-wrap\"><div class=\"av-section-color-overlay\"><\/div><div class='container av-section-cont-open' ><div class='template-page content  av-content-full alpha units'><div class='post-entry post-entry-type-page post-entry-2230'><div class='entry-content-wrapper clearfix'>\n\n<style type=\"text\/css\" data-created_by=\"avia_inline_auto\" id=\"style-css-av-li1hc2xk-d5c06b23080de1daf5f8bacfa6942794\">\n#top .av-special-heading.av-li1hc2xk-d5c06b23080de1daf5f8bacfa6942794{\npadding-bottom:35px;\n}\nbody .av-special-heading.av-li1hc2xk-d5c06b23080de1daf5f8bacfa6942794 .av-special-heading-tag .heading-char{\nfont-size:25px;\n}\n.av-special-heading.av-li1hc2xk-d5c06b23080de1daf5f8bacfa6942794 .av-subheading{\nfont-size:15px;\n}\n<\/style>\n<div  class='av-special-heading av-li1hc2xk-d5c06b23080de1daf5f8bacfa6942794 av-special-heading-h2 blockquote modern-quote  avia-builder-el-8  el_before_av_textblock  avia-builder-el-first '><h2 class='av-special-heading-tag '  itemprop=\"headline\"  >Die Vorteile der Smart City Conference<\/h2><div class=\"special-heading-border\"><div class=\"special-heading-inner-border\"><\/div><\/div><\/div>\n\n<style type=\"text\/css\" data-created_by=\"avia_inline_auto\" id=\"style-css-av-li1hch8r-a0136beb4ae1ddc135524815c30e612c\">\n#top .av_textblock_section.av-li1hch8r-a0136beb4ae1ddc135524815c30e612c .avia_textblock{\ncolor:#ffffff;\n}\n<\/style>\n<section  class='av_textblock_section av-li1hch8r-a0136beb4ae1ddc135524815c30e612c '   itemscope=\"itemscope\" itemtype=\"https:\/\/schema.org\/CreativeWork\" ><div class='avia_textblock av_inherit_color'  itemprop=\"text\" ><ul>\n<li>Das hochkar\u00e4tig besetzte Kongressprogramm bietet Ihnen einen strukturierten \u00dcberblick \u00fcber die neuesten Entwicklungen im Bereich Smart City \u2013 Forschungsergebnisse, Strategien und Einzelprojekte.<\/li>\n<li>Top-Referent:innen aus Europa und den USA pr\u00e4sentieren aktuelle Projekte und Erkenntnisse und stehen f\u00fcr den pers\u00f6nlichen Austausch zur Verf\u00fcgung.<\/li>\n<li>Im Mittelpunkt stehen konkrete Inhalte und Zusammenh\u00e4nge. Lernen Sie von Best-Practice-Beispielen.<\/li>\n<li>Erkennen und diskutieren Sie eine zentrale Herausforderung von Smart-City-Projekten: H\u00e4ufig fehlt es an integrierten L\u00f6sungen. Die Smart-City-Konferenz verschafft Ihnen das Know-how, die Konsistenz Ihrer eigenen Strategie zu \u00fcberpr\u00fcfen.<\/li>\n<li>Lernen Sie die typischen Fallstricke von Smart-City-Projekten kennen und wie Sie Fehler vermeiden.<\/li>\n<li>Verschaffen Sie sich einen \u00dcberblick \u00fcber F\u00f6rderm\u00f6glichkeiten und -programme f\u00fcr Smart-City-Projekte und erfahren Sie, wie Sie diese nutzen k\u00f6nnen.<\/li>\n<li>Treffen Sie Top-Entscheider:innen aus Politik und Wirtschaft im exklusiven Rahmen und profitieren Sie von zahlreichen Gelegenheiten zu Gedankenaustausch und Networking.<\/li>\n<\/ul>\n<\/div><\/section>\n<\/p>\n","protected":false},"excerpt":{"rendered":"","protected":false},"author":12,"featured_media":0,"parent":0,"menu_order":0,"comment_status":"closed","ping_status":"closed","template":"","meta":{"footnotes":""},"class_list":["post-2230","page","type-page","status-publish","hentry"],"yoast_head":"<!-- This site is optimized with the Yoast SEO plugin v27.4 - https:\/\/yoast.com\/product\/yoast-seo-wordpress\/ -->\n<title>Konzept - SMART CITY Conference<\/title>\n<meta name=\"description\" content=\"Erfahren Sie mehr \u00fcber das Konzept der Smart City Conference und seien Sie dabei, wenn TOP-Referenten Ihr Know-How teilen.\" \/>\n<meta name=\"robots\" content=\"index, follow, max-snippet:-1, max-image-preview:large, max-video-preview:-1\" \/>\n<link rel=\"canonical\" href=\"https:\/\/dfvcg-events.de\/smart-city\/konzept\/\" \/>\n<meta property=\"og:locale\" content=\"de_DE\" \/>\n<meta property=\"og:type\" content=\"article\" \/>\n<meta property=\"og:title\" content=\"Konzept - SMART CITY Conference\" \/>\n<meta property=\"og:description\" content=\"Erfahren Sie mehr \u00fcber das Konzept der Smart City Conference und seien Sie dabei, wenn TOP-Referenten Ihr Know-How teilen.\" \/>\n<meta property=\"og:url\" content=\"https:\/\/dfvcg-events.de\/smart-city\/konzept\/\" \/>\n<meta property=\"og:site_name\" content=\"SMART CITY Conference\" \/>\n<meta property=\"article:modified_time\" content=\"2023-06-06T15:56:49+00:00\" \/>\n<meta name=\"twitter:card\" content=\"summary_large_image\" \/>\n<meta name=\"twitter:label1\" content=\"Gesch\u00e4tzte Lesezeit\" \/>\n\t<meta name=\"twitter:data1\" content=\"5\u00a0Minuten\" \/>\n<script type=\"application\/ld+json\" class=\"yoast-schema-graph\">{\"@context\":\"https:\\\/\\\/schema.org\",\"@graph\":[{\"@type\":\"WebPage\",\"@id\":\"https:\\\/\\\/dfvcg-events.de\\\/smart-city\\\/konzept\\\/\",\"url\":\"https:\\\/\\\/dfvcg-events.de\\\/smart-city\\\/konzept\\\/\",\"name\":\"Konzept - SMART CITY Conference\",\"isPartOf\":{\"@id\":\"https:\\\/\\\/dfvcg-events.de\\\/smart-city\\\/#website\"},\"datePublished\":\"2022-08-08T11:46:36+00:00\",\"dateModified\":\"2023-06-06T15:56:49+00:00\",\"description\":\"Erfahren Sie mehr \u00fcber das Konzept der Smart City Conference und seien Sie dabei, wenn TOP-Referenten Ihr Know-How teilen.\",\"breadcrumb\":{\"@id\":\"https:\\\/\\\/dfvcg-events.de\\\/smart-city\\\/konzept\\\/#breadcrumb\"},\"inLanguage\":\"de\",\"potentialAction\":[{\"@type\":\"ReadAction\",\"target\":[\"https:\\\/\\\/dfvcg-events.de\\\/smart-city\\\/konzept\\\/\"]}]},{\"@type\":\"BreadcrumbList\",\"@id\":\"https:\\\/\\\/dfvcg-events.de\\\/smart-city\\\/konzept\\\/#breadcrumb\",\"itemListElement\":[{\"@type\":\"ListItem\",\"position\":1,\"name\":\"Startseite\",\"item\":\"https:\\\/\\\/dfvcg-events.de\\\/smart-city\\\/\"},{\"@type\":\"ListItem\",\"position\":2,\"name\":\"Konzept\"}]},{\"@type\":\"WebSite\",\"@id\":\"https:\\\/\\\/dfvcg-events.de\\\/smart-city\\\/#website\",\"url\":\"https:\\\/\\\/dfvcg-events.de\\\/smart-city\\\/\",\"name\":\"SMART CITY Conference\",\"description\":\"\",\"potentialAction\":[{\"@type\":\"SearchAction\",\"target\":{\"@type\":\"EntryPoint\",\"urlTemplate\":\"https:\\\/\\\/dfvcg-events.de\\\/smart-city\\\/?s={search_term_string}\"},\"query-input\":{\"@type\":\"PropertyValueSpecification\",\"valueRequired\":true,\"valueName\":\"search_term_string\"}}],\"inLanguage\":\"de\"}]}<\/script>\n<!-- \/ Yoast SEO plugin. -->","yoast_head_json":{"title":"Konzept - SMART CITY Conference","description":"Erfahren Sie mehr \u00fcber das Konzept der Smart City Conference und seien Sie dabei, wenn TOP-Referenten Ihr Know-How teilen.","robots":{"index":"index","follow":"follow","max-snippet":"max-snippet:-1","max-image-preview":"max-image-preview:large","max-video-preview":"max-video-preview:-1"},"canonical":"https:\/\/dfvcg-events.de\/smart-city\/konzept\/","og_locale":"de_DE","og_type":"article","og_title":"Konzept - SMART CITY Conference","og_description":"Erfahren Sie mehr \u00fcber das Konzept der Smart City Conference und seien Sie dabei, wenn TOP-Referenten Ihr Know-How teilen.","og_url":"https:\/\/dfvcg-events.de\/smart-city\/konzept\/","og_site_name":"SMART CITY Conference","article_modified_time":"2023-06-06T15:56:49+00:00","twitter_card":"summary_large_image","twitter_misc":{"Gesch\u00e4tzte Lesezeit":"5\u00a0Minuten"},"schema":{"@context":"https:\/\/schema.org","@graph":[{"@type":"WebPage","@id":"https:\/\/dfvcg-events.de\/smart-city\/konzept\/","url":"https:\/\/dfvcg-events.de\/smart-city\/konzept\/","name":"Konzept - SMART CITY Conference","isPartOf":{"@id":"https:\/\/dfvcg-events.de\/smart-city\/#website"},"datePublished":"2022-08-08T11:46:36+00:00","dateModified":"2023-06-06T15:56:49+00:00","description":"Erfahren Sie mehr \u00fcber das Konzept der Smart City Conference und seien Sie dabei, wenn TOP-Referenten Ihr Know-How teilen.","breadcrumb":{"@id":"https:\/\/dfvcg-events.de\/smart-city\/konzept\/#breadcrumb"},"inLanguage":"de","potentialAction":[{"@type":"ReadAction","target":["https:\/\/dfvcg-events.de\/smart-city\/konzept\/"]}]},{"@type":"BreadcrumbList","@id":"https:\/\/dfvcg-events.de\/smart-city\/konzept\/#breadcrumb","itemListElement":[{"@type":"ListItem","position":1,"name":"Startseite","item":"https:\/\/dfvcg-events.de\/smart-city\/"},{"@type":"ListItem","position":2,"name":"Konzept"}]},{"@type":"WebSite","@id":"https:\/\/dfvcg-events.de\/smart-city\/#website","url":"https:\/\/dfvcg-events.de\/smart-city\/","name":"SMART CITY Conference","description":"","potentialAction":[{"@type":"SearchAction","target":{"@type":"EntryPoint","urlTemplate":"https:\/\/dfvcg-events.de\/smart-city\/?s={search_term_string}"},"query-input":{"@type":"PropertyValueSpecification","valueRequired":true,"valueName":"search_term_string"}}],"inLanguage":"de"}]}},"_links":{"self":[{"href":"https:\/\/dfvcg-events.de\/smart-city\/wp-json\/wp\/v2\/pages\/2230","targetHints":{"allow":["GET"]}}],"collection":[{"href":"https:\/\/dfvcg-events.de\/smart-city\/wp-json\/wp\/v2\/pages"}],"about":[{"href":"https:\/\/dfvcg-events.de\/smart-city\/wp-json\/wp\/v2\/types\/page"}],"author":[{"embeddable":true,"href":"https:\/\/dfvcg-events.de\/smart-city\/wp-json\/wp\/v2\/users\/12"}],"replies":[{"embeddable":true,"href":"https:\/\/dfvcg-events.de\/smart-city\/wp-json\/wp\/v2\/comments?post=2230"}],"version-history":[{"count":0,"href":"https:\/\/dfvcg-events.de\/smart-city\/wp-json\/wp\/v2\/pages\/2230\/revisions"}],"wp:attachment":[{"href":"https:\/\/dfvcg-events.de\/smart-city\/wp-json\/wp\/v2\/media?parent=2230"}],"curies":[{"name":"wp","href":"https:\/\/api.w.org\/{rel}","templated":true}]}}