{"id":84,"date":"2020-03-19T19:38:27","date_gmt":"2020-03-19T18:38:27","guid":{"rendered":"https:\/\/dfvcg-events.de\/retail-media-day\/?page_id=84"},"modified":"2026-03-31T11:20:24","modified_gmt":"2026-03-31T09:20:24","slug":"vortragende","status":"publish","type":"page","link":"https:\/\/dfvcg-events.de\/retail-media-day\/vortragende\/","title":{"rendered":"Vortragende 2024"},"content":{"rendered":"\n<style type=\"text\/css\" data-created_by=\"avia_inline_auto\" id=\"style-css-av-xh2w-ae540429cf6c2ce14b6fa67f14367858\">\n.avia-section.av-xh2w-ae540429cf6c2ce14b6fa67f14367858{\nbackground-repeat:no-repeat;\nbackground-image:url(https:\/\/dfvcg-events.de\/retail-media-day\/wp-content\/uploads\/sites\/50\/2024\/10\/BG.png);\nbackground-position:0% 0%;\nbackground-attachment:scroll;\n}\n<\/style>\n<div id='av_section_1'  class='avia-section av-xh2w-ae540429cf6c2ce14b6fa67f14367858 main_color avia-section-default avia-no-border-styling  avia-builder-el-0  el_before_av_section  avia-builder-el-first  avia-full-stretch avia-bg-style-scroll container_wrap fullsize'  data-section-bg-repeat='stretch'><div class='container av-section-cont-open' ><main  role=\"main\" itemprop=\"mainContentOfPage\"  class='template-page content  av-content-full alpha units'><div class='post-entry post-entry-type-page post-entry-84'><div class='entry-content-wrapper clearfix'>\n\n<style type=\"text\/css\" data-created_by=\"avia_inline_auto\" id=\"style-css-av-libejaqd-4fabc646c7a8c96c8e6a65fa459856c2\">\n#top .av-special-heading.av-libejaqd-4fabc646c7a8c96c8e6a65fa459856c2{\npadding-bottom:0;\n}\nbody .av-special-heading.av-libejaqd-4fabc646c7a8c96c8e6a65fa459856c2 .av-special-heading-tag .heading-char{\nfont-size:25px;\n}\n.av-special-heading.av-libejaqd-4fabc646c7a8c96c8e6a65fa459856c2 .av-subheading{\nfont-size:15px;\n}\n<\/style>\n<div  class='av-special-heading av-libejaqd-4fabc646c7a8c96c8e6a65fa459856c2 av-special-heading-h1 blockquote modern-quote  avia-builder-el-1  avia-builder-el-no-sibling '><div class='av-subheading av-subheading_above'><p>LZ Retail Media Day<\/p>\n<\/div><h1 class='av-special-heading-tag '  itemprop=\"headline\"  >Vortragende <\/h1><div class=\"special-heading-border\"><div class=\"special-heading-inner-border\"><\/div><\/div><\/div>\n\n<\/div><\/div><\/main><!-- close content main element --><\/div><\/div><div id='av_section_2'  class='avia-section av-1fj8g-efa95ecb677bfc762cb80a7a9a0cb2f7 main_color avia-section-default avia-no-border-styling  avia-builder-el-2  el_after_av_section  avia-builder-el-last  avia-bg-style-scroll container_wrap fullsize'  ><div class='container av-section-cont-open' ><div class='template-page content  av-content-full alpha units'><div class='post-entry post-entry-type-page post-entry-84'><div class='entry-content-wrapper clearfix'>\n\n<style type=\"text\/css\" data-created_by=\"avia_inline_auto\" id=\"style-css-av-m3mt7zmh-bca3b28d97fb8148d45eaa7d0f08f12b\">\n#top .av-special-heading.av-m3mt7zmh-bca3b28d97fb8148d45eaa7d0f08f12b{\npadding-bottom:0;\n}\nbody .av-special-heading.av-m3mt7zmh-bca3b28d97fb8148d45eaa7d0f08f12b .av-special-heading-tag .heading-char{\nfont-size:25px;\n}\n.av-special-heading.av-m3mt7zmh-bca3b28d97fb8148d45eaa7d0f08f12b .av-subheading{\nfont-size:15px;\n}\n<\/style>\n<div  class='av-special-heading av-m3mt7zmh-bca3b28d97fb8148d45eaa7d0f08f12b av-special-heading-h1 blockquote modern-quote  avia-builder-el-3  el_before_av_hr  avia-builder-el-first '><h1 class='av-special-heading-tag '  itemprop=\"headline\"  >Speaker 2026<\/h1><div class=\"special-heading-border\"><div class=\"special-heading-inner-border\"><\/div><\/div><\/div>\n\n<style type=\"text\/css\" data-created_by=\"avia_inline_auto\" id=\"style-css-av-m3mtdwcj-9e391fa6e6caa9cf8ac559577f390593\">\n#top .hr.hr-invisible.av-m3mtdwcj-9e391fa6e6caa9cf8ac559577f390593{\nheight:50px;\n}\n<\/style>\n<div  class='hr av-m3mtdwcj-9e391fa6e6caa9cf8ac559577f390593 hr-invisible  avia-builder-el-4  el_after_av_heading  el_before_av_masonry_entries  avia-builder-el-last '><span class='hr-inner '><span class=\"hr-inner-style\"><\/span><\/span><\/div>\n<div id='av-masonry-1' class='av-masonry av-y62w-8c215a62f784bf1bef9d376594e3ee0b noHover av-fixed-size av-large-gap av-hover-overlay- av-masonry-animation-active av-masonry-col-4 av-caption-always av-caption-style- av-masonry-entries av-medium-columns-overwrite av-medium-columns-2 av-small-columns-overwrite av-small-columns-2 av-mini-columns-overwrite av-mini-columns-1 av-orientation-portrait-large ' data-post_id=\"84\"><div class=\"av-masonry-container isotope av-js-disabled\"><div class='av-masonry-entry isotope-item av-masonry-item-no-image '><\/div><a href=\"https:\/\/dfvcg-events.de\/retail-media-day\/vortragend\/annette-calandrini\/\"  id='av-masonry-1-item-3511' data-av-masonry-item='3511' class='av-masonry-entry isotope-item post-3511 portfolio type-portfolio status-publish has-post-thumbnail hentry portfolio_entries-vortragend-2026 portfolio_entries-vortragend-feature-2026  av-masonry-item-with-image' title=\"Calandrini_Annette_Ferrero_web\"   itemscope=\"itemscope\" itemtype=\"https:\/\/schema.org\/CreativeWork\" ><div class='av-inner-masonry-sizer'><\/div><figure class='av-inner-masonry main_color'><div class=\"av-masonry-outerimage-container\"><div class='av-masonry-image-container' style=\"background-image: url(https:\/\/dfvcg-events.de\/retail-media-day\/wp-content\/uploads\/sites\/50\/2026\/03\/Calandrini_Annette_Ferrero_web-529x705.jpg);\"  title=\"Calandrini_Annette_Ferrero_web\" ><\/div><\/div><figcaption class='av-inner-masonry-content site-background'><div class='av-inner-masonry-content-pos'><div class='av-inner-masonry-content-pos-content'><div class='avia-arrow'><\/div><h3 class='av-masonry-entry-title entry-title '  itemprop=\"headline\" >Annette Calandrini<\/h3><div class='av-masonry-entry-content entry-content'  itemprop=\"text\" >Ferrero \/ OWM<\/div><\/div><\/div><\/figcaption><\/figure><\/a><!--end av-masonry entry--><a href=\"https:\/\/dfvcg-events.de\/retail-media-day\/vortragend\/daniel-knapp-2\/\"  id='av-masonry-1-item-2723' data-av-masonry-item='2723' class='av-masonry-entry isotope-item post-2723 portfolio type-portfolio status-publish has-post-thumbnail hentry portfolio_entries-vortragend-2025 portfolio_entries-vortragend-2026 portfolio_entries-vortragend-feature-2025 portfolio_entries-vortragend-feature-2026  av-masonry-item-with-image' title=\"Knapp-Dr.-Daniel-IAB Europe_web\"   itemscope=\"itemscope\" itemtype=\"https:\/\/schema.org\/CreativeWork\" ><div class='av-inner-masonry-sizer'><\/div><figure class='av-inner-masonry main_color'><div class=\"av-masonry-outerimage-container\"><div class='av-masonry-image-container' style=\"background-image: url(https:\/\/dfvcg-events.de\/retail-media-day\/wp-content\/uploads\/sites\/50\/2025\/01\/Knapp-Dr.-Daniel-IAB-Europe_web-529x705.jpg);\"  title=\"Knapp-Dr.-Daniel-IAB Europe_web\" ><\/div><\/div><figcaption class='av-inner-masonry-content site-background'><div class='av-inner-masonry-content-pos'><div class='av-inner-masonry-content-pos-content'><div class='avia-arrow'><\/div><h3 class='av-masonry-entry-title entry-title '  itemprop=\"headline\" >Daniel Knapp<\/h3><div class='av-masonry-entry-content entry-content'  itemprop=\"text\" >IAB Europe<\/div><\/div><\/div><\/figcaption><\/figure><\/a><!--end av-masonry entry--><a href=\"https:\/\/dfvcg-events.de\/retail-media-day\/vortragend\/ingo-rentz\/\"  id='av-masonry-1-item-1587' data-av-masonry-item='1587' class='av-masonry-entry isotope-item post-1587 portfolio type-portfolio status-publish has-post-thumbnail hentry portfolio_entries-vortragend-2024 portfolio_entries-vortragend-2025 portfolio_entries-vortragend-2026 portfolio_entries-vortragend-2023  av-masonry-item-with-image' title=\"Rentz_Ingo_web\"   itemscope=\"itemscope\" itemtype=\"https:\/\/schema.org\/CreativeWork\" ><div class='av-inner-masonry-sizer'><\/div><figure class='av-inner-masonry main_color'><div class=\"av-masonry-outerimage-container\"><div class='av-masonry-image-container' style=\"background-image: url(https:\/\/dfvcg-events.de\/retail-media-day\/wp-content\/uploads\/sites\/50\/2023\/07\/Rentz_Ingo_web.jpg);\"  title=\"Rentz_Ingo_web\" ><\/div><\/div><figcaption class='av-inner-masonry-content site-background'><div class='av-inner-masonry-content-pos'><div class='av-inner-masonry-content-pos-content'><div class='avia-arrow'><\/div><h3 class='av-masonry-entry-title entry-title '  itemprop=\"headline\" >Ingo Rentz<\/h3><div class='av-masonry-entry-content entry-content'  itemprop=\"text\" >dfv Mediengruppe<\/div><\/div><\/div><\/figcaption><\/figure><\/a><!--end av-masonry entry--><a href=\"https:\/\/dfvcg-events.de\/retail-media-day\/vortragend\/matthias-schoenwandt\/\"  id='av-masonry-1-item-3540' data-av-masonry-item='3540' class='av-masonry-entry isotope-item post-3540 portfolio type-portfolio status-publish has-post-thumbnail hentry portfolio_entries-vortragend-2026 portfolio_entries-vortragend-feature-2026  av-masonry-item-with-image' title=\"Sch\u00f6nwandt_Matthias_Kaufland_2026_web\"   itemscope=\"itemscope\" itemtype=\"https:\/\/schema.org\/CreativeWork\" ><div class='av-inner-masonry-sizer'><\/div><figure class='av-inner-masonry main_color'><div class=\"av-masonry-outerimage-container\"><div class='av-masonry-image-container' style=\"background-image: url(https:\/\/dfvcg-events.de\/retail-media-day\/wp-content\/uploads\/sites\/50\/2026\/03\/Schoenwandt_Matthias_Kaufland_2026_web-529x705.jpg);\"  title=\"Sch\u00f6nwandt_Matthias_Kaufland_2026_web\" ><\/div><\/div><figcaption class='av-inner-masonry-content site-background'><div class='av-inner-masonry-content-pos'><div class='av-inner-masonry-content-pos-content'><div class='avia-arrow'><\/div><h3 class='av-masonry-entry-title entry-title '  itemprop=\"headline\" >Matthias Sch\u00f6nwandt<\/h3><div class='av-masonry-entry-content entry-content'  itemprop=\"text\" >Kaufland interact<\/div><\/div><\/div><\/figcaption><\/figure><\/a><!--end av-masonry entry--><a href=\"https:\/\/dfvcg-events.de\/retail-media-day\/vortragend\/till-schuette\/\"  id='av-masonry-1-item-3545' data-av-masonry-item='3545' class='av-masonry-entry isotope-item post-3545 portfolio type-portfolio status-publish has-post-thumbnail hentry portfolio_entries-vortragend-2026  av-masonry-item-with-image' title=\"Sch\u00fctte_Till_Denns BioMarkt_2026_web\"   itemscope=\"itemscope\" itemtype=\"https:\/\/schema.org\/CreativeWork\" ><div class='av-inner-masonry-sizer'><\/div><figure class='av-inner-masonry main_color'><div class=\"av-masonry-outerimage-container\"><div class='av-masonry-image-container' style=\"background-image: url(https:\/\/dfvcg-events.de\/retail-media-day\/wp-content\/uploads\/sites\/50\/2026\/03\/Schuette_Till_Denns-BioMarkt_2026_web-1-529x705.jpg);\"  title=\"Sch\u00fctte_Till_Denns BioMarkt_2026_web\" ><\/div><\/div><figcaption class='av-inner-masonry-content site-background'><div class='av-inner-masonry-content-pos'><div class='av-inner-masonry-content-pos-content'><div class='avia-arrow'><\/div><h3 class='av-masonry-entry-title entry-title '  itemprop=\"headline\" >Till Sch\u00fctte<\/h3><div class='av-masonry-entry-content entry-content'  itemprop=\"text\" >Denn's BioMarkt<\/div><\/div><\/div><\/figcaption><\/figure><\/a><!--end av-masonry entry--><a href=\"https:\/\/dfvcg-events.de\/retail-media-day\/vortragend\/katrin-spahn-2\/\"  id='av-masonry-1-item-2798' data-av-masonry-item='2798' class='av-masonry-entry isotope-item post-2798 portfolio type-portfolio status-publish has-post-thumbnail hentry portfolio_entries-vortragend-2025 portfolio_entries-vortragend-2026 portfolio_entries-vortragend-feature-2026  av-masonry-item-with-image' title=\"Spahn_Katrin_acardo_2026_web\"   itemscope=\"itemscope\" itemtype=\"https:\/\/schema.org\/CreativeWork\" ><div class='av-inner-masonry-sizer'><\/div><figure class='av-inner-masonry main_color'><div class=\"av-masonry-outerimage-container\"><div class='av-masonry-image-container' style=\"background-image: url(https:\/\/dfvcg-events.de\/retail-media-day\/wp-content\/uploads\/sites\/50\/2025\/01\/Spahn_Katrin_acardo_2026_web-529x705.png);\"  title=\"Spahn_Katrin_acardo_2026_web\" ><\/div><\/div><figcaption class='av-inner-masonry-content site-background'><div class='av-inner-masonry-content-pos'><div class='av-inner-masonry-content-pos-content'><div class='avia-arrow'><\/div><h3 class='av-masonry-entry-title entry-title '  itemprop=\"headline\" >Katrin Spahn<\/h3><div class='av-masonry-entry-content entry-content'  itemprop=\"text\" >acardo<\/div><\/div><\/div><\/figcaption><\/figure><\/a><!--end av-masonry entry--><a href=\"https:\/\/dfvcg-events.de\/retail-media-day\/vortragend\/marcus-spurrell\/\"  id='av-masonry-1-item-3552' data-av-masonry-item='3552' class='av-masonry-entry isotope-item post-3552 portfolio type-portfolio status-publish has-post-thumbnail hentry portfolio_entries-vortragend-2026  av-masonry-item-with-image' title=\"Spurrell_Marcus_dmall_2026_web\"   itemscope=\"itemscope\" itemtype=\"https:\/\/schema.org\/CreativeWork\" ><div class='av-inner-masonry-sizer'><\/div><figure class='av-inner-masonry main_color'><div class=\"av-masonry-outerimage-container\"><div class='av-masonry-image-container' style=\"background-image: url(https:\/\/dfvcg-events.de\/retail-media-day\/wp-content\/uploads\/sites\/50\/2026\/03\/Spurrell_Marcus_dmall_2026_web-529x705.png);\"  title=\"Spurrell_Marcus_dmall_2026_web\" ><\/div><\/div><figcaption class='av-inner-masonry-content site-background'><div class='av-inner-masonry-content-pos'><div class='av-inner-masonry-content-pos-content'><div class='avia-arrow'><\/div><h3 class='av-masonry-entry-title entry-title '  itemprop=\"headline\" >Marcus Spurrell<\/h3><div class='av-masonry-entry-content entry-content'  itemprop=\"text\" >DMALL<\/div><\/div><\/div><\/figcaption><\/figure><\/a><!--end av-masonry entry--><a href=\"https:\/\/dfvcg-events.de\/retail-media-day\/vortragend\/manfred-stockburger\/\"  id='av-masonry-1-item-1593' data-av-masonry-item='1593' class='av-masonry-entry isotope-item post-1593 portfolio type-portfolio status-publish has-post-thumbnail hentry portfolio_entries-vortragend-2024 portfolio_entries-vortragend-2025 portfolio_entries-vortragend-2026 portfolio_entries-vortragend-2023  av-masonry-item-with-image' title=\"Stockburger_Manfred_web\"   itemscope=\"itemscope\" itemtype=\"https:\/\/schema.org\/CreativeWork\" ><div class='av-inner-masonry-sizer'><\/div><figure class='av-inner-masonry main_color'><div class=\"av-masonry-outerimage-container\"><div class='av-masonry-image-container' style=\"background-image: url(https:\/\/dfvcg-events.de\/retail-media-day\/wp-content\/uploads\/sites\/50\/2023\/07\/Stockburger_Manfred_web.jpg);\"  title=\"Stockburger_Manfred_web\" ><\/div><\/div><figcaption class='av-inner-masonry-content site-background'><div class='av-inner-masonry-content-pos'><div class='av-inner-masonry-content-pos-content'><div class='avia-arrow'><\/div><h3 class='av-masonry-entry-title entry-title '  itemprop=\"headline\" >Manfred Stockburger<\/h3><div class='av-masonry-entry-content entry-content'  itemprop=\"text\" >dfv Mediengruppe<\/div><\/div><\/div><\/figcaption><\/figure><\/a><!--end av-masonry entry--><\/div><\/div>\n\n","protected":false},"excerpt":{"rendered":"","protected":false},"author":1,"featured_media":0,"parent":0,"menu_order":0,"comment_status":"closed","ping_status":"closed","template":"","meta":{"footnotes":""},"class_list":["post-84","page","type-page","status-publish","hentry"],"yoast_head":"<!-- This site is optimized with the Yoast SEO plugin v27.4 - https:\/\/yoast.com\/product\/yoast-seo-wordpress\/ -->\n<title>Speaker | LZ Retail Media Day | 1. September 2026 | K\u00f6ln<\/title>\n<meta name=\"description\" content=\"Seien Sie beim LZ Retail Media Day dabei, h\u00f6ren Sie spannende Vortr\u00e4ge und nutzten Sie die Chance vor Ort zum Networking.\" \/>\n<meta name=\"robots\" content=\"index, follow, max-snippet:-1, max-image-preview:large, max-video-preview:-1\" \/>\n<link rel=\"canonical\" href=\"https:\/\/dfvcg-events.de\/retail-media-day\/vortragende\/\" \/>\n<meta property=\"og:locale\" content=\"de_DE\" \/>\n<meta property=\"og:type\" content=\"article\" \/>\n<meta property=\"og:title\" content=\"Speaker | LZ Retail Media Day | 1. September 2026 | K\u00f6ln\" \/>\n<meta property=\"og:description\" content=\"Seien Sie beim LZ Retail Media Day dabei, h\u00f6ren Sie spannende Vortr\u00e4ge und nutzten Sie die Chance vor Ort zum Networking.\" \/>\n<meta property=\"og:url\" content=\"https:\/\/dfvcg-events.de\/retail-media-day\/vortragende\/\" \/>\n<meta property=\"og:site_name\" content=\"LZ Retail Media Day\" \/>\n<meta property=\"article:publisher\" content=\"https:\/\/www.facebook.com\/Lebensmittel.Zeitung\" \/>\n<meta property=\"article:modified_time\" content=\"2026-03-31T09:20:24+00:00\" \/>\n<meta name=\"twitter:card\" content=\"summary_large_image\" \/>\n<meta name=\"twitter:site\" content=\"@LZNETnews\" \/>\n<meta name=\"twitter:label1\" content=\"Gesch\u00e4tzte Lesezeit\" \/>\n\t<meta name=\"twitter:data1\" content=\"1\u00a0Minute\" \/>\n<script type=\"application\/ld+json\" class=\"yoast-schema-graph\">{\"@context\":\"https:\\\/\\\/schema.org\",\"@graph\":[{\"@type\":\"WebPage\",\"@id\":\"https:\\\/\\\/dfvcg-events.de\\\/retail-media-day\\\/vortragende\\\/\",\"url\":\"https:\\\/\\\/dfvcg-events.de\\\/retail-media-day\\\/vortragende\\\/\",\"name\":\"Speaker | LZ Retail Media Day | 1. September 2026 | K\u00f6ln\",\"isPartOf\":{\"@id\":\"https:\\\/\\\/dfvcg-events.de\\\/retail-media-day\\\/#website\"},\"datePublished\":\"2020-03-19T18:38:27+00:00\",\"dateModified\":\"2026-03-31T09:20:24+00:00\",\"description\":\"Seien Sie beim LZ Retail Media Day dabei, h\u00f6ren Sie spannende Vortr\u00e4ge und nutzten Sie die Chance vor Ort zum Networking.\",\"breadcrumb\":{\"@id\":\"https:\\\/\\\/dfvcg-events.de\\\/retail-media-day\\\/vortragende\\\/#breadcrumb\"},\"inLanguage\":\"de\",\"potentialAction\":[{\"@type\":\"ReadAction\",\"target\":[\"https:\\\/\\\/dfvcg-events.de\\\/retail-media-day\\\/vortragende\\\/\"]}]},{\"@type\":\"BreadcrumbList\",\"@id\":\"https:\\\/\\\/dfvcg-events.de\\\/retail-media-day\\\/vortragende\\\/#breadcrumb\",\"itemListElement\":[{\"@type\":\"ListItem\",\"position\":1,\"name\":\"Startseite\",\"item\":\"https:\\\/\\\/dfvcg-events.de\\\/retail-media-day\\\/\"},{\"@type\":\"ListItem\",\"position\":2,\"name\":\"Vortragende 2024\"}]},{\"@type\":\"WebSite\",\"@id\":\"https:\\\/\\\/dfvcg-events.de\\\/retail-media-day\\\/#website\",\"url\":\"https:\\\/\\\/dfvcg-events.de\\\/retail-media-day\\\/\",\"name\":\"LZ Retail Media Day\",\"description\":\"dfv Conference Group\",\"publisher\":{\"@id\":\"https:\\\/\\\/dfvcg-events.de\\\/retail-media-day\\\/#organization\"},\"potentialAction\":[{\"@type\":\"SearchAction\",\"target\":{\"@type\":\"EntryPoint\",\"urlTemplate\":\"https:\\\/\\\/dfvcg-events.de\\\/retail-media-day\\\/?s={search_term_string}\"},\"query-input\":{\"@type\":\"PropertyValueSpecification\",\"valueRequired\":true,\"valueName\":\"search_term_string\"}}],\"inLanguage\":\"de\"},{\"@type\":\"Organization\",\"@id\":\"https:\\\/\\\/dfvcg-events.de\\\/retail-media-day\\\/#organization\",\"name\":\"Lebensmittel Zeitung & dfv Conference Group\",\"url\":\"https:\\\/\\\/dfvcg-events.de\\\/retail-media-day\\\/\",\"logo\":{\"@type\":\"ImageObject\",\"inLanguage\":\"de\",\"@id\":\"https:\\\/\\\/dfvcg-events.de\\\/retail-media-day\\\/#\\\/schema\\\/logo\\\/image\\\/\",\"url\":\"https:\\\/\\\/dfvcg-events.de\\\/retail-media-day\\\/wp-content\\\/uploads\\\/sites\\\/50\\\/2024\\\/02\\\/Retail-Media-Day-banner-yoast.jpg\",\"contentUrl\":\"https:\\\/\\\/dfvcg-events.de\\\/retail-media-day\\\/wp-content\\\/uploads\\\/sites\\\/50\\\/2024\\\/02\\\/Retail-Media-Day-banner-yoast.jpg\",\"width\":1240,\"height\":620,\"caption\":\"Lebensmittel Zeitung & dfv Conference Group\"},\"image\":{\"@id\":\"https:\\\/\\\/dfvcg-events.de\\\/retail-media-day\\\/#\\\/schema\\\/logo\\\/image\\\/\"},\"sameAs\":[\"https:\\\/\\\/www.facebook.com\\\/Lebensmittel.Zeitung\",\"https:\\\/\\\/x.com\\\/LZNETnews\"]}]}<\/script>\n<!-- \/ Yoast SEO plugin. -->","yoast_head_json":{"title":"Speaker | LZ Retail Media Day | 1. September 2026 | K\u00f6ln","description":"Seien Sie beim LZ Retail Media Day dabei, h\u00f6ren Sie spannende Vortr\u00e4ge und nutzten Sie die Chance vor Ort zum Networking.","robots":{"index":"index","follow":"follow","max-snippet":"max-snippet:-1","max-image-preview":"max-image-preview:large","max-video-preview":"max-video-preview:-1"},"canonical":"https:\/\/dfvcg-events.de\/retail-media-day\/vortragende\/","og_locale":"de_DE","og_type":"article","og_title":"Speaker | LZ Retail Media Day | 1. September 2026 | K\u00f6ln","og_description":"Seien Sie beim LZ Retail Media Day dabei, h\u00f6ren Sie spannende Vortr\u00e4ge und nutzten Sie die Chance vor Ort zum Networking.","og_url":"https:\/\/dfvcg-events.de\/retail-media-day\/vortragende\/","og_site_name":"LZ Retail Media Day","article_publisher":"https:\/\/www.facebook.com\/Lebensmittel.Zeitung","article_modified_time":"2026-03-31T09:20:24+00:00","twitter_card":"summary_large_image","twitter_site":"@LZNETnews","twitter_misc":{"Gesch\u00e4tzte Lesezeit":"1\u00a0Minute"},"schema":{"@context":"https:\/\/schema.org","@graph":[{"@type":"WebPage","@id":"https:\/\/dfvcg-events.de\/retail-media-day\/vortragende\/","url":"https:\/\/dfvcg-events.de\/retail-media-day\/vortragende\/","name":"Speaker | LZ Retail Media Day | 1. September 2026 | K\u00f6ln","isPartOf":{"@id":"https:\/\/dfvcg-events.de\/retail-media-day\/#website"},"datePublished":"2020-03-19T18:38:27+00:00","dateModified":"2026-03-31T09:20:24+00:00","description":"Seien Sie beim LZ Retail Media Day dabei, h\u00f6ren Sie spannende Vortr\u00e4ge und nutzten Sie die Chance vor Ort zum Networking.","breadcrumb":{"@id":"https:\/\/dfvcg-events.de\/retail-media-day\/vortragende\/#breadcrumb"},"inLanguage":"de","potentialAction":[{"@type":"ReadAction","target":["https:\/\/dfvcg-events.de\/retail-media-day\/vortragende\/"]}]},{"@type":"BreadcrumbList","@id":"https:\/\/dfvcg-events.de\/retail-media-day\/vortragende\/#breadcrumb","itemListElement":[{"@type":"ListItem","position":1,"name":"Startseite","item":"https:\/\/dfvcg-events.de\/retail-media-day\/"},{"@type":"ListItem","position":2,"name":"Vortragende 2024"}]},{"@type":"WebSite","@id":"https:\/\/dfvcg-events.de\/retail-media-day\/#website","url":"https:\/\/dfvcg-events.de\/retail-media-day\/","name":"LZ Retail Media Day","description":"dfv Conference Group","publisher":{"@id":"https:\/\/dfvcg-events.de\/retail-media-day\/#organization"},"potentialAction":[{"@type":"SearchAction","target":{"@type":"EntryPoint","urlTemplate":"https:\/\/dfvcg-events.de\/retail-media-day\/?s={search_term_string}"},"query-input":{"@type":"PropertyValueSpecification","valueRequired":true,"valueName":"search_term_string"}}],"inLanguage":"de"},{"@type":"Organization","@id":"https:\/\/dfvcg-events.de\/retail-media-day\/#organization","name":"Lebensmittel Zeitung & dfv Conference Group","url":"https:\/\/dfvcg-events.de\/retail-media-day\/","logo":{"@type":"ImageObject","inLanguage":"de","@id":"https:\/\/dfvcg-events.de\/retail-media-day\/#\/schema\/logo\/image\/","url":"https:\/\/dfvcg-events.de\/retail-media-day\/wp-content\/uploads\/sites\/50\/2024\/02\/Retail-Media-Day-banner-yoast.jpg","contentUrl":"https:\/\/dfvcg-events.de\/retail-media-day\/wp-content\/uploads\/sites\/50\/2024\/02\/Retail-Media-Day-banner-yoast.jpg","width":1240,"height":620,"caption":"Lebensmittel Zeitung & dfv Conference Group"},"image":{"@id":"https:\/\/dfvcg-events.de\/retail-media-day\/#\/schema\/logo\/image\/"},"sameAs":["https:\/\/www.facebook.com\/Lebensmittel.Zeitung","https:\/\/x.com\/LZNETnews"]}]}},"_links":{"self":[{"href":"https:\/\/dfvcg-events.de\/retail-media-day\/wp-json\/wp\/v2\/pages\/84","targetHints":{"allow":["GET"]}}],"collection":[{"href":"https:\/\/dfvcg-events.de\/retail-media-day\/wp-json\/wp\/v2\/pages"}],"about":[{"href":"https:\/\/dfvcg-events.de\/retail-media-day\/wp-json\/wp\/v2\/types\/page"}],"author":[{"embeddable":true,"href":"https:\/\/dfvcg-events.de\/retail-media-day\/wp-json\/wp\/v2\/users\/1"}],"replies":[{"embeddable":true,"href":"https:\/\/dfvcg-events.de\/retail-media-day\/wp-json\/wp\/v2\/comments?post=84"}],"version-history":[{"count":14,"href":"https:\/\/dfvcg-events.de\/retail-media-day\/wp-json\/wp\/v2\/pages\/84\/revisions"}],"predecessor-version":[{"id":3559,"href":"https:\/\/dfvcg-events.de\/retail-media-day\/wp-json\/wp\/v2\/pages\/84\/revisions\/3559"}],"wp:attachment":[{"href":"https:\/\/dfvcg-events.de\/retail-media-day\/wp-json\/wp\/v2\/media?parent=84"}],"curies":[{"name":"wp","href":"https:\/\/api.w.org\/{rel}","templated":true}]}}