{"id":2124,"date":"2021-11-19T14:03:53","date_gmt":"2021-11-19T13:03:53","guid":{"rendered":"https:\/\/dfvcg-events.de\/molkereikongress\/?page_id=2124"},"modified":"2022-04-28T18:57:17","modified_gmt":"2022-04-28T16:57:17","slug":"programm-2022","status":"publish","type":"page","link":"https:\/\/dfvcg-events.de\/molkereikongress\/programm-2022\/","title":{"rendered":"Programm 2022"},"content":{"rendered":"<div id='av_section_1'  class='avia-section av-k7yuhjt1-07cb250c566e7f8d356e8c12f58685a4 main_color avia-section-default avia-no-border-styling  avia-builder-el-0  el_before_av_section  avia-builder-el-first  header-verlauf avia-bg-style-scroll container_wrap fullsize'  ><div class='container av-section-cont-open' ><main  role=\"main\" itemprop=\"mainContentOfPage\"  class='template-page content  av-content-full alpha units'><div class='post-entry post-entry-type-page post-entry-2124'><div class='entry-content-wrapper clearfix'>\n\n<style type=\"text\/css\" data-created_by=\"avia_inline_auto\" id=\"style-css-av-9bv8g-b3a2cc806039ba6237ba066fcaed0181\">\n#top .av-special-heading.av-9bv8g-b3a2cc806039ba6237ba066fcaed0181{\npadding-bottom:0;\ncolor:#ffffff;\n}\nbody .av-special-heading.av-9bv8g-b3a2cc806039ba6237ba066fcaed0181 .av-special-heading-tag .heading-char{\nfont-size:25px;\n}\n.av-special-heading.av-9bv8g-b3a2cc806039ba6237ba066fcaed0181 .special-heading-inner-border{\nborder-color:#ffffff;\n}\n.av-special-heading.av-9bv8g-b3a2cc806039ba6237ba066fcaed0181 .av-subheading{\nfont-size:19px;\n}\n<\/style>\n<div  class='av-special-heading av-9bv8g-b3a2cc806039ba6237ba066fcaed0181 av-special-heading-h1 custom-color-heading blockquote modern-quote  avia-builder-el-1  avia-builder-el-no-sibling '><div class='av_custom_color av-subheading av-subheading_above'><p>Molkerei Kongress<\/p>\n<\/div><h1 class='av-special-heading-tag '  itemprop=\"headline\"  >Programm<\/h1><div class=\"special-heading-border\"><div class=\"special-heading-inner-border\"><\/div><\/div><\/div>\n\n<\/div><\/div><\/main><!-- close content main element --><\/div><\/div><div id='av_section_2'  class='avia-section av-98t530-89ee7b093fbc863b25c27eabb7a332bd main_color avia-section-default avia-no-shadow  avia-builder-el-2  el_after_av_section  el_before_av_section  avia-bg-style-scroll container_wrap fullsize'  ><div class='container av-section-cont-open' ><div class='template-page content  av-content-full alpha units'><div class='post-entry post-entry-type-page post-entry-2124'><div class='entry-content-wrapper clearfix'>\n<div class='flex_column_table av-70g1uk-abb51559cb31328ce1c0ab6b0f18401d sc-av_three_fifth av-equal-height-column-flextable'><div  class='flex_column av-70g1uk-abb51559cb31328ce1c0ab6b0f18401d av_three_fifth  avia-builder-el-3  el_before_av_two_fifth  avia-builder-el-first  first flex_column_table_cell av-equal-height-column av-align-top  '     ><section  class='av_textblock_section av-5k7h8c-3dae1b76f625315bae063928209040b2 '   itemscope=\"itemscope\" itemtype=\"https:\/\/schema.org\/CreativeWork\" ><div class='avia_textblock'  itemprop=\"text\" ><p><strong>Die folgenden Themen erwarten Sie:<\/strong><\/p>\n<ul>\n<li><strong>Zahlen \u2013 Fakten \u2013 Trends:<\/strong> Was kauft der Kunde wo ein?<\/li>\n<li><strong>Globale Milchm\u00e4rkte:<\/strong> Wie haben sich die Warenstr\u00f6me ver\u00e4ndert?<\/li>\n<li><strong>Kostenanstieg und Margenverfall:<\/strong> Wie geht es weiter?<\/li>\n<li><strong>Milchalternativen:<\/strong> Wo geht der Trend hin?<\/li>\n<li><strong>Tierwohl und Haltungsform:<\/strong> Die neue Herausforderung f\u00fcr die Branche?<\/li>\n<li><strong>Marke versus Handelsmarke:<\/strong> Wo gibt es noch Umsatzpotenziale?<\/li>\n<li><strong>Verpackung:<\/strong> Wie nachhaltig kann diese sein?<\/li>\n<\/ul>\n<\/div><\/section><\/div><div class='av-flex-placeholder'><\/div><div  class='flex_column av-3w9cbw-a78509683c7a865786cc1523ea781704 av_two_fifth  avia-builder-el-5  el_after_av_three_fifth  el_before_av_button  flex_column_table_cell av-equal-height-column av-align-top  '     ><section  class='av_textblock_section av-37txdo-c60ce30e4441207ba6905a5729504532 '   itemscope=\"itemscope\" itemtype=\"https:\/\/schema.org\/CreativeWork\" ><div class='avia_textblock'  itemprop=\"text\" ><p><strong>5 Gr\u00fcnde f\u00fcr Ihre Teilnahme<\/strong><\/p>\n<p><strong>M<\/strong>arktteilnehmer:innen und wichtige Partner erreichen<br \/>\n<strong>I<\/strong>mpulse f\u00fcr Ihre strategischen Zielsetzungen<br \/>\n<strong>L<\/strong>ernen von namhaften Branchen-Insidern<br \/>\n<strong>C<\/strong>hancen im Ausland bewerten<br \/>\n<strong>H<\/strong>intergrundinformationen und kritische Einsch\u00e4tzungen von Markttrends<\/p>\n<\/div><\/section><\/div><\/div><!--close column table wrapper. Autoclose: 1 --><div  class='avia-button-wrap av-kzmj0nad-9ab2b6d191c578151643e7b75936be73-wrap avia-button-left  avia-builder-el-7  el_after_av_two_fifth  avia-builder-el-last '><a href='https:\/\/dfvcg-events.de\/molkereikongress\/wp-content\/uploads\/sites\/21\/2022\/04\/dfvcg_Molk22_Prog_180x267_web.pdf'  class='avia-button av-kzmj0nad-9ab2b6d191c578151643e7b75936be73 av-link-btn avia-icon_select-no avia-size-x-large avia-position-left avia-color-theme-color'   aria-label=\"Programm Download\"><span class='avia_iconbox_title' >Programm Download<\/span><\/a><\/div>\n\n<\/div><\/div><\/div><!-- close content main div --><\/div><\/div><div id='tag-1'  class='avia-section av-ki7s5m86-db8b2cb083df3cf70bad8b59eafd0334 main_color avia-section-default avia-no-shadow  avia-builder-el-8  el_after_av_section  el_before_av_section  avia-bg-style-scroll container_wrap fullsize'  ><div class='container av-section-cont-open' ><div class='template-page content  av-content-full alpha units'><div class='post-entry post-entry-type-page post-entry-2124'><div class='entry-content-wrapper clearfix'>\n\n<style type=\"text\/css\" data-created_by=\"avia_inline_auto\" id=\"style-css-av-ki7s7xej-93346035b824a12e00282bf1b70ab58d\">\n#top .av-special-heading.av-ki7s7xej-93346035b824a12e00282bf1b70ab58d{\npadding-bottom:10px;\n}\nbody .av-special-heading.av-ki7s7xej-93346035b824a12e00282bf1b70ab58d .av-special-heading-tag .heading-char{\nfont-size:25px;\n}\n.av-special-heading.av-ki7s7xej-93346035b824a12e00282bf1b70ab58d .av-subheading{\nfont-size:15px;\n}\n<\/style>\n<div  class='av-special-heading av-ki7s7xej-93346035b824a12e00282bf1b70ab58d av-special-heading-h2 blockquote modern-quote  avia-builder-el-9  el_before_av_table  avia-builder-el-first '><div class='av-subheading av-subheading_above'><p>1. Kongresstag<\/p>\n<\/div><h2 class='av-special-heading-tag '  itemprop=\"headline\"  >5. Mai 2022<\/h2><div class=\"special-heading-border\"><div class=\"special-heading-inner-border\"><\/div><\/div><\/div>\n<div class='avia-data-table-wrap av-9insx4-0d32577fe2fd7b247df57f1c2715177b avia_responsive_table avia-table-1'><table  id=\"programm-tabelle\"  class='avia-table avia-data-table avia_pricing_default  avia-builder-el-10  el_after_av_heading  avia-builder-el-last  programm-tabelle'  itemscope=\"itemscope\" itemtype=\"https:\/\/schema.org\/Table\" ><tbody><tr class=''><th class='avia-desc-col'><\/th><td class=''><\/td><td class=''><\/td><\/tr><tr class=''><th class='avia-desc-col'>09.00<\/th><td class=''><strong>WELCOME<\/strong><\/td><td class=''>Christian Kuhn, Gesch\u00e4ftsfu\u0308hrer, dfv Conference Group<br \/>\nDirk Lenders, Ressortleiter Frischware, Lebensmittel Zeitung<\/td><\/tr><tr class=''><th class='avia-desc-col'><\/th><td class=''><b>ZAHLEN.FAKTEN.TRENDS.<\/b><\/td><td class=''><\/td><\/tr><tr class=''><th class='avia-desc-col'>09.10<\/th><td class=''><b>Zahlen.Fakten.Trends.<\/b><br \/>\nGelbe und wei\u00dfe Linie unter Druck<\/td><td class=''>Enrico Krien, Commercial Leader Food &amp; Dairy, NielsenIQ<\/td><\/tr><tr class=''><th class='avia-desc-col'>09.40<\/th><td class=''>Der Milchmarkt 2022\/2023 \u2013 die neuen Rahmenbedingungen<\/p>\n<ul>\n<li>Die Entwicklungen an den (globalen) M\u00e4rkten f\u00fcr Milch und Milchprodukte<\/li>\n<li>Die Perspektiven f\u00fcr deutsche Molkereien<\/li>\n<\/ul>\n<\/td><td class=''>Monika Wohlfarth, Gesch\u00e4ftsf\u00fchrerin, ZMB Zentrale Milchmarkt Berichterstattung GmbH<\/td><\/tr><tr class=''><th class='avia-desc-col'>10.10<\/th><td class=''>Effizient \u2013 nachhaltig \u2013 digital: Erfolgsstrategien in der Wertsch\u00f6pfung im New Normal<\/td><td class=''>Daniel Fuchsberger, Partner, Dr. Wieselhuber &amp; Partner GmbH<\/td><\/tr><tr class=''><th class='avia-desc-col'>10.40<\/th><td class=''><strong>NETWORKING BREAK<\/strong><\/td><td class=''><\/td><\/tr><tr class=''><th class='avia-desc-col'><\/th><td class=''><b>PARADIGMENWECHSEL<\/b><\/td><td class=''><\/td><\/tr><tr class=''><th class='avia-desc-col'>11.30<\/th><td class=''>LZ TALKRUNDE<br \/>\nAgrarwende: Paradigmenwechsel in der<br \/>\nAgrar- und Verbraucherpolitik \u2013 was \u00e4ndert sich f\u00fcr Milchwirtschaft, Molkereien und Handel?<\/p>\n<ul>\n<li>Klimaneutrale Milchwirtschaft: Wo liegt die<br \/>\nGrenze des Machbaren? Sind die EU-Ziele<br \/>\nzu ambitioniert?<\/li>\n<li>Verpflichtende Herkunftskennzeichnung:<br \/>\nNotwendig und sinnvoll?<\/li>\n<li>Haltungswechsel: Wer bezahlt die Transformation?<\/li>\n<\/ul>\n<\/td><td class=''>Karin Artzt-Steinbrink, Gesch\u00e4ftsf\u00fchrerin, Upl\u00e4nder Bauernmolkerei GmbH<\/p>\n<p>Erik D\u00f6bele, Managing Director National Buying &amp; Services, ALDI S\u00dcD<\/p>\n<p>Dr. Knut Ehlers, Fachgebietsleitung \u201eLandwirtschaft\u201c, Umweltbundesamt<\/p>\n<p>Werner Giselbrecht, kaufm. Leiter\/Leiter Milchboard, Hochland Deutschland GmbH<\/p>\n<p>Heinrich Gropper, gesch\u00e4ftsf\u00fchrender Gesellschafter, Molkerei Gropper GmbH &amp; Co. KG<\/p>\n<p>Dr. Tanja Hacker, Managing Director Category Management &amp; National Buying, ALDI Nord<\/p>\n<p>Dr. Ophelia Nick, Parlamentarische Staatssekret\u00e4rin, Bundesministerium f\u00fcr Ern\u00e4hrung und Landwirtschaft (BMEL)<\/td><\/tr><tr class=''><th class='avia-desc-col'>12.40<\/th><td class=''><strong>LUNCHTIME<\/strong><\/td><td class=''>Inspiration Table<br \/>\n(13.20 \u2013 13.50 Uhr in der Networking Area)<\/td><\/tr><tr class=''><th class='avia-desc-col'><\/th><td class=''><b>GREEN TRANSFORMATION<\/b><\/td><td class=''><\/td><\/tr><tr class=''><th class='avia-desc-col'>14.00<\/th><td class=''>Nestl\u00e9 Studie 2021 \u201eKlima und Ern\u00e4hrung\u201c<\/p>\n<ul>\n<li style=\"list-style-type: none\">\n<ul>Nestl\u00e9s Klima Roadmap und die deutsche Klima-Milchfarm<\/td><td class=''>Dirk Gr\u00fcnwaldt, Senior Market Research Manager, Nestl\u00e9 Deutschland<\/ul>\n<\/li>\n<\/ul>\n<p>Andrea Schwalber, Sustainability Manager, Nestl\u00e9 Deutschland<\/td><\/tr><tr class=''><th class='avia-desc-col'>14.40<\/th><td class=''>Alles im Wandel \u2013 die Relevanz von Nachhaltigkeit und verantwortungsvollem Konsum<\/td><td class=''>Dr. Philipp Inderhees, Global Head of Corporate Strategy, DMK Group<\/td><\/tr><tr class=''><th class='avia-desc-col'>15.10<\/th><td class=''>Der Weg durch die Gro\u00dfhirnrinde: Warum die Marke ein Narrativ braucht und Milchalternativen nicht das Allheilmittel sind<\/td><td class=''>Rolf Schrickel, Gesch\u00e4ftsf\u00fchrender Gesellschafter, BUTTER.GmbH<\/td><\/tr><tr class=''><th class='avia-desc-col'>15.40<\/th><td class=''><strong>NETWORKING BREAK<\/strong><\/td><td class=''><\/td><\/tr><tr class=''><th class='avia-desc-col'><\/th><td class=''><b>PERSPEKTIVEN<\/b><\/td><td class=''><\/td><\/tr><tr class=''><th class='avia-desc-col'>16.30<\/th><td class=''>Mehr aus der Milch machen \u2013<br \/>\ndie Zukunft der Genossenschaft:<br \/>\nDie Perspektive von Ennstal Milch<\/td><td class=''>Harald Steinlechner, Gesch\u00e4ftsf\u00fchrer, Ennstal Milch KG<\/td><\/tr><tr class=''><th class='avia-desc-col'>17.00<\/th><td class=''>Regionalit\u00e4t im Fokus \u2013 Alpenhain investiert in die Zukunft<\/td><td class=''>Robert Winkelmann, Gesch\u00e4ftsf\u00fchrer, Alpenhain K\u00e4sespezialit\u00e4ten GmbH<\/td><\/tr><tr class=''><th class='avia-desc-col'>17.30<\/th><td class=''><strong>KEYNOTE SPECIAL GUEST<\/strong><br \/>\nMut zu neuen Wegen \u2013 Aus der Extremen in die Gesch\u00e4ftswelt<\/td><td class=''>Benedikt B\u00f6hm, Speedbergsteiger; Internationaler Gesch\u00e4ftsf\u00fchrer, DYNAFIT \u2013 Oberalp Group<\/td><\/tr><tr class=''><th class='avia-desc-col'>18.10<\/th><td class=''><strong>CLOSING<\/strong><\/td><td class=''><\/td><\/tr><tr class=''><th class='avia-desc-col'>19.00<\/th><td class=''>Bayrischer Abend im Airbr\u00e4u<\/td><td class=''>Powered by: NAGEL-GROUP<\/td><\/tr><\/tbody><\/table><\/div><style type='text\/css'>.avia-table-1 td:nth-of-type(1):before { content: ''; } <\/style>\n<\/div><\/div><\/div><!-- close content main div --><\/div><\/div><div id='tag-2'  class='avia-section av-41euwn0-a419b3e610ba0e9491b5e0d879d85c78 main_color avia-section-default avia-no-shadow  avia-builder-el-11  el_after_av_section  avia-builder-el-last  av-small-hide avia-bg-style-scroll container_wrap fullsize'  ><div class='container av-section-cont-open' ><div class='template-page content  av-content-full alpha units'><div class='post-entry post-entry-type-page post-entry-2124'><div class='entry-content-wrapper clearfix'>\n\n<style type=\"text\/css\" data-created_by=\"avia_inline_auto\" id=\"style-css-av-3zb3xcc-6d66d9761b068fe23d40a634e5f76f0a\">\n#top .av-special-heading.av-3zb3xcc-6d66d9761b068fe23d40a634e5f76f0a{\npadding-bottom:10px;\n}\nbody .av-special-heading.av-3zb3xcc-6d66d9761b068fe23d40a634e5f76f0a .av-special-heading-tag .heading-char{\nfont-size:25px;\n}\n.av-special-heading.av-3zb3xcc-6d66d9761b068fe23d40a634e5f76f0a .av-subheading{\nfont-size:15px;\n}\n<\/style>\n<div  class='av-special-heading av-3zb3xcc-6d66d9761b068fe23d40a634e5f76f0a av-special-heading-h2 blockquote modern-quote  avia-builder-el-12  el_before_av_table  avia-builder-el-first '><div class='av-subheading av-subheading_above'><p>2. Kongresstag<\/p>\n<\/div><h2 class='av-special-heading-tag '  itemprop=\"headline\"  >6. Mai 2022<\/h2><div class=\"special-heading-border\"><div class=\"special-heading-inner-border\"><\/div><\/div><\/div>\n<div class='avia-data-table-wrap av-3xkj1y4-28e714e309f727750d1d0ff5d4ad99eb avia_responsive_table avia-table-2'><table  id=\"programm-tabelle\"  class='avia-table avia-data-table avia_pricing_default  avia-builder-el-13  el_after_av_heading  avia-builder-el-last  programm-tabelle'  itemscope=\"itemscope\" itemtype=\"https:\/\/schema.org\/Table\" ><tbody><tr class=''><th class='avia-desc-col'><\/th><td class=''><\/td><td class=''><\/td><\/tr><tr class=''><th class='avia-desc-col'>8.00<\/th><td class=''><strong>BREAKFAST SESSION<\/strong><\/td><td class=''>powered by DEMATIC<\/td><\/tr><tr class=''><th class='avia-desc-col'>9.00<\/th><td class=''><strong>WELCOME<\/strong><\/td><td class=''>Dirk Lenders, Ressortleiter Frischware, Lebensmittel Zeitung<\/td><\/tr><tr class=''><th class='avia-desc-col'><\/th><td class=''><b>FOKUS TREND<\/b><\/td><td class=''><\/td><\/tr><tr class=''><th class='avia-desc-col'>9.10<\/th><td class=''>Internationale Food Trends \u2013 wo bieten sich Chancen f\u00fcr das Mopro-Sortiment? Aktuelle Entwicklungen rund um die Innovationstreiber Gesundheit, Genuss und Nachhaltigkeit.<\/td><td class=''>Julia B\u00fcch, Global Food Analyst, Mintel<\/td><\/tr><tr class=''><th class='avia-desc-col'>9.40<\/th><td class=''>Die Bedeutung pflanzlicher und zellbasierter Alternativen f\u00fcr die Milchwirtschaft. Wie wird sich die Molkereibranche ver\u00e4ndern?<\/td><td class=''>Georg Herbertz, Inhaber, Herbertz Dairy Food Service<\/td><\/tr><tr class=''><th class='avia-desc-col'><\/th><td class=''><b>FOKUS GREEN DEAL<\/b><\/td><td class=''><\/td><\/tr><tr class=''><th class='avia-desc-col'>10.20<\/th><td class=''>Nachhaltigkeit und Klimaneutralit\u00e4t \u2013 Grenzen und Fallstricke in der Werbung<\/td><td class=''>Sonja Schulz (LL. M.), Partnerin, ZENK Rechtsanw\u00e4lte<\/td><\/tr><tr class=''><th class='avia-desc-col'>10.50<\/th><td class=''>Spannungsfelder unserer Zeit: Kostendruck und \u201eGreen Deal\u201c aus dem Blickwinkel der Verpackungsbranche<\/td><td class=''>Nico Heitmann, Director Marketing &amp; Business Development DACH, Smurfit Kappa Deutschland<\/td><\/tr><tr class=''><th class='avia-desc-col'>11.20<\/th><td class=''><b>NETWORKING BREAK<\/b><\/td><td class=''><\/td><\/tr><tr class=''><th class='avia-desc-col'><\/th><td class=''><b>FOKUS CATEGORY MANAGEMENT<\/b><\/td><td class=''><\/td><\/tr><tr class=''><th class='avia-desc-col'>11.50<\/th><td class=''>Fokus Platzierung \u2013 Was macht erfolgreiches CM im Molkereibereich heute aus?<\/p>\n<ul>\n<li style=\"list-style-type: none\">\n<ul>\n<li style=\"list-style-type: none\">\n<ul>\n<li>Ohne fundierte Category Vision kein Wachstum<\/li>\n<li>Aktivierung durch Emotionalisierung<\/li>\n<li>Shopper-relevante Nachhaltigkeitsthemen<br \/>\nans Regal bringen<\/li>\n<li>Geo-CM als Category-Booster<\/li>\n<\/ul>\n<\/li>\n<\/ul>\n<\/li>\n<\/ul>\n<\/td><td class=''>S\u00f6ren Ott, Vorstand, Gruppe Nymphenburg Consult AG<\/td><\/tr><tr class=''><th class='avia-desc-col'><\/th><td class=''><b>FOKUS KI<\/b><\/td><td class=''><\/td><\/tr><tr class=''><th class='avia-desc-col'>12.20<\/th><td class=''>Anwendungen der K\u00fcnstlichen Intelligenz:<br \/>\nWie wird die Nachhaltigkeit in der Molkerei gesteigert?<\/td><td class=''>Prof. Dr. Hergen Pargmann, Professor f\u00fcr Betriebliche Anwendungssysteme, Jade Hochschule (Wilhelmshaven); gesch\u00e4ftsf\u00fchrender Gesellschafter, CompanyMind GmbH &amp; Co. KG<\/td><\/tr><tr class=''><th class='avia-desc-col'>12.50<\/th><td class=''><strong>LUNCHTIME<\/strong><\/td><td class=''><\/td><\/tr><tr class=''><th class='avia-desc-col'>13.30<\/th><td class=''><strong>ENDE DES MOLKEREI KONGRESSES 2022<\/strong><\/td><td class=''><\/td><\/tr><\/tbody><\/table><\/div><style type='text\/css'>.avia-table-2 td:nth-of-type(1):before { content: ''; } <\/style>\n<\/p>\n","protected":false},"excerpt":{"rendered":"","protected":false},"author":1,"featured_media":0,"parent":0,"menu_order":0,"comment_status":"closed","ping_status":"closed","template":"","meta":{"footnotes":""},"class_list":["post-2124","page","type-page","status-publish","hentry"],"yoast_head":"<!-- This site is optimized with the Yoast SEO plugin v27.4 - https:\/\/yoast.com\/product\/yoast-seo-wordpress\/ -->\n<title>Programm | Molkerei Kongress | 5.\/6. Mai 2022 | M\u00fcnchen<\/title>\n<meta name=\"description\" content=\"Als Teilnehmer:innen des Molkerei Kongresses erwarten Sie die wichtigsten Themen, Innovationen und Highlights der Branche. Hier geht es zum Programm.\" \/>\n<meta name=\"robots\" content=\"index, follow, max-snippet:-1, max-image-preview:large, max-video-preview:-1\" \/>\n<link rel=\"canonical\" href=\"https:\/\/dfvcg-events.de\/molkereikongress\/programm-2022\/\" \/>\n<meta property=\"og:locale\" content=\"de_DE\" \/>\n<meta property=\"og:type\" content=\"article\" \/>\n<meta property=\"og:title\" content=\"Programm | Molkerei Kongress | 5.\/6. Mai 2022 | M\u00fcnchen\" \/>\n<meta property=\"og:description\" content=\"Als Teilnehmer:innen des Molkerei Kongresses erwarten Sie die wichtigsten Themen, Innovationen und Highlights der Branche. Hier geht es zum Programm.\" \/>\n<meta property=\"og:url\" content=\"https:\/\/dfvcg-events.de\/molkereikongress\/programm-2022\/\" \/>\n<meta property=\"og:site_name\" content=\"Molkerei Kongress\" \/>\n<meta property=\"article:modified_time\" content=\"2022-04-28T16:57:17+00:00\" \/>\n<meta name=\"twitter:card\" content=\"summary_large_image\" \/>\n<meta name=\"twitter:label1\" content=\"Gesch\u00e4tzte Lesezeit\" \/>\n\t<meta name=\"twitter:data1\" content=\"20\u00a0Minuten\" \/>\n<script type=\"application\/ld+json\" class=\"yoast-schema-graph\">{\"@context\":\"https:\\\/\\\/schema.org\",\"@graph\":[{\"@type\":\"WebPage\",\"@id\":\"https:\\\/\\\/dfvcg-events.de\\\/molkereikongress\\\/programm-2022\\\/\",\"url\":\"https:\\\/\\\/dfvcg-events.de\\\/molkereikongress\\\/programm-2022\\\/\",\"name\":\"Programm | Molkerei Kongress | 5.\\\/6. Mai 2022 | M\u00fcnchen\",\"isPartOf\":{\"@id\":\"https:\\\/\\\/dfvcg-events.de\\\/molkereikongress\\\/#website\"},\"datePublished\":\"2021-11-19T13:03:53+00:00\",\"dateModified\":\"2022-04-28T16:57:17+00:00\",\"description\":\"Als Teilnehmer:innen des Molkerei Kongresses erwarten Sie die wichtigsten Themen, Innovationen und Highlights der Branche. Hier geht es zum Programm.\",\"breadcrumb\":{\"@id\":\"https:\\\/\\\/dfvcg-events.de\\\/molkereikongress\\\/programm-2022\\\/#breadcrumb\"},\"inLanguage\":\"de\",\"potentialAction\":[{\"@type\":\"ReadAction\",\"target\":[\"https:\\\/\\\/dfvcg-events.de\\\/molkereikongress\\\/programm-2022\\\/\"]}]},{\"@type\":\"BreadcrumbList\",\"@id\":\"https:\\\/\\\/dfvcg-events.de\\\/molkereikongress\\\/programm-2022\\\/#breadcrumb\",\"itemListElement\":[{\"@type\":\"ListItem\",\"position\":1,\"name\":\"Startseite\",\"item\":\"https:\\\/\\\/dfvcg-events.de\\\/molkereikongress\\\/\"},{\"@type\":\"ListItem\",\"position\":2,\"name\":\"Programm 2022\"}]},{\"@type\":\"WebSite\",\"@id\":\"https:\\\/\\\/dfvcg-events.de\\\/molkereikongress\\\/#website\",\"url\":\"https:\\\/\\\/dfvcg-events.de\\\/molkereikongress\\\/\",\"name\":\"Molkerei Kongress\",\"description\":\"dfv Conference Group\",\"potentialAction\":[{\"@type\":\"SearchAction\",\"target\":{\"@type\":\"EntryPoint\",\"urlTemplate\":\"https:\\\/\\\/dfvcg-events.de\\\/molkereikongress\\\/?s={search_term_string}\"},\"query-input\":{\"@type\":\"PropertyValueSpecification\",\"valueRequired\":true,\"valueName\":\"search_term_string\"}}],\"inLanguage\":\"de\"}]}<\/script>\n<!-- \/ Yoast SEO plugin. -->","yoast_head_json":{"title":"Programm | Molkerei Kongress | 5.\/6. Mai 2022 | M\u00fcnchen","description":"Als Teilnehmer:innen des Molkerei Kongresses erwarten Sie die wichtigsten Themen, Innovationen und Highlights der Branche. Hier geht es zum Programm.","robots":{"index":"index","follow":"follow","max-snippet":"max-snippet:-1","max-image-preview":"max-image-preview:large","max-video-preview":"max-video-preview:-1"},"canonical":"https:\/\/dfvcg-events.de\/molkereikongress\/programm-2022\/","og_locale":"de_DE","og_type":"article","og_title":"Programm | Molkerei Kongress | 5.\/6. Mai 2022 | M\u00fcnchen","og_description":"Als Teilnehmer:innen des Molkerei Kongresses erwarten Sie die wichtigsten Themen, Innovationen und Highlights der Branche. Hier geht es zum Programm.","og_url":"https:\/\/dfvcg-events.de\/molkereikongress\/programm-2022\/","og_site_name":"Molkerei Kongress","article_modified_time":"2022-04-28T16:57:17+00:00","twitter_card":"summary_large_image","twitter_misc":{"Gesch\u00e4tzte Lesezeit":"20\u00a0Minuten"},"schema":{"@context":"https:\/\/schema.org","@graph":[{"@type":"WebPage","@id":"https:\/\/dfvcg-events.de\/molkereikongress\/programm-2022\/","url":"https:\/\/dfvcg-events.de\/molkereikongress\/programm-2022\/","name":"Programm | Molkerei Kongress | 5.\/6. Mai 2022 | M\u00fcnchen","isPartOf":{"@id":"https:\/\/dfvcg-events.de\/molkereikongress\/#website"},"datePublished":"2021-11-19T13:03:53+00:00","dateModified":"2022-04-28T16:57:17+00:00","description":"Als Teilnehmer:innen des Molkerei Kongresses erwarten Sie die wichtigsten Themen, Innovationen und Highlights der Branche. Hier geht es zum Programm.","breadcrumb":{"@id":"https:\/\/dfvcg-events.de\/molkereikongress\/programm-2022\/#breadcrumb"},"inLanguage":"de","potentialAction":[{"@type":"ReadAction","target":["https:\/\/dfvcg-events.de\/molkereikongress\/programm-2022\/"]}]},{"@type":"BreadcrumbList","@id":"https:\/\/dfvcg-events.de\/molkereikongress\/programm-2022\/#breadcrumb","itemListElement":[{"@type":"ListItem","position":1,"name":"Startseite","item":"https:\/\/dfvcg-events.de\/molkereikongress\/"},{"@type":"ListItem","position":2,"name":"Programm 2022"}]},{"@type":"WebSite","@id":"https:\/\/dfvcg-events.de\/molkereikongress\/#website","url":"https:\/\/dfvcg-events.de\/molkereikongress\/","name":"Molkerei Kongress","description":"dfv Conference Group","potentialAction":[{"@type":"SearchAction","target":{"@type":"EntryPoint","urlTemplate":"https:\/\/dfvcg-events.de\/molkereikongress\/?s={search_term_string}"},"query-input":{"@type":"PropertyValueSpecification","valueRequired":true,"valueName":"search_term_string"}}],"inLanguage":"de"}]}},"_links":{"self":[{"href":"https:\/\/dfvcg-events.de\/molkereikongress\/wp-json\/wp\/v2\/pages\/2124","targetHints":{"allow":["GET"]}}],"collection":[{"href":"https:\/\/dfvcg-events.de\/molkereikongress\/wp-json\/wp\/v2\/pages"}],"about":[{"href":"https:\/\/dfvcg-events.de\/molkereikongress\/wp-json\/wp\/v2\/types\/page"}],"author":[{"embeddable":true,"href":"https:\/\/dfvcg-events.de\/molkereikongress\/wp-json\/wp\/v2\/users\/1"}],"replies":[{"embeddable":true,"href":"https:\/\/dfvcg-events.de\/molkereikongress\/wp-json\/wp\/v2\/comments?post=2124"}],"version-history":[{"count":0,"href":"https:\/\/dfvcg-events.de\/molkereikongress\/wp-json\/wp\/v2\/pages\/2124\/revisions"}],"wp:attachment":[{"href":"https:\/\/dfvcg-events.de\/molkereikongress\/wp-json\/wp\/v2\/media?parent=2124"}],"curies":[{"name":"wp","href":"https:\/\/api.w.org\/{rel}","templated":true}]}}