{"id":3625,"date":"2018-09-19T16:03:21","date_gmt":"2018-09-19T14:03:21","guid":{"rendered":"https:\/\/horizont.dfvcg-events.de\/deutscher-medienkongress\/?post_type=portfolio&#038;p=3625"},"modified":"2026-03-11T11:01:41","modified_gmt":"2026-03-11T10:01:41","slug":"matthias-schrader","status":"publish","type":"portfolio","link":"https:\/\/dfvcg-events.de\/horizont-kongress\/referenten\/matthias-schrader\/","title":{"rendered":"Matthias Schrader"},"content":{"rendered":"<div id='av_section_1'  class='avia-section av-a7cpvh-4af2a67353764478dd6c5f66bd6f5bc2 main_color avia-section-default avia-no-border-styling  avia-builder-el-0  avia-builder-el-no-sibling  avia-bg-style-scroll av-minimum-height av-minimum-height-75 av-height-75  container_wrap fullsize'   data-av_minimum_height_pc='75' data-av_min_height_opt='75'><div class='container av-section-cont-open' ><main  role=\"main\" itemprop=\"mainContentOfPage\"  class='template-page content  av-content-full alpha units'><div class='post-entry post-entry-type-page post-entry-3625'><div class='entry-content-wrapper clearfix'>\n\n<style type=\"text\/css\" data-created_by=\"avia_inline_auto\" id=\"style-css-av-91z3bx-2eeb31647dc5c78499c2f83e3e21a2e6\">\n.flex_column.av-91z3bx-2eeb31647dc5c78499c2f83e3e21a2e6{\nborder-radius:0px 0px 0px 0px;\npadding:0px 0px 0px 0px;\n}\n<\/style>\n<div  class='flex_column av-91z3bx-2eeb31647dc5c78499c2f83e3e21a2e6 av_one_third  avia-builder-el-1  el_before_av_two_third  avia-builder-el-first  first flex_column_div av-zero-column-padding  '     ><style type=\"text\/css\" data-created_by=\"avia_inline_auto\" id=\"style-css-av-7a7kfx-8a695ff23aec60136e8cb6f5727c8526\">\n.avia-image-container.av-7a7kfx-8a695ff23aec60136e8cb6f5727c8526 img.avia_image{\nbox-shadow:none;\n}\n.avia-image-container.av-7a7kfx-8a695ff23aec60136e8cb6f5727c8526 .av-image-caption-overlay-center{\ncolor:#ffffff;\n}\n<\/style>\n<div  class='avia-image-container av-7a7kfx-8a695ff23aec60136e8cb6f5727c8526 av-styling-no-styling avia-align-left  avia-builder-el-2  avia-builder-el-no-sibling '   itemprop=\"image\" itemscope=\"itemscope\" itemtype=\"https:\/\/schema.org\/ImageObject\" ><div class=\"avia-image-container-inner\"><div class=\"avia-image-overlay-wrap\"><img decoding=\"async\" fetchpriority=\"high\" class='wp-image-15159 avia-img-lazy-loading-not-15159 avia_image ' src=\"https:\/\/dfvcg-events.de\/horizont-kongress\/wp-content\/uploads\/2018\/09\/Schrader-Matthias-OH-SO-Digital-web.jpg\" alt='' title='Schrader-Matthias-OH-SO-Digital-web'  height=\"500\" width=\"400\"  itemprop=\"thumbnailUrl\"  \/><\/div><\/div><\/div><\/div>\n<style type=\"text\/css\" data-created_by=\"avia_inline_auto\" id=\"style-css-av-5si1yl-f7cb215801cea4f5e15fddd624eaecfd\">\n.flex_column.av-5si1yl-f7cb215801cea4f5e15fddd624eaecfd{\nborder-radius:0px 0px 0px 0px;\npadding:0px 0px 0px 0px;\n}\n<\/style>\n<div  class='flex_column av-5si1yl-f7cb215801cea4f5e15fddd624eaecfd av_two_third  avia-builder-el-3  el_after_av_one_third  avia-builder-el-last  flex_column_div av-zero-column-padding  '     ><p>\n<style type=\"text\/css\" data-created_by=\"avia_inline_auto\" id=\"style-css-av-27uqg9-1ded10c4c88b76eafe07f638883f9100\">\n#top .av-special-heading.av-27uqg9-1ded10c4c88b76eafe07f638883f9100{\npadding-bottom:35px;\n}\nbody .av-special-heading.av-27uqg9-1ded10c4c88b76eafe07f638883f9100 .av-special-heading-tag .heading-char{\nfont-size:25px;\n}\n.av-special-heading.av-27uqg9-1ded10c4c88b76eafe07f638883f9100 .av-subheading{\nfont-size:17px;\n}\n<\/style>\n<div  class='av-special-heading av-27uqg9-1ded10c4c88b76eafe07f638883f9100 av-special-heading-h2 blockquote modern-quote  avia-builder-el-4  el_before_av_textblock  avia-builder-el-first '><h2 class='av-special-heading-tag '  itemprop=\"headline\"  >Matthias Schrader<\/h2><div class='av-subheading av-subheading_below'><p>CEO<br \/>\nOH-SO Digital<\/p>\n<\/div><div class=\"special-heading-border\"><div class=\"special-heading-inner-border\"><\/div><\/div><\/div><br \/>\n<section  class='av_textblock_section av-2vvrjh-0118e2eeb6461ddae872bcb34d1e015b '   itemscope=\"itemscope\" itemtype=\"https:\/\/schema.org\/CreativeWork\" ><div class='avia_textblock'  itemprop=\"text\" ><p>Matthias Schrader geh\u00f6rt zu den digitalen Pionieren Deutschlands. Mitte der 1990er-Jahre gr\u00fcndete er SinnerSchrader und entwickelte E-Commerce-L\u00f6sungen f\u00fcr Start-ups, deren Produkte innerhalb k\u00fcrzester Zeit b\u00f6rsenreif wurden.<\/p>\n<p>1999 ging SinnerSchrader selbst an die B\u00f6rse und z\u00e4hlte zu den wenigen Unternehmen, die den Neuen Markt nicht nur \u00fcberlebten, sondern gest\u00e4rkt aus dieser Phase hervorgingen. 2006 gr\u00fcndete Matthias Schrader die NEXT Conference, die sich innerhalb weniger Jahre zu einer der f\u00fchrenden Konferenzen f\u00fcr digitale Transformation in Deutschland entwickelte. Mit mehr als 500 Beratern, Designern und Softwareentwicklern unterst\u00fctzte SinnerSchrader in den folgenden Jahren vor allem DAX-Konzerne bei der Entwicklung digitaler Produkte und Gesch\u00e4ftsmodelle.<\/p>\n<p>2017 \u00fcbernahm die internationale Management- und Technologieberatung Accenture das Unternehmen f\u00fcr einen dreistelligen Millionenbetrag. Anschlie\u00dfend verantwortete der Autor bis Ende 2022 das Gesch\u00e4ft von Accenture Interactive (heute Accenture Song) in Deutschland, \u00d6sterreich und der Schweiz.<\/p>\n<p>2024 gr\u00fcndete er gemeinsam mit langj\u00e4hrigen Weggef\u00e4hrten die AI-native Beratung und Agentur OH-SO Digital mit Standorten in Hamburg, Berlin, M\u00fcnchen und Prag. Sein aktuelles Buch \u201eCode Crash\u201c ist ein optimistisches Pl\u00e4doyer daf\u00fcr, die Chancen der k\u00fcnstlichen Intelligenz zu nutzen und die Vers\u00e4umnisse der Digitalisierung in Deutschland entschlossen aufzuholen.<\/p>\n<\/div><\/section><\/p><\/div>\n","protected":false},"excerpt":{"rendered":"<p>OH-SO Digital<\/p>\n","protected":false},"author":1,"featured_media":15159,"comment_status":"closed","ping_status":"closed","template":"","meta":{"footnotes":""},"tags":[],"portfolio_entries":[7,16,26],"class_list":["post-3625","portfolio","type-portfolio","status-publish","has-post-thumbnail","hentry","portfolio_entries-referent-2019","portfolio_entries-referent-2022","portfolio_entries-referent-2026"],"yoast_head":"<!-- This site is optimized with the Yoast SEO plugin v27.4 - https:\/\/yoast.com\/product\/yoast-seo-wordpress\/ -->\n<title>Matthias Schrader | HORIZONT Kongress<\/title>\n<meta name=\"robots\" content=\"noindex, follow\" \/>\n<meta name=\"twitter:label1\" content=\"Gesch\u00e4tzte Lesezeit\" \/>\n\t<meta name=\"twitter:data1\" content=\"2\u00a0Minuten\" \/>\n<script type=\"application\/ld+json\" class=\"yoast-schema-graph\">{\"@context\":\"https:\\\/\\\/schema.org\",\"@graph\":[{\"@type\":\"WebPage\",\"@id\":\"https:\\\/\\\/dfvcg-events.de\\\/horizont-kongress\\\/referenten\\\/matthias-schrader\\\/\",\"url\":\"https:\\\/\\\/dfvcg-events.de\\\/horizont-kongress\\\/referenten\\\/matthias-schrader\\\/\",\"name\":\"Matthias Schrader | HORIZONT Kongress\",\"isPartOf\":{\"@id\":\"https:\\\/\\\/dfvcg-events.de\\\/horizont-kongress\\\/#website\"},\"primaryImageOfPage\":{\"@id\":\"https:\\\/\\\/dfvcg-events.de\\\/horizont-kongress\\\/referenten\\\/matthias-schrader\\\/#primaryimage\"},\"image\":{\"@id\":\"https:\\\/\\\/dfvcg-events.de\\\/horizont-kongress\\\/referenten\\\/matthias-schrader\\\/#primaryimage\"},\"thumbnailUrl\":\"https:\\\/\\\/dfvcg-events.de\\\/horizont-kongress\\\/wp-content\\\/uploads\\\/2018\\\/09\\\/Schrader-Matthias-OH-SO-Digital-web.jpg\",\"datePublished\":\"2018-09-19T14:03:21+00:00\",\"dateModified\":\"2026-03-11T10:01:41+00:00\",\"breadcrumb\":{\"@id\":\"https:\\\/\\\/dfvcg-events.de\\\/horizont-kongress\\\/referenten\\\/matthias-schrader\\\/#breadcrumb\"},\"inLanguage\":\"de\",\"potentialAction\":[{\"@type\":\"ReadAction\",\"target\":[\"https:\\\/\\\/dfvcg-events.de\\\/horizont-kongress\\\/referenten\\\/matthias-schrader\\\/\"]}]},{\"@type\":\"ImageObject\",\"inLanguage\":\"de\",\"@id\":\"https:\\\/\\\/dfvcg-events.de\\\/horizont-kongress\\\/referenten\\\/matthias-schrader\\\/#primaryimage\",\"url\":\"https:\\\/\\\/dfvcg-events.de\\\/horizont-kongress\\\/wp-content\\\/uploads\\\/2018\\\/09\\\/Schrader-Matthias-OH-SO-Digital-web.jpg\",\"contentUrl\":\"https:\\\/\\\/dfvcg-events.de\\\/horizont-kongress\\\/wp-content\\\/uploads\\\/2018\\\/09\\\/Schrader-Matthias-OH-SO-Digital-web.jpg\",\"width\":400,\"height\":500},{\"@type\":\"BreadcrumbList\",\"@id\":\"https:\\\/\\\/dfvcg-events.de\\\/horizont-kongress\\\/referenten\\\/matthias-schrader\\\/#breadcrumb\",\"itemListElement\":[{\"@type\":\"ListItem\",\"position\":1,\"name\":\"Startseite\",\"item\":\"https:\\\/\\\/dfvcg-events.de\\\/horizont-kongress\\\/\"},{\"@type\":\"ListItem\",\"position\":2,\"name\":\"Matthias Schrader\"}]},{\"@type\":\"WebSite\",\"@id\":\"https:\\\/\\\/dfvcg-events.de\\\/horizont-kongress\\\/#website\",\"url\":\"https:\\\/\\\/dfvcg-events.de\\\/horizont-kongress\\\/\",\"name\":\"HORIZONT Kongress 2025 + HORIZONT AWARD\",\"description\":\"02.\\\/03. Juni 2026 | Radialsystem | Berlin\",\"alternateName\":\"Der Top-Jahreskongress f\u00fcr das \u201eWho is Who\u201c aus Marketing und Werbung\",\"potentialAction\":[{\"@type\":\"SearchAction\",\"target\":{\"@type\":\"EntryPoint\",\"urlTemplate\":\"https:\\\/\\\/dfvcg-events.de\\\/horizont-kongress\\\/?s={search_term_string}\"},\"query-input\":{\"@type\":\"PropertyValueSpecification\",\"valueRequired\":true,\"valueName\":\"search_term_string\"}}],\"inLanguage\":\"de\"}]}<\/script>\n<!-- \/ Yoast SEO plugin. -->","yoast_head_json":{"title":"Matthias Schrader | HORIZONT Kongress","robots":{"index":"noindex","follow":"follow"},"twitter_misc":{"Gesch\u00e4tzte Lesezeit":"2\u00a0Minuten"},"schema":{"@context":"https:\/\/schema.org","@graph":[{"@type":"WebPage","@id":"https:\/\/dfvcg-events.de\/horizont-kongress\/referenten\/matthias-schrader\/","url":"https:\/\/dfvcg-events.de\/horizont-kongress\/referenten\/matthias-schrader\/","name":"Matthias Schrader | HORIZONT Kongress","isPartOf":{"@id":"https:\/\/dfvcg-events.de\/horizont-kongress\/#website"},"primaryImageOfPage":{"@id":"https:\/\/dfvcg-events.de\/horizont-kongress\/referenten\/matthias-schrader\/#primaryimage"},"image":{"@id":"https:\/\/dfvcg-events.de\/horizont-kongress\/referenten\/matthias-schrader\/#primaryimage"},"thumbnailUrl":"https:\/\/dfvcg-events.de\/horizont-kongress\/wp-content\/uploads\/2018\/09\/Schrader-Matthias-OH-SO-Digital-web.jpg","datePublished":"2018-09-19T14:03:21+00:00","dateModified":"2026-03-11T10:01:41+00:00","breadcrumb":{"@id":"https:\/\/dfvcg-events.de\/horizont-kongress\/referenten\/matthias-schrader\/#breadcrumb"},"inLanguage":"de","potentialAction":[{"@type":"ReadAction","target":["https:\/\/dfvcg-events.de\/horizont-kongress\/referenten\/matthias-schrader\/"]}]},{"@type":"ImageObject","inLanguage":"de","@id":"https:\/\/dfvcg-events.de\/horizont-kongress\/referenten\/matthias-schrader\/#primaryimage","url":"https:\/\/dfvcg-events.de\/horizont-kongress\/wp-content\/uploads\/2018\/09\/Schrader-Matthias-OH-SO-Digital-web.jpg","contentUrl":"https:\/\/dfvcg-events.de\/horizont-kongress\/wp-content\/uploads\/2018\/09\/Schrader-Matthias-OH-SO-Digital-web.jpg","width":400,"height":500},{"@type":"BreadcrumbList","@id":"https:\/\/dfvcg-events.de\/horizont-kongress\/referenten\/matthias-schrader\/#breadcrumb","itemListElement":[{"@type":"ListItem","position":1,"name":"Startseite","item":"https:\/\/dfvcg-events.de\/horizont-kongress\/"},{"@type":"ListItem","position":2,"name":"Matthias Schrader"}]},{"@type":"WebSite","@id":"https:\/\/dfvcg-events.de\/horizont-kongress\/#website","url":"https:\/\/dfvcg-events.de\/horizont-kongress\/","name":"HORIZONT Kongress 2025 + HORIZONT AWARD","description":"02.\/03. Juni 2026 | Radialsystem | Berlin","alternateName":"Der Top-Jahreskongress f\u00fcr das \u201eWho is Who\u201c aus Marketing und Werbung","potentialAction":[{"@type":"SearchAction","target":{"@type":"EntryPoint","urlTemplate":"https:\/\/dfvcg-events.de\/horizont-kongress\/?s={search_term_string}"},"query-input":{"@type":"PropertyValueSpecification","valueRequired":true,"valueName":"search_term_string"}}],"inLanguage":"de"}]}},"_links":{"self":[{"href":"https:\/\/dfvcg-events.de\/horizont-kongress\/wp-json\/wp\/v2\/portfolio\/3625","targetHints":{"allow":["GET"]}}],"collection":[{"href":"https:\/\/dfvcg-events.de\/horizont-kongress\/wp-json\/wp\/v2\/portfolio"}],"about":[{"href":"https:\/\/dfvcg-events.de\/horizont-kongress\/wp-json\/wp\/v2\/types\/portfolio"}],"author":[{"embeddable":true,"href":"https:\/\/dfvcg-events.de\/horizont-kongress\/wp-json\/wp\/v2\/users\/1"}],"replies":[{"embeddable":true,"href":"https:\/\/dfvcg-events.de\/horizont-kongress\/wp-json\/wp\/v2\/comments?post=3625"}],"version-history":[{"count":2,"href":"https:\/\/dfvcg-events.de\/horizont-kongress\/wp-json\/wp\/v2\/portfolio\/3625\/revisions"}],"predecessor-version":[{"id":15158,"href":"https:\/\/dfvcg-events.de\/horizont-kongress\/wp-json\/wp\/v2\/portfolio\/3625\/revisions\/15158"}],"wp:featuredmedia":[{"embeddable":true,"href":"https:\/\/dfvcg-events.de\/horizont-kongress\/wp-json\/wp\/v2\/media\/15159"}],"wp:attachment":[{"href":"https:\/\/dfvcg-events.de\/horizont-kongress\/wp-json\/wp\/v2\/media?parent=3625"}],"wp:term":[{"taxonomy":"post_tag","embeddable":true,"href":"https:\/\/dfvcg-events.de\/horizont-kongress\/wp-json\/wp\/v2\/tags?post=3625"},{"taxonomy":"portfolio_entries","embeddable":true,"href":"https:\/\/dfvcg-events.de\/horizont-kongress\/wp-json\/wp\/v2\/portfolio_entries?post=3625"}],"curies":[{"name":"wp","href":"https:\/\/api.w.org\/{rel}","templated":true}]}}

<div id='av_section_1'  class='avia-section av-a7cpvh-4af2a67353764478dd6c5f66bd6f5bc2 main_color avia-section-default avia-no-border-styling  avia-builder-el-0  avia-builder-el-no-sibling  avia-bg-style-scroll av-minimum-height av-minimum-height-75 av-height-75  container_wrap fullsize'   data-av_minimum_height_pc='75' data-av_min_height_opt='75'><div class='container av-section-cont-open' ><main  role="main" itemprop="mainContentOfPage"  class='template-page content  av-content-full alpha units'><div class='post-entry post-entry-type-page post-entry-3625'><div class='entry-content-wrapper clearfix'>

<style type="text/css" data-created_by="avia_inline_auto" id="style-css-av-91z3bx-2eeb31647dc5c78499c2f83e3e21a2e6">
.flex_column.av-91z3bx-2eeb31647dc5c78499c2f83e3e21a2e6{
border-radius:0px 0px 0px 0px;
padding:0px 0px 0px 0px;
}
</style>
<div  class='flex_column av-91z3bx-2eeb31647dc5c78499c2f83e3e21a2e6 av_one_third  avia-builder-el-1  el_before_av_two_third  avia-builder-el-first  first flex_column_div av-zero-column-padding  '     ><style type="text/css" data-created_by="avia_inline_auto" id="style-css-av-7a7kfx-8a695ff23aec60136e8cb6f5727c8526">
.avia-image-container.av-7a7kfx-8a695ff23aec60136e8cb6f5727c8526 img.avia_image{
box-shadow:none;
}
.avia-image-container.av-7a7kfx-8a695ff23aec60136e8cb6f5727c8526 .av-image-caption-overlay-center{
color:#ffffff;
}
</style>
<div  class='avia-image-container av-7a7kfx-8a695ff23aec60136e8cb6f5727c8526 av-styling-no-styling avia-align-left  avia-builder-el-2  avia-builder-el-no-sibling '   itemprop="image" itemscope="itemscope" itemtype="https://schema.org/ImageObject" ><div class="avia-image-container-inner"><div class="avia-image-overlay-wrap"><img decoding="async" fetchpriority="high" class='wp-image-15159 avia-img-lazy-loading-not-15159 avia_image ' src="https://dfvcg-events.de/horizont-kongress/wp-content/uploads/2018/09/Schrader-Matthias-OH-SO-Digital-web.jpg" alt='' title='Schrader-Matthias-OH-SO-Digital-web'  height="500" width="400"  itemprop="thumbnailUrl"  /></div></div></div></div>
<style type="text/css" data-created_by="avia_inline_auto" id="style-css-av-5si1yl-f7cb215801cea4f5e15fddd624eaecfd">
.flex_column.av-5si1yl-f7cb215801cea4f5e15fddd624eaecfd{
border-radius:0px 0px 0px 0px;
padding:0px 0px 0px 0px;
}
</style>
<div  class='flex_column av-5si1yl-f7cb215801cea4f5e15fddd624eaecfd av_two_third  avia-builder-el-3  el_after_av_one_third  avia-builder-el-last  flex_column_div av-zero-column-padding  '     ><p>
<style type="text/css" data-created_by="avia_inline_auto" id="style-css-av-27uqg9-1ded10c4c88b76eafe07f638883f9100">
#top .av-special-heading.av-27uqg9-1ded10c4c88b76eafe07f638883f9100{
padding-bottom:35px;
}
body .av-special-heading.av-27uqg9-1ded10c4c88b76eafe07f638883f9100 .av-special-heading-tag .heading-char{
font-size:25px;
}
.av-special-heading.av-27uqg9-1ded10c4c88b76eafe07f638883f9100 .av-subheading{
font-size:17px;
}
</style>
<div  class='av-special-heading av-27uqg9-1ded10c4c88b76eafe07f638883f9100 av-special-heading-h2 blockquote modern-quote  avia-builder-el-4  el_before_av_textblock  avia-builder-el-first '><h2 class='av-special-heading-tag '  itemprop="headline"  >Matthias Schrader</h2><div class='av-subheading av-subheading_below'><p>CEO<br />
OH-SO Digital</p>
</div><div class="special-heading-border"><div class="special-heading-inner-border"></div></div></div><br />
<section  class='av_textblock_section av-2vvrjh-0118e2eeb6461ddae872bcb34d1e015b '   itemscope="itemscope" itemtype="https://schema.org/CreativeWork" ><div class='avia_textblock'  itemprop="text" ><p>Matthias Schrader gehört zu den digitalen Pionieren Deutschlands. Mitte der 1990er-Jahre gründete er SinnerSchrader und entwickelte E-Commerce-Lösungen für Start-ups, deren Produkte innerhalb kürzester Zeit börsenreif wurden.</p>
<p>1999 ging SinnerSchrader selbst an die Börse und zählte zu den wenigen Unternehmen, die den Neuen Markt nicht nur überlebten, sondern gestärkt aus dieser Phase hervorgingen. 2006 gründete Matthias Schrader die NEXT Conference, die sich innerhalb weniger Jahre zu einer der führenden Konferenzen für digitale Transformation in Deutschland entwickelte. Mit mehr als 500 Beratern, Designern und Softwareentwicklern unterstützte SinnerSchrader in den folgenden Jahren vor allem DAX-Konzerne bei der Entwicklung digitaler Produkte und Geschäftsmodelle.</p>
<p>2017 übernahm die internationale Management- und Technologieberatung Accenture das Unternehmen für einen dreistelligen Millionenbetrag. Anschließend verantwortete der Autor bis Ende 2022 das Geschäft von Accenture Interactive (heute Accenture Song) in Deutschland, Österreich und der Schweiz.</p>
<p>2024 gründete er gemeinsam mit langjährigen Weggefährten die AI-native Beratung und Agentur OH-SO Digital mit Standorten in Hamburg, Berlin, München und Prag. Sein aktuelles Buch „Code Crash“ ist ein optimistisches Plädoyer dafür, die Chancen der künstlichen Intelligenz zu nutzen und die Versäumnisse der Digitalisierung in Deutschland entschlossen aufzuholen.</p>
</div></section></p></div>

<!-- This site is optimized with the Yoast SEO plugin v27.4 - https://yoast.com/product/yoast-seo-wordpress/ -->
<title>Matthias Schrader | HORIZONT Kongress</title>
<meta name="robots" content="noindex, follow" />
<meta name="twitter:label1" content="Geschätzte Lesezeit" />
	<meta name="twitter:data1" content="2 Minuten" />
<script type="application/ld+json" class="yoast-schema-graph">{"@context":"https:\/\/schema.org","@graph":[{"@type":"WebPage","@id":"https:\/\/dfvcg-events.de\/horizont-kongress\/referenten\/matthias-schrader\/","url":"https:\/\/dfvcg-events.de\/horizont-kongress\/referenten\/matthias-schrader\/","name":"Matthias Schrader | HORIZONT Kongress","isPartOf":{"@id":"https:\/\/dfvcg-events.de\/horizont-kongress\/#website"},"primaryImageOfPage":{"@id":"https:\/\/dfvcg-events.de\/horizont-kongress\/referenten\/matthias-schrader\/#primaryimage"},"image":{"@id":"https:\/\/dfvcg-events.de\/horizont-kongress\/referenten\/matthias-schrader\/#primaryimage"},"thumbnailUrl":"https:\/\/dfvcg-events.de\/horizont-kongress\/wp-content\/uploads\/2018\/09\/Schrader-Matthias-OH-SO-Digital-web.jpg","datePublished":"2018-09-19T14:03:21+00:00","dateModified":"2026-03-11T10:01:41+00:00","breadcrumb":{"@id":"https:\/\/dfvcg-events.de\/horizont-kongress\/referenten\/matthias-schrader\/#breadcrumb"},"inLanguage":"de","potentialAction":[{"@type":"ReadAction","target":["https:\/\/dfvcg-events.de\/horizont-kongress\/referenten\/matthias-schrader\/"]}]},{"@type":"ImageObject","inLanguage":"de","@id":"https:\/\/dfvcg-events.de\/horizont-kongress\/referenten\/matthias-schrader\/#primaryimage","url":"https:\/\/dfvcg-events.de\/horizont-kongress\/wp-content\/uploads\/2018\/09\/Schrader-Matthias-OH-SO-Digital-web.jpg","contentUrl":"https:\/\/dfvcg-events.de\/horizont-kongress\/wp-content\/uploads\/2018\/09\/Schrader-Matthias-OH-SO-Digital-web.jpg","width":400,"height":500},{"@type":"BreadcrumbList","@id":"https:\/\/dfvcg-events.de\/horizont-kongress\/referenten\/matthias-schrader\/#breadcrumb","itemListElement":[{"@type":"ListItem","position":1,"name":"Startseite","item":"https:\/\/dfvcg-events.de\/horizont-kongress\/"},{"@type":"ListItem","position":2,"name":"Matthias Schrader"}]},{"@type":"WebSite","@id":"https:\/\/dfvcg-events.de\/horizont-kongress\/#website","url":"https:\/\/dfvcg-events.de\/horizont-kongress\/","name":"HORIZONT Kongress 2025 + HORIZONT AWARD","description":"02.\/03. Juni 2026 | Radialsystem | Berlin","alternateName":"Der Top-Jahreskongress für das „Who is Who“ aus Marketing und Werbung","potentialAction":[{"@type":"SearchAction","target":{"@type":"EntryPoint","urlTemplate":"https:\/\/dfvcg-events.de\/horizont-kongress\/?s={search_term_string}"},"query-input":{"@type":"PropertyValueSpecification","valueRequired":true,"valueName":"search_term_string"}}],"inLanguage":"de"}]}</script>
<!-- / Yoast SEO plugin. -->

Der Top-Jahreskongress für das „Who is Who“ aus Marketing und Werbung
