{"id":15413,"date":"2026-03-26T13:30:20","date_gmt":"2026-03-26T12:30:20","guid":{"rendered":"https:\/\/dfvcg-events.de\/horizont-kongress\/?post_type=portfolio&#038;p=15413"},"modified":"2026-04-30T20:05:39","modified_gmt":"2026-04-30T18:05:39","slug":"kristian-meinken","status":"publish","type":"portfolio","link":"https:\/\/dfvcg-events.de\/horizont-kongress\/referenten\/kristian-meinken\/","title":{"rendered":"Kristian Meinken"},"content":{"rendered":"<div id='av_section_1'  class='avia-section av-a7cpvh-4af2a67353764478dd6c5f66bd6f5bc2 main_color avia-section-default avia-no-border-styling  avia-builder-el-0  avia-builder-el-no-sibling  avia-bg-style-scroll av-minimum-height av-minimum-height-75 av-height-75  container_wrap fullsize'   data-av_minimum_height_pc='75' data-av_min_height_opt='75'><div class='container av-section-cont-open' ><main  role=\"main\" itemprop=\"mainContentOfPage\"  class='template-page content  av-content-full alpha units'><div class='post-entry post-entry-type-page post-entry-15413'><div class='entry-content-wrapper clearfix'>\n\n<style type=\"text\/css\" data-created_by=\"avia_inline_auto\" id=\"style-css-av-91z3bx-2eeb31647dc5c78499c2f83e3e21a2e6\">\n.flex_column.av-91z3bx-2eeb31647dc5c78499c2f83e3e21a2e6{\nborder-radius:0px 0px 0px 0px;\npadding:0px 0px 0px 0px;\n}\n<\/style>\n<div  class='flex_column av-91z3bx-2eeb31647dc5c78499c2f83e3e21a2e6 av_one_third  avia-builder-el-1  el_before_av_two_third  avia-builder-el-first  first flex_column_div av-zero-column-padding  '     ><style type=\"text\/css\" data-created_by=\"avia_inline_auto\" id=\"style-css-av-7a7kfx-ff14fcfa9f756e257068bd505e57fd27\">\n.avia-image-container.av-7a7kfx-ff14fcfa9f756e257068bd505e57fd27 img.avia_image{\nbox-shadow:none;\n}\n.avia-image-container.av-7a7kfx-ff14fcfa9f756e257068bd505e57fd27 .av-image-caption-overlay-center{\ncolor:#ffffff;\n}\n<\/style>\n<div  class='avia-image-container av-7a7kfx-ff14fcfa9f756e257068bd505e57fd27 av-styling-no-styling avia-align-left  avia-builder-el-2  avia-builder-el-no-sibling '   itemprop=\"image\" itemscope=\"itemscope\" itemtype=\"https:\/\/schema.org\/ImageObject\" ><div class=\"avia-image-container-inner\"><div class=\"avia-image-overlay-wrap\"><img decoding=\"async\" fetchpriority=\"high\" class='wp-image-15721 avia-img-lazy-loading-not-15721 avia_image ' src=\"https:\/\/dfvcg-events.de\/horizont-kongress\/wp-content\/uploads\/2026\/03\/Meinken-Kristian-Pilot.jpg\" alt='Meinken-Kristian-Pilot' title='Meinken-Kristian-Pilot'  height=\"500\" width=\"400\"  itemprop=\"thumbnailUrl\"  \/><\/div><\/div><\/div><\/div>\n<style type=\"text\/css\" data-created_by=\"avia_inline_auto\" id=\"style-css-av-5si1yl-f7cb215801cea4f5e15fddd624eaecfd\">\n.flex_column.av-5si1yl-f7cb215801cea4f5e15fddd624eaecfd{\nborder-radius:0px 0px 0px 0px;\npadding:0px 0px 0px 0px;\n}\n<\/style>\n<div  class='flex_column av-5si1yl-f7cb215801cea4f5e15fddd624eaecfd av_two_third  avia-builder-el-3  el_after_av_one_third  avia-builder-el-last  flex_column_div av-zero-column-padding  '     ><p>\n<style type=\"text\/css\" data-created_by=\"avia_inline_auto\" id=\"style-css-av-349dlv-4fc4e9483c0d5ddae32d2270e92efbf6\">\n#top .av-special-heading.av-349dlv-4fc4e9483c0d5ddae32d2270e92efbf6{\npadding-bottom:35px;\n}\nbody .av-special-heading.av-349dlv-4fc4e9483c0d5ddae32d2270e92efbf6 .av-special-heading-tag .heading-char{\nfont-size:25px;\n}\n.av-special-heading.av-349dlv-4fc4e9483c0d5ddae32d2270e92efbf6 .av-subheading{\nfont-size:17px;\n}\n<\/style>\n<div  class='av-special-heading av-349dlv-4fc4e9483c0d5ddae32d2270e92efbf6 av-special-heading-h2 blockquote modern-quote  avia-builder-el-4  el_before_av_textblock  avia-builder-el-first '><h2 class='av-special-heading-tag '  itemprop=\"headline\"  >Kristian Meinken<\/h2><div class='av-subheading av-subheading_below'><p>CEO<br \/>\npilot Agenturgruppe<\/p>\n<\/div><div class=\"special-heading-border\"><div class=\"special-heading-inner-border\"><\/div><\/div><\/div><br \/>\n<section  class='av_textblock_section av-2vvrjh-0118e2eeb6461ddae872bcb34d1e015b '   itemscope=\"itemscope\" itemtype=\"https:\/\/schema.org\/CreativeWork\" ><div class='avia_textblock'  itemprop=\"text\" ><p>Kristian Meinken, Diplom-Kaufmann und seit 2018 CEO der pilot Agenturgruppe, ist eine angesehene F\u00fchrungspers\u00f6nlichkeit in der Medienbranche. Seit seinem Einstieg bei pilot im Jahr 2007 hat er sich durch seine erfolgreiche Betreuung des Kunden Procter &amp; Gamble und die Gr\u00fcndung der P&amp;G-Agentur TwentyFive im Jahr 2017 profiliert. Zudem engagiert er sich seit 2019 im Vorstand des f\u00fchrenden Kompetenzzentrum f\u00fcr K\u00fcnstliche Intelligenz in Norddeutschland, dem Artificial Intelligence Center Hamburg (ARIC) und setzt dort Ma\u00dfst\u00e4be in der KI-Entwicklung. Meinken ist zudem bekannt f\u00fcr sein engagiertes Vorantreiben der Technologiestrategie der Agenturgruppe, insbesondere durch den Ausbau des Software-Gesch\u00e4fts mit der Tochtergesellschaft Mercury Media Technology.<\/p>\n<\/div><\/section><\/p><\/div>\n","protected":false},"excerpt":{"rendered":"<p>pilot Agenturgruppe<\/p>\n","protected":false},"author":10,"featured_media":15721,"comment_status":"closed","ping_status":"closed","template":"","meta":{"footnotes":""},"tags":[],"portfolio_entries":[26],"class_list":["post-15413","portfolio","type-portfolio","status-publish","has-post-thumbnail","hentry","portfolio_entries-referent-2026"],"yoast_head":"<!-- This site is optimized with the Yoast SEO plugin v27.4 - https:\/\/yoast.com\/product\/yoast-seo-wordpress\/ -->\n<title>Kristian Meinken | HORIZONT Kongress<\/title>\n<meta name=\"description\" content=\"Seien Sie dabei, h\u00f6ren Sie spannende Vortr\u00e4ge und nutzten Sie die Chance vor Ort zum Networking. Wir freuen uns auf Ihre Teilnahme!\" \/>\n<meta name=\"robots\" content=\"noindex, follow\" \/>\n<meta name=\"twitter:label1\" content=\"Gesch\u00e4tzte Lesezeit\" \/>\n\t<meta name=\"twitter:data1\" content=\"1\u00a0Minute\" \/>\n<script type=\"application\/ld+json\" class=\"yoast-schema-graph\">{\"@context\":\"https:\\\/\\\/schema.org\",\"@graph\":[{\"@type\":\"WebPage\",\"@id\":\"https:\\\/\\\/dfvcg-events.de\\\/horizont-kongress\\\/referenten\\\/kristian-meinken\\\/\",\"url\":\"https:\\\/\\\/dfvcg-events.de\\\/horizont-kongress\\\/referenten\\\/kristian-meinken\\\/\",\"name\":\"Kristian Meinken | HORIZONT Kongress\",\"isPartOf\":{\"@id\":\"https:\\\/\\\/dfvcg-events.de\\\/horizont-kongress\\\/#website\"},\"primaryImageOfPage\":{\"@id\":\"https:\\\/\\\/dfvcg-events.de\\\/horizont-kongress\\\/referenten\\\/kristian-meinken\\\/#primaryimage\"},\"image\":{\"@id\":\"https:\\\/\\\/dfvcg-events.de\\\/horizont-kongress\\\/referenten\\\/kristian-meinken\\\/#primaryimage\"},\"thumbnailUrl\":\"https:\\\/\\\/dfvcg-events.de\\\/horizont-kongress\\\/wp-content\\\/uploads\\\/2026\\\/03\\\/Meinken-Kristian-Pilot.jpg\",\"datePublished\":\"2026-03-26T12:30:20+00:00\",\"dateModified\":\"2026-04-30T18:05:39+00:00\",\"description\":\"Seien Sie dabei, h\u00f6ren Sie spannende Vortr\u00e4ge und nutzten Sie die Chance vor Ort zum Networking. Wir freuen uns auf Ihre Teilnahme!\",\"breadcrumb\":{\"@id\":\"https:\\\/\\\/dfvcg-events.de\\\/horizont-kongress\\\/referenten\\\/kristian-meinken\\\/#breadcrumb\"},\"inLanguage\":\"de\",\"potentialAction\":[{\"@type\":\"ReadAction\",\"target\":[\"https:\\\/\\\/dfvcg-events.de\\\/horizont-kongress\\\/referenten\\\/kristian-meinken\\\/\"]}]},{\"@type\":\"ImageObject\",\"inLanguage\":\"de\",\"@id\":\"https:\\\/\\\/dfvcg-events.de\\\/horizont-kongress\\\/referenten\\\/kristian-meinken\\\/#primaryimage\",\"url\":\"https:\\\/\\\/dfvcg-events.de\\\/horizont-kongress\\\/wp-content\\\/uploads\\\/2026\\\/03\\\/Meinken-Kristian-Pilot.jpg\",\"contentUrl\":\"https:\\\/\\\/dfvcg-events.de\\\/horizont-kongress\\\/wp-content\\\/uploads\\\/2026\\\/03\\\/Meinken-Kristian-Pilot.jpg\",\"width\":400,\"height\":500,\"caption\":\"Meinken-Kristian-Pilot\"},{\"@type\":\"BreadcrumbList\",\"@id\":\"https:\\\/\\\/dfvcg-events.de\\\/horizont-kongress\\\/referenten\\\/kristian-meinken\\\/#breadcrumb\",\"itemListElement\":[{\"@type\":\"ListItem\",\"position\":1,\"name\":\"Startseite\",\"item\":\"https:\\\/\\\/dfvcg-events.de\\\/horizont-kongress\\\/\"},{\"@type\":\"ListItem\",\"position\":2,\"name\":\"Kristian Meinken\"}]},{\"@type\":\"WebSite\",\"@id\":\"https:\\\/\\\/dfvcg-events.de\\\/horizont-kongress\\\/#website\",\"url\":\"https:\\\/\\\/dfvcg-events.de\\\/horizont-kongress\\\/\",\"name\":\"HORIZONT Kongress 2025 + HORIZONT AWARD\",\"description\":\"02.\\\/03. Juni 2026 | Radialsystem | Berlin\",\"alternateName\":\"Der Top-Jahreskongress f\u00fcr das \u201eWho is Who\u201c aus Marketing und Werbung\",\"potentialAction\":[{\"@type\":\"SearchAction\",\"target\":{\"@type\":\"EntryPoint\",\"urlTemplate\":\"https:\\\/\\\/dfvcg-events.de\\\/horizont-kongress\\\/?s={search_term_string}\"},\"query-input\":{\"@type\":\"PropertyValueSpecification\",\"valueRequired\":true,\"valueName\":\"search_term_string\"}}],\"inLanguage\":\"de\"}]}<\/script>\n<!-- \/ Yoast SEO plugin. -->","yoast_head_json":{"title":"Kristian Meinken | HORIZONT Kongress","description":"Seien Sie dabei, h\u00f6ren Sie spannende Vortr\u00e4ge und nutzten Sie die Chance vor Ort zum Networking. Wir freuen uns auf Ihre Teilnahme!","robots":{"index":"noindex","follow":"follow"},"twitter_misc":{"Gesch\u00e4tzte Lesezeit":"1\u00a0Minute"},"schema":{"@context":"https:\/\/schema.org","@graph":[{"@type":"WebPage","@id":"https:\/\/dfvcg-events.de\/horizont-kongress\/referenten\/kristian-meinken\/","url":"https:\/\/dfvcg-events.de\/horizont-kongress\/referenten\/kristian-meinken\/","name":"Kristian Meinken | HORIZONT Kongress","isPartOf":{"@id":"https:\/\/dfvcg-events.de\/horizont-kongress\/#website"},"primaryImageOfPage":{"@id":"https:\/\/dfvcg-events.de\/horizont-kongress\/referenten\/kristian-meinken\/#primaryimage"},"image":{"@id":"https:\/\/dfvcg-events.de\/horizont-kongress\/referenten\/kristian-meinken\/#primaryimage"},"thumbnailUrl":"https:\/\/dfvcg-events.de\/horizont-kongress\/wp-content\/uploads\/2026\/03\/Meinken-Kristian-Pilot.jpg","datePublished":"2026-03-26T12:30:20+00:00","dateModified":"2026-04-30T18:05:39+00:00","description":"Seien Sie dabei, h\u00f6ren Sie spannende Vortr\u00e4ge und nutzten Sie die Chance vor Ort zum Networking. Wir freuen uns auf Ihre Teilnahme!","breadcrumb":{"@id":"https:\/\/dfvcg-events.de\/horizont-kongress\/referenten\/kristian-meinken\/#breadcrumb"},"inLanguage":"de","potentialAction":[{"@type":"ReadAction","target":["https:\/\/dfvcg-events.de\/horizont-kongress\/referenten\/kristian-meinken\/"]}]},{"@type":"ImageObject","inLanguage":"de","@id":"https:\/\/dfvcg-events.de\/horizont-kongress\/referenten\/kristian-meinken\/#primaryimage","url":"https:\/\/dfvcg-events.de\/horizont-kongress\/wp-content\/uploads\/2026\/03\/Meinken-Kristian-Pilot.jpg","contentUrl":"https:\/\/dfvcg-events.de\/horizont-kongress\/wp-content\/uploads\/2026\/03\/Meinken-Kristian-Pilot.jpg","width":400,"height":500,"caption":"Meinken-Kristian-Pilot"},{"@type":"BreadcrumbList","@id":"https:\/\/dfvcg-events.de\/horizont-kongress\/referenten\/kristian-meinken\/#breadcrumb","itemListElement":[{"@type":"ListItem","position":1,"name":"Startseite","item":"https:\/\/dfvcg-events.de\/horizont-kongress\/"},{"@type":"ListItem","position":2,"name":"Kristian Meinken"}]},{"@type":"WebSite","@id":"https:\/\/dfvcg-events.de\/horizont-kongress\/#website","url":"https:\/\/dfvcg-events.de\/horizont-kongress\/","name":"HORIZONT Kongress 2025 + HORIZONT AWARD","description":"02.\/03. Juni 2026 | Radialsystem | Berlin","alternateName":"Der Top-Jahreskongress f\u00fcr das \u201eWho is Who\u201c aus Marketing und Werbung","potentialAction":[{"@type":"SearchAction","target":{"@type":"EntryPoint","urlTemplate":"https:\/\/dfvcg-events.de\/horizont-kongress\/?s={search_term_string}"},"query-input":{"@type":"PropertyValueSpecification","valueRequired":true,"valueName":"search_term_string"}}],"inLanguage":"de"}]}},"_links":{"self":[{"href":"https:\/\/dfvcg-events.de\/horizont-kongress\/wp-json\/wp\/v2\/portfolio\/15413","targetHints":{"allow":["GET"]}}],"collection":[{"href":"https:\/\/dfvcg-events.de\/horizont-kongress\/wp-json\/wp\/v2\/portfolio"}],"about":[{"href":"https:\/\/dfvcg-events.de\/horizont-kongress\/wp-json\/wp\/v2\/types\/portfolio"}],"author":[{"embeddable":true,"href":"https:\/\/dfvcg-events.de\/horizont-kongress\/wp-json\/wp\/v2\/users\/10"}],"replies":[{"embeddable":true,"href":"https:\/\/dfvcg-events.de\/horizont-kongress\/wp-json\/wp\/v2\/comments?post=15413"}],"version-history":[{"count":4,"href":"https:\/\/dfvcg-events.de\/horizont-kongress\/wp-json\/wp\/v2\/portfolio\/15413\/revisions"}],"predecessor-version":[{"id":15720,"href":"https:\/\/dfvcg-events.de\/horizont-kongress\/wp-json\/wp\/v2\/portfolio\/15413\/revisions\/15720"}],"wp:featuredmedia":[{"embeddable":true,"href":"https:\/\/dfvcg-events.de\/horizont-kongress\/wp-json\/wp\/v2\/media\/15721"}],"wp:attachment":[{"href":"https:\/\/dfvcg-events.de\/horizont-kongress\/wp-json\/wp\/v2\/media?parent=15413"}],"wp:term":[{"taxonomy":"post_tag","embeddable":true,"href":"https:\/\/dfvcg-events.de\/horizont-kongress\/wp-json\/wp\/v2\/tags?post=15413"},{"taxonomy":"portfolio_entries","embeddable":true,"href":"https:\/\/dfvcg-events.de\/horizont-kongress\/wp-json\/wp\/v2\/portfolio_entries?post=15413"}],"curies":[{"name":"wp","href":"https:\/\/api.w.org\/{rel}","templated":true}]}}

<div id='av_section_1'  class='avia-section av-a7cpvh-4af2a67353764478dd6c5f66bd6f5bc2 main_color avia-section-default avia-no-border-styling  avia-builder-el-0  avia-builder-el-no-sibling  avia-bg-style-scroll av-minimum-height av-minimum-height-75 av-height-75  container_wrap fullsize'   data-av_minimum_height_pc='75' data-av_min_height_opt='75'><div class='container av-section-cont-open' ><main  role="main" itemprop="mainContentOfPage"  class='template-page content  av-content-full alpha units'><div class='post-entry post-entry-type-page post-entry-15413'><div class='entry-content-wrapper clearfix'>

<style type="text/css" data-created_by="avia_inline_auto" id="style-css-av-91z3bx-2eeb31647dc5c78499c2f83e3e21a2e6">
.flex_column.av-91z3bx-2eeb31647dc5c78499c2f83e3e21a2e6{
border-radius:0px 0px 0px 0px;
padding:0px 0px 0px 0px;
}
</style>
<div  class='flex_column av-91z3bx-2eeb31647dc5c78499c2f83e3e21a2e6 av_one_third  avia-builder-el-1  el_before_av_two_third  avia-builder-el-first  first flex_column_div av-zero-column-padding  '     ><style type="text/css" data-created_by="avia_inline_auto" id="style-css-av-7a7kfx-ff14fcfa9f756e257068bd505e57fd27">
.avia-image-container.av-7a7kfx-ff14fcfa9f756e257068bd505e57fd27 img.avia_image{
box-shadow:none;
}
.avia-image-container.av-7a7kfx-ff14fcfa9f756e257068bd505e57fd27 .av-image-caption-overlay-center{
color:#ffffff;
}
</style>
<div  class='avia-image-container av-7a7kfx-ff14fcfa9f756e257068bd505e57fd27 av-styling-no-styling avia-align-left  avia-builder-el-2  avia-builder-el-no-sibling '   itemprop="image" itemscope="itemscope" itemtype="https://schema.org/ImageObject" ><div class="avia-image-container-inner"><div class="avia-image-overlay-wrap"><img decoding="async" fetchpriority="high" class='wp-image-15721 avia-img-lazy-loading-not-15721 avia_image ' src="https://dfvcg-events.de/horizont-kongress/wp-content/uploads/2026/03/Meinken-Kristian-Pilot.jpg" alt='Meinken-Kristian-Pilot' title='Meinken-Kristian-Pilot'  height="500" width="400"  itemprop="thumbnailUrl"  /></div></div></div></div>
<style type="text/css" data-created_by="avia_inline_auto" id="style-css-av-5si1yl-f7cb215801cea4f5e15fddd624eaecfd">
.flex_column.av-5si1yl-f7cb215801cea4f5e15fddd624eaecfd{
border-radius:0px 0px 0px 0px;
padding:0px 0px 0px 0px;
}
</style>
<div  class='flex_column av-5si1yl-f7cb215801cea4f5e15fddd624eaecfd av_two_third  avia-builder-el-3  el_after_av_one_third  avia-builder-el-last  flex_column_div av-zero-column-padding  '     ><p>
<style type="text/css" data-created_by="avia_inline_auto" id="style-css-av-349dlv-4fc4e9483c0d5ddae32d2270e92efbf6">
#top .av-special-heading.av-349dlv-4fc4e9483c0d5ddae32d2270e92efbf6{
padding-bottom:35px;
}
body .av-special-heading.av-349dlv-4fc4e9483c0d5ddae32d2270e92efbf6 .av-special-heading-tag .heading-char{
font-size:25px;
}
.av-special-heading.av-349dlv-4fc4e9483c0d5ddae32d2270e92efbf6 .av-subheading{
font-size:17px;
}
</style>
<div  class='av-special-heading av-349dlv-4fc4e9483c0d5ddae32d2270e92efbf6 av-special-heading-h2 blockquote modern-quote  avia-builder-el-4  el_before_av_textblock  avia-builder-el-first '><h2 class='av-special-heading-tag '  itemprop="headline"  >Kristian Meinken</h2><div class='av-subheading av-subheading_below'><p>CEO<br />
pilot Agenturgruppe</p>
</div><div class="special-heading-border"><div class="special-heading-inner-border"></div></div></div><br />
<section  class='av_textblock_section av-2vvrjh-0118e2eeb6461ddae872bcb34d1e015b '   itemscope="itemscope" itemtype="https://schema.org/CreativeWork" ><div class='avia_textblock'  itemprop="text" ><p>Kristian Meinken, Diplom-Kaufmann und seit 2018 CEO der pilot Agenturgruppe, ist eine angesehene Führungspersönlichkeit in der Medienbranche. Seit seinem Einstieg bei pilot im Jahr 2007 hat er sich durch seine erfolgreiche Betreuung des Kunden Procter &amp; Gamble und die Gründung der P&amp;G-Agentur TwentyFive im Jahr 2017 profiliert. Zudem engagiert er sich seit 2019 im Vorstand des führenden Kompetenzzentrum für Künstliche Intelligenz in Norddeutschland, dem Artificial Intelligence Center Hamburg (ARIC) und setzt dort Maßstäbe in der KI-Entwicklung. Meinken ist zudem bekannt für sein engagiertes Vorantreiben der Technologiestrategie der Agenturgruppe, insbesondere durch den Ausbau des Software-Geschäfts mit der Tochtergesellschaft Mercury Media Technology.</p>
</div></section></p></div>

<!-- This site is optimized with the Yoast SEO plugin v27.4 - https://yoast.com/product/yoast-seo-wordpress/ -->
<title>Kristian Meinken | HORIZONT Kongress</title>
<meta name="description" content="Seien Sie dabei, hören Sie spannende Vorträge und nutzten Sie die Chance vor Ort zum Networking. Wir freuen uns auf Ihre Teilnahme!" />
<meta name="robots" content="noindex, follow" />
<meta name="twitter:label1" content="Geschätzte Lesezeit" />
	<meta name="twitter:data1" content="1 Minute" />
<script type="application/ld+json" class="yoast-schema-graph">{"@context":"https:\/\/schema.org","@graph":[{"@type":"WebPage","@id":"https:\/\/dfvcg-events.de\/horizont-kongress\/referenten\/kristian-meinken\/","url":"https:\/\/dfvcg-events.de\/horizont-kongress\/referenten\/kristian-meinken\/","name":"Kristian Meinken | HORIZONT Kongress","isPartOf":{"@id":"https:\/\/dfvcg-events.de\/horizont-kongress\/#website"},"primaryImageOfPage":{"@id":"https:\/\/dfvcg-events.de\/horizont-kongress\/referenten\/kristian-meinken\/#primaryimage"},"image":{"@id":"https:\/\/dfvcg-events.de\/horizont-kongress\/referenten\/kristian-meinken\/#primaryimage"},"thumbnailUrl":"https:\/\/dfvcg-events.de\/horizont-kongress\/wp-content\/uploads\/2026\/03\/Meinken-Kristian-Pilot.jpg","datePublished":"2026-03-26T12:30:20+00:00","dateModified":"2026-04-30T18:05:39+00:00","description":"Seien Sie dabei, hören Sie spannende Vorträge und nutzten Sie die Chance vor Ort zum Networking. Wir freuen uns auf Ihre Teilnahme!","breadcrumb":{"@id":"https:\/\/dfvcg-events.de\/horizont-kongress\/referenten\/kristian-meinken\/#breadcrumb"},"inLanguage":"de","potentialAction":[{"@type":"ReadAction","target":["https:\/\/dfvcg-events.de\/horizont-kongress\/referenten\/kristian-meinken\/"]}]},{"@type":"ImageObject","inLanguage":"de","@id":"https:\/\/dfvcg-events.de\/horizont-kongress\/referenten\/kristian-meinken\/#primaryimage","url":"https:\/\/dfvcg-events.de\/horizont-kongress\/wp-content\/uploads\/2026\/03\/Meinken-Kristian-Pilot.jpg","contentUrl":"https:\/\/dfvcg-events.de\/horizont-kongress\/wp-content\/uploads\/2026\/03\/Meinken-Kristian-Pilot.jpg","width":400,"height":500,"caption":"Meinken-Kristian-Pilot"},{"@type":"BreadcrumbList","@id":"https:\/\/dfvcg-events.de\/horizont-kongress\/referenten\/kristian-meinken\/#breadcrumb","itemListElement":[{"@type":"ListItem","position":1,"name":"Startseite","item":"https:\/\/dfvcg-events.de\/horizont-kongress\/"},{"@type":"ListItem","position":2,"name":"Kristian Meinken"}]},{"@type":"WebSite","@id":"https:\/\/dfvcg-events.de\/horizont-kongress\/#website","url":"https:\/\/dfvcg-events.de\/horizont-kongress\/","name":"HORIZONT Kongress 2025 + HORIZONT AWARD","description":"02.\/03. Juni 2026 | Radialsystem | Berlin","alternateName":"Der Top-Jahreskongress für das „Who is Who“ aus Marketing und Werbung","potentialAction":[{"@type":"SearchAction","target":{"@type":"EntryPoint","urlTemplate":"https:\/\/dfvcg-events.de\/horizont-kongress\/?s={search_term_string}"},"query-input":{"@type":"PropertyValueSpecification","valueRequired":true,"valueName":"search_term_string"}}],"inLanguage":"de"}]}</script>
<!-- / Yoast SEO plugin. -->

Seien Sie dabei, hören Sie spannende Vorträge und nutzten Sie die Chance vor Ort zum Networking. Wir freuen uns auf Ihre Teilnahme!

Der Top-Jahreskongress für das „Who is Who“ aus Marketing und Werbung
