{"id":12546,"date":"2025-02-26T14:49:05","date_gmt":"2025-02-26T13:49:05","guid":{"rendered":"https:\/\/horizont.dfvcg-events.de\/deutscher-medienkongress\/?post_type=portfolio&#038;p=12546"},"modified":"2026-02-19T15:34:46","modified_gmt":"2026-02-19T14:34:46","slug":"kolja-brosche","status":"publish","type":"portfolio","link":"https:\/\/dfvcg-events.de\/horizont-kongress\/referenten\/kolja-brosche\/","title":{"rendered":"Kolja Brosche"},"content":{"rendered":"<div id='av_section_1'  class='avia-section av-a7cpvh-4af2a67353764478dd6c5f66bd6f5bc2 main_color avia-section-default avia-no-border-styling  avia-builder-el-0  avia-builder-el-no-sibling  avia-bg-style-scroll av-minimum-height av-minimum-height-75 av-height-75  container_wrap fullsize'   data-av_minimum_height_pc='75' data-av_min_height_opt='75'><div class='container av-section-cont-open' ><main  role=\"main\" itemprop=\"mainContentOfPage\"  class='template-page content  av-content-full alpha units'><div class='post-entry post-entry-type-page post-entry-12546'><div class='entry-content-wrapper clearfix'>\n\n<style type=\"text\/css\" data-created_by=\"avia_inline_auto\" id=\"style-css-av-91z3bx-2eeb31647dc5c78499c2f83e3e21a2e6\">\n.flex_column.av-91z3bx-2eeb31647dc5c78499c2f83e3e21a2e6{\nborder-radius:0px 0px 0px 0px;\npadding:0px 0px 0px 0px;\n}\n<\/style>\n<div  class='flex_column av-91z3bx-2eeb31647dc5c78499c2f83e3e21a2e6 av_one_third  avia-builder-el-1  el_before_av_two_third  avia-builder-el-first  first flex_column_div av-zero-column-padding  '     ><style type=\"text\/css\" data-created_by=\"avia_inline_auto\" id=\"style-css-av-7a7kfx-4303a00022c08a4cb97972a99c80d343\">\n.avia-image-container.av-7a7kfx-4303a00022c08a4cb97972a99c80d343 img.avia_image{\nbox-shadow:none;\n}\n.avia-image-container.av-7a7kfx-4303a00022c08a4cb97972a99c80d343 .av-image-caption-overlay-center{\ncolor:#ffffff;\n}\n<\/style>\n<div  class='avia-image-container av-7a7kfx-4303a00022c08a4cb97972a99c80d343 av-styling-no-styling avia-align-left  avia-builder-el-2  avia-builder-el-no-sibling '   itemprop=\"image\" itemscope=\"itemscope\" itemtype=\"https:\/\/schema.org\/ImageObject\" ><div class=\"avia-image-container-inner\"><div class=\"avia-image-overlay-wrap\"><img decoding=\"async\" fetchpriority=\"high\" class='wp-image-12547 avia-img-lazy-loading-not-12547 avia_image ' src=\"https:\/\/dfvcg-events.de\/horizont-kongress\/wp-content\/uploads\/2025\/02\/Brosche-Koja-LiveRamp_web.jpg\" alt='' title='Brosche-Koja-LiveRamp_web'  height=\"500\" width=\"400\"  itemprop=\"thumbnailUrl\"  \/><\/div><\/div><\/div><\/div>\n<style type=\"text\/css\" data-created_by=\"avia_inline_auto\" id=\"style-css-av-5si1yl-f7cb215801cea4f5e15fddd624eaecfd\">\n.flex_column.av-5si1yl-f7cb215801cea4f5e15fddd624eaecfd{\nborder-radius:0px 0px 0px 0px;\npadding:0px 0px 0px 0px;\n}\n<\/style>\n<div  class='flex_column av-5si1yl-f7cb215801cea4f5e15fddd624eaecfd av_two_third  avia-builder-el-3  el_after_av_one_third  avia-builder-el-last  flex_column_div av-zero-column-padding  '     ><p>\n<style type=\"text\/css\" data-created_by=\"avia_inline_auto\" id=\"style-css-av-349dlv-ad1b0e32a7bc69dc28a9419534763fe0\">\n#top .av-special-heading.av-349dlv-ad1b0e32a7bc69dc28a9419534763fe0{\npadding-bottom:35px;\n}\nbody .av-special-heading.av-349dlv-ad1b0e32a7bc69dc28a9419534763fe0 .av-special-heading-tag .heading-char{\nfont-size:25px;\n}\n.av-special-heading.av-349dlv-ad1b0e32a7bc69dc28a9419534763fe0 .av-subheading{\nfont-size:17px;\n}\n<\/style>\n<div  class='av-special-heading av-349dlv-ad1b0e32a7bc69dc28a9419534763fe0 av-special-heading-h2 blockquote modern-quote  avia-builder-el-4  el_before_av_textblock  avia-builder-el-first '><h2 class='av-special-heading-tag '  itemprop=\"headline\"  >Kolja Brosche<\/h2><div class='av-subheading av-subheading_below'><p>Head of Brands DE<br \/>\nLiveRamp<\/p>\n<\/div><div class=\"special-heading-border\"><div class=\"special-heading-inner-border\"><\/div><\/div><\/div><br \/>\n<section  class='av_textblock_section av-2vvrjh-0118e2eeb6461ddae872bcb34d1e015b '   itemscope=\"itemscope\" itemtype=\"https:\/\/schema.org\/CreativeWork\" ><div class='avia_textblock'  itemprop=\"text\" ><p>Kolja Brosche ist Head of Brands DE bei LiveRamp. Er zeichnet f\u00fcr den strategischen Aufbau des Deutschlandgesch\u00e4fts von LiveRamp verantwortlich. Er bringt \u00fcber 20 Jahre Erfahrung in der Digitalbranche mit und bekleidete verschiedene leitende Rollen, unter anderem in Media-Agenturen, bei Digital-Vermarktern sowie Technologie- und Softwareanbietern aus dem Adtech- und Martech-Bereich. Zuletzt leitete er als EMEA Agency Alliances Director bei Oracle das internationale Agentur-Partnernetzwerk f\u00fcr den Bereich Oracle Marketing Cloud in Europa.<\/p>\n<\/div><\/section><\/p><\/div>\n","protected":false},"excerpt":{"rendered":"<p>LiveRamp<\/p>\n","protected":false},"author":10,"featured_media":12547,"comment_status":"closed","ping_status":"closed","template":"","meta":{"footnotes":""},"tags":[],"portfolio_entries":[16,21,26],"class_list":["post-12546","portfolio","type-portfolio","status-publish","has-post-thumbnail","hentry","portfolio_entries-referent-2022","portfolio_entries-referent-2025","portfolio_entries-referent-2026"],"yoast_head":"<!-- This site is optimized with the Yoast SEO plugin v27.4 - https:\/\/yoast.com\/product\/yoast-seo-wordpress\/ -->\n<title>Kolja Brosche | HORIZONT Kongress<\/title>\n<meta name=\"description\" content=\"Seien Sie dabei, h\u00f6ren Sie spannende Vortr\u00e4ge und nutzten Sie die Chance vor Ort zum Networking. Wir freuen uns auf Ihre Teilnahme!\" \/>\n<meta name=\"robots\" content=\"noindex, follow\" \/>\n<meta name=\"twitter:label1\" content=\"Gesch\u00e4tzte Lesezeit\" \/>\n\t<meta name=\"twitter:data1\" content=\"1\u00a0Minute\" \/>\n<script type=\"application\/ld+json\" class=\"yoast-schema-graph\">{\"@context\":\"https:\\\/\\\/schema.org\",\"@graph\":[{\"@type\":\"WebPage\",\"@id\":\"https:\\\/\\\/dfvcg-events.de\\\/horizont-kongress\\\/referenten\\\/kolja-brosche\\\/\",\"url\":\"https:\\\/\\\/dfvcg-events.de\\\/horizont-kongress\\\/referenten\\\/kolja-brosche\\\/\",\"name\":\"Kolja Brosche | HORIZONT Kongress\",\"isPartOf\":{\"@id\":\"https:\\\/\\\/dfvcg-events.de\\\/horizont-kongress\\\/#website\"},\"primaryImageOfPage\":{\"@id\":\"https:\\\/\\\/dfvcg-events.de\\\/horizont-kongress\\\/referenten\\\/kolja-brosche\\\/#primaryimage\"},\"image\":{\"@id\":\"https:\\\/\\\/dfvcg-events.de\\\/horizont-kongress\\\/referenten\\\/kolja-brosche\\\/#primaryimage\"},\"thumbnailUrl\":\"https:\\\/\\\/dfvcg-events.de\\\/horizont-kongress\\\/wp-content\\\/uploads\\\/2025\\\/02\\\/Brosche-Koja-LiveRamp_web.jpg\",\"datePublished\":\"2025-02-26T13:49:05+00:00\",\"dateModified\":\"2026-02-19T14:34:46+00:00\",\"description\":\"Seien Sie dabei, h\u00f6ren Sie spannende Vortr\u00e4ge und nutzten Sie die Chance vor Ort zum Networking. Wir freuen uns auf Ihre Teilnahme!\",\"breadcrumb\":{\"@id\":\"https:\\\/\\\/dfvcg-events.de\\\/horizont-kongress\\\/referenten\\\/kolja-brosche\\\/#breadcrumb\"},\"inLanguage\":\"de\",\"potentialAction\":[{\"@type\":\"ReadAction\",\"target\":[\"https:\\\/\\\/dfvcg-events.de\\\/horizont-kongress\\\/referenten\\\/kolja-brosche\\\/\"]}]},{\"@type\":\"ImageObject\",\"inLanguage\":\"de\",\"@id\":\"https:\\\/\\\/dfvcg-events.de\\\/horizont-kongress\\\/referenten\\\/kolja-brosche\\\/#primaryimage\",\"url\":\"https:\\\/\\\/dfvcg-events.de\\\/horizont-kongress\\\/wp-content\\\/uploads\\\/2025\\\/02\\\/Brosche-Koja-LiveRamp_web.jpg\",\"contentUrl\":\"https:\\\/\\\/dfvcg-events.de\\\/horizont-kongress\\\/wp-content\\\/uploads\\\/2025\\\/02\\\/Brosche-Koja-LiveRamp_web.jpg\",\"width\":400,\"height\":500},{\"@type\":\"BreadcrumbList\",\"@id\":\"https:\\\/\\\/dfvcg-events.de\\\/horizont-kongress\\\/referenten\\\/kolja-brosche\\\/#breadcrumb\",\"itemListElement\":[{\"@type\":\"ListItem\",\"position\":1,\"name\":\"Startseite\",\"item\":\"https:\\\/\\\/dfvcg-events.de\\\/horizont-kongress\\\/\"},{\"@type\":\"ListItem\",\"position\":2,\"name\":\"Kolja Brosche\"}]},{\"@type\":\"WebSite\",\"@id\":\"https:\\\/\\\/dfvcg-events.de\\\/horizont-kongress\\\/#website\",\"url\":\"https:\\\/\\\/dfvcg-events.de\\\/horizont-kongress\\\/\",\"name\":\"HORIZONT Kongress 2025 + HORIZONT AWARD\",\"description\":\"02.\\\/03. Juni 2026 | Radialsystem | Berlin\",\"alternateName\":\"Der Top-Jahreskongress f\u00fcr das \u201eWho is Who\u201c aus Marketing und Werbung\",\"potentialAction\":[{\"@type\":\"SearchAction\",\"target\":{\"@type\":\"EntryPoint\",\"urlTemplate\":\"https:\\\/\\\/dfvcg-events.de\\\/horizont-kongress\\\/?s={search_term_string}\"},\"query-input\":{\"@type\":\"PropertyValueSpecification\",\"valueRequired\":true,\"valueName\":\"search_term_string\"}}],\"inLanguage\":\"de\"}]}<\/script>\n<!-- \/ Yoast SEO plugin. -->","yoast_head_json":{"title":"Kolja Brosche | HORIZONT Kongress","description":"Seien Sie dabei, h\u00f6ren Sie spannende Vortr\u00e4ge und nutzten Sie die Chance vor Ort zum Networking. Wir freuen uns auf Ihre Teilnahme!","robots":{"index":"noindex","follow":"follow"},"twitter_misc":{"Gesch\u00e4tzte Lesezeit":"1\u00a0Minute"},"schema":{"@context":"https:\/\/schema.org","@graph":[{"@type":"WebPage","@id":"https:\/\/dfvcg-events.de\/horizont-kongress\/referenten\/kolja-brosche\/","url":"https:\/\/dfvcg-events.de\/horizont-kongress\/referenten\/kolja-brosche\/","name":"Kolja Brosche | HORIZONT Kongress","isPartOf":{"@id":"https:\/\/dfvcg-events.de\/horizont-kongress\/#website"},"primaryImageOfPage":{"@id":"https:\/\/dfvcg-events.de\/horizont-kongress\/referenten\/kolja-brosche\/#primaryimage"},"image":{"@id":"https:\/\/dfvcg-events.de\/horizont-kongress\/referenten\/kolja-brosche\/#primaryimage"},"thumbnailUrl":"https:\/\/dfvcg-events.de\/horizont-kongress\/wp-content\/uploads\/2025\/02\/Brosche-Koja-LiveRamp_web.jpg","datePublished":"2025-02-26T13:49:05+00:00","dateModified":"2026-02-19T14:34:46+00:00","description":"Seien Sie dabei, h\u00f6ren Sie spannende Vortr\u00e4ge und nutzten Sie die Chance vor Ort zum Networking. Wir freuen uns auf Ihre Teilnahme!","breadcrumb":{"@id":"https:\/\/dfvcg-events.de\/horizont-kongress\/referenten\/kolja-brosche\/#breadcrumb"},"inLanguage":"de","potentialAction":[{"@type":"ReadAction","target":["https:\/\/dfvcg-events.de\/horizont-kongress\/referenten\/kolja-brosche\/"]}]},{"@type":"ImageObject","inLanguage":"de","@id":"https:\/\/dfvcg-events.de\/horizont-kongress\/referenten\/kolja-brosche\/#primaryimage","url":"https:\/\/dfvcg-events.de\/horizont-kongress\/wp-content\/uploads\/2025\/02\/Brosche-Koja-LiveRamp_web.jpg","contentUrl":"https:\/\/dfvcg-events.de\/horizont-kongress\/wp-content\/uploads\/2025\/02\/Brosche-Koja-LiveRamp_web.jpg","width":400,"height":500},{"@type":"BreadcrumbList","@id":"https:\/\/dfvcg-events.de\/horizont-kongress\/referenten\/kolja-brosche\/#breadcrumb","itemListElement":[{"@type":"ListItem","position":1,"name":"Startseite","item":"https:\/\/dfvcg-events.de\/horizont-kongress\/"},{"@type":"ListItem","position":2,"name":"Kolja Brosche"}]},{"@type":"WebSite","@id":"https:\/\/dfvcg-events.de\/horizont-kongress\/#website","url":"https:\/\/dfvcg-events.de\/horizont-kongress\/","name":"HORIZONT Kongress 2025 + HORIZONT AWARD","description":"02.\/03. Juni 2026 | Radialsystem | Berlin","alternateName":"Der Top-Jahreskongress f\u00fcr das \u201eWho is Who\u201c aus Marketing und Werbung","potentialAction":[{"@type":"SearchAction","target":{"@type":"EntryPoint","urlTemplate":"https:\/\/dfvcg-events.de\/horizont-kongress\/?s={search_term_string}"},"query-input":{"@type":"PropertyValueSpecification","valueRequired":true,"valueName":"search_term_string"}}],"inLanguage":"de"}]}},"_links":{"self":[{"href":"https:\/\/dfvcg-events.de\/horizont-kongress\/wp-json\/wp\/v2\/portfolio\/12546","targetHints":{"allow":["GET"]}}],"collection":[{"href":"https:\/\/dfvcg-events.de\/horizont-kongress\/wp-json\/wp\/v2\/portfolio"}],"about":[{"href":"https:\/\/dfvcg-events.de\/horizont-kongress\/wp-json\/wp\/v2\/types\/portfolio"}],"author":[{"embeddable":true,"href":"https:\/\/dfvcg-events.de\/horizont-kongress\/wp-json\/wp\/v2\/users\/10"}],"replies":[{"embeddable":true,"href":"https:\/\/dfvcg-events.de\/horizont-kongress\/wp-json\/wp\/v2\/comments?post=12546"}],"version-history":[{"count":2,"href":"https:\/\/dfvcg-events.de\/horizont-kongress\/wp-json\/wp\/v2\/portfolio\/12546\/revisions"}],"predecessor-version":[{"id":14961,"href":"https:\/\/dfvcg-events.de\/horizont-kongress\/wp-json\/wp\/v2\/portfolio\/12546\/revisions\/14961"}],"wp:featuredmedia":[{"embeddable":true,"href":"https:\/\/dfvcg-events.de\/horizont-kongress\/wp-json\/wp\/v2\/media\/12547"}],"wp:attachment":[{"href":"https:\/\/dfvcg-events.de\/horizont-kongress\/wp-json\/wp\/v2\/media?parent=12546"}],"wp:term":[{"taxonomy":"post_tag","embeddable":true,"href":"https:\/\/dfvcg-events.de\/horizont-kongress\/wp-json\/wp\/v2\/tags?post=12546"},{"taxonomy":"portfolio_entries","embeddable":true,"href":"https:\/\/dfvcg-events.de\/horizont-kongress\/wp-json\/wp\/v2\/portfolio_entries?post=12546"}],"curies":[{"name":"wp","href":"https:\/\/api.w.org\/{rel}","templated":true}]}}

<div id='av_section_1'  class='avia-section av-a7cpvh-4af2a67353764478dd6c5f66bd6f5bc2 main_color avia-section-default avia-no-border-styling  avia-builder-el-0  avia-builder-el-no-sibling  avia-bg-style-scroll av-minimum-height av-minimum-height-75 av-height-75  container_wrap fullsize'   data-av_minimum_height_pc='75' data-av_min_height_opt='75'><div class='container av-section-cont-open' ><main  role="main" itemprop="mainContentOfPage"  class='template-page content  av-content-full alpha units'><div class='post-entry post-entry-type-page post-entry-12546'><div class='entry-content-wrapper clearfix'>

<style type="text/css" data-created_by="avia_inline_auto" id="style-css-av-91z3bx-2eeb31647dc5c78499c2f83e3e21a2e6">
.flex_column.av-91z3bx-2eeb31647dc5c78499c2f83e3e21a2e6{
border-radius:0px 0px 0px 0px;
padding:0px 0px 0px 0px;
}
</style>
<div  class='flex_column av-91z3bx-2eeb31647dc5c78499c2f83e3e21a2e6 av_one_third  avia-builder-el-1  el_before_av_two_third  avia-builder-el-first  first flex_column_div av-zero-column-padding  '     ><style type="text/css" data-created_by="avia_inline_auto" id="style-css-av-7a7kfx-4303a00022c08a4cb97972a99c80d343">
.avia-image-container.av-7a7kfx-4303a00022c08a4cb97972a99c80d343 img.avia_image{
box-shadow:none;
}
.avia-image-container.av-7a7kfx-4303a00022c08a4cb97972a99c80d343 .av-image-caption-overlay-center{
color:#ffffff;
}
</style>
<div  class='avia-image-container av-7a7kfx-4303a00022c08a4cb97972a99c80d343 av-styling-no-styling avia-align-left  avia-builder-el-2  avia-builder-el-no-sibling '   itemprop="image" itemscope="itemscope" itemtype="https://schema.org/ImageObject" ><div class="avia-image-container-inner"><div class="avia-image-overlay-wrap"><img decoding="async" fetchpriority="high" class='wp-image-12547 avia-img-lazy-loading-not-12547 avia_image ' src="https://dfvcg-events.de/horizont-kongress/wp-content/uploads/2025/02/Brosche-Koja-LiveRamp_web.jpg" alt='' title='Brosche-Koja-LiveRamp_web'  height="500" width="400"  itemprop="thumbnailUrl"  /></div></div></div></div>
<style type="text/css" data-created_by="avia_inline_auto" id="style-css-av-5si1yl-f7cb215801cea4f5e15fddd624eaecfd">
.flex_column.av-5si1yl-f7cb215801cea4f5e15fddd624eaecfd{
border-radius:0px 0px 0px 0px;
padding:0px 0px 0px 0px;
}
</style>
<div  class='flex_column av-5si1yl-f7cb215801cea4f5e15fddd624eaecfd av_two_third  avia-builder-el-3  el_after_av_one_third  avia-builder-el-last  flex_column_div av-zero-column-padding  '     ><p>
<style type="text/css" data-created_by="avia_inline_auto" id="style-css-av-349dlv-ad1b0e32a7bc69dc28a9419534763fe0">
#top .av-special-heading.av-349dlv-ad1b0e32a7bc69dc28a9419534763fe0{
padding-bottom:35px;
}
body .av-special-heading.av-349dlv-ad1b0e32a7bc69dc28a9419534763fe0 .av-special-heading-tag .heading-char{
font-size:25px;
}
.av-special-heading.av-349dlv-ad1b0e32a7bc69dc28a9419534763fe0 .av-subheading{
font-size:17px;
}
</style>
<div  class='av-special-heading av-349dlv-ad1b0e32a7bc69dc28a9419534763fe0 av-special-heading-h2 blockquote modern-quote  avia-builder-el-4  el_before_av_textblock  avia-builder-el-first '><h2 class='av-special-heading-tag '  itemprop="headline"  >Kolja Brosche</h2><div class='av-subheading av-subheading_below'><p>Head of Brands DE<br />
LiveRamp</p>
</div><div class="special-heading-border"><div class="special-heading-inner-border"></div></div></div><br />
<section  class='av_textblock_section av-2vvrjh-0118e2eeb6461ddae872bcb34d1e015b '   itemscope="itemscope" itemtype="https://schema.org/CreativeWork" ><div class='avia_textblock'  itemprop="text" ><p>Kolja Brosche ist Head of Brands DE bei LiveRamp. Er zeichnet für den strategischen Aufbau des Deutschlandgeschäfts von LiveRamp verantwortlich. Er bringt über 20 Jahre Erfahrung in der Digitalbranche mit und bekleidete verschiedene leitende Rollen, unter anderem in Media-Agenturen, bei Digital-Vermarktern sowie Technologie- und Softwareanbietern aus dem Adtech- und Martech-Bereich. Zuletzt leitete er als EMEA Agency Alliances Director bei Oracle das internationale Agentur-Partnernetzwerk für den Bereich Oracle Marketing Cloud in Europa.</p>
</div></section></p></div>

<!-- This site is optimized with the Yoast SEO plugin v27.4 - https://yoast.com/product/yoast-seo-wordpress/ -->
<title>Kolja Brosche | HORIZONT Kongress</title>
<meta name="description" content="Seien Sie dabei, hören Sie spannende Vorträge und nutzten Sie die Chance vor Ort zum Networking. Wir freuen uns auf Ihre Teilnahme!" />
<meta name="robots" content="noindex, follow" />
<meta name="twitter:label1" content="Geschätzte Lesezeit" />
	<meta name="twitter:data1" content="1 Minute" />
<script type="application/ld+json" class="yoast-schema-graph">{"@context":"https:\/\/schema.org","@graph":[{"@type":"WebPage","@id":"https:\/\/dfvcg-events.de\/horizont-kongress\/referenten\/kolja-brosche\/","url":"https:\/\/dfvcg-events.de\/horizont-kongress\/referenten\/kolja-brosche\/","name":"Kolja Brosche | HORIZONT Kongress","isPartOf":{"@id":"https:\/\/dfvcg-events.de\/horizont-kongress\/#website"},"primaryImageOfPage":{"@id":"https:\/\/dfvcg-events.de\/horizont-kongress\/referenten\/kolja-brosche\/#primaryimage"},"image":{"@id":"https:\/\/dfvcg-events.de\/horizont-kongress\/referenten\/kolja-brosche\/#primaryimage"},"thumbnailUrl":"https:\/\/dfvcg-events.de\/horizont-kongress\/wp-content\/uploads\/2025\/02\/Brosche-Koja-LiveRamp_web.jpg","datePublished":"2025-02-26T13:49:05+00:00","dateModified":"2026-02-19T14:34:46+00:00","description":"Seien Sie dabei, hören Sie spannende Vorträge und nutzten Sie die Chance vor Ort zum Networking. Wir freuen uns auf Ihre Teilnahme!","breadcrumb":{"@id":"https:\/\/dfvcg-events.de\/horizont-kongress\/referenten\/kolja-brosche\/#breadcrumb"},"inLanguage":"de","potentialAction":[{"@type":"ReadAction","target":["https:\/\/dfvcg-events.de\/horizont-kongress\/referenten\/kolja-brosche\/"]}]},{"@type":"ImageObject","inLanguage":"de","@id":"https:\/\/dfvcg-events.de\/horizont-kongress\/referenten\/kolja-brosche\/#primaryimage","url":"https:\/\/dfvcg-events.de\/horizont-kongress\/wp-content\/uploads\/2025\/02\/Brosche-Koja-LiveRamp_web.jpg","contentUrl":"https:\/\/dfvcg-events.de\/horizont-kongress\/wp-content\/uploads\/2025\/02\/Brosche-Koja-LiveRamp_web.jpg","width":400,"height":500},{"@type":"BreadcrumbList","@id":"https:\/\/dfvcg-events.de\/horizont-kongress\/referenten\/kolja-brosche\/#breadcrumb","itemListElement":[{"@type":"ListItem","position":1,"name":"Startseite","item":"https:\/\/dfvcg-events.de\/horizont-kongress\/"},{"@type":"ListItem","position":2,"name":"Kolja Brosche"}]},{"@type":"WebSite","@id":"https:\/\/dfvcg-events.de\/horizont-kongress\/#website","url":"https:\/\/dfvcg-events.de\/horizont-kongress\/","name":"HORIZONT Kongress 2025 + HORIZONT AWARD","description":"02.\/03. Juni 2026 | Radialsystem | Berlin","alternateName":"Der Top-Jahreskongress für das „Who is Who“ aus Marketing und Werbung","potentialAction":[{"@type":"SearchAction","target":{"@type":"EntryPoint","urlTemplate":"https:\/\/dfvcg-events.de\/horizont-kongress\/?s={search_term_string}"},"query-input":{"@type":"PropertyValueSpecification","valueRequired":true,"valueName":"search_term_string"}}],"inLanguage":"de"}]}</script>
<!-- / Yoast SEO plugin. -->

Seien Sie dabei, hören Sie spannende Vorträge und nutzten Sie die Chance vor Ort zum Networking. Wir freuen uns auf Ihre Teilnahme!

Der Top-Jahreskongress für das „Who is Who“ aus Marketing und Werbung
