{"id":1544,"date":"2025-07-30T13:24:23","date_gmt":"2025-07-30T11:24:23","guid":{"rendered":"https:\/\/dfvcg-events.de\/china\/?page_id=1544"},"modified":"2025-07-31T13:04:15","modified_gmt":"2025-07-31T11:04:15","slug":"faq","status":"publish","type":"page","link":"https:\/\/dfvcg-events.de\/china\/faq\/","title":{"rendered":"FAQ"},"content":{"rendered":"<div id='av_section_1'  class='avia-section av-k7yuhjt1-1d81fd9cd2f1046b77b73613459576a5 main_color avia-section-default avia-no-border-styling  avia-builder-el-0  el_before_av_textblock  avia-builder-el-first  header-verlauf avia-bg-style-scroll container_wrap fullsize'  ><div class='container av-section-cont-open' ><main  role=\"main\" itemprop=\"mainContentOfPage\"  class='template-page content  av-content-full alpha units'><div class='post-entry post-entry-type-page post-entry-1544'><div class='entry-content-wrapper clearfix'>\n\n<style type=\"text\/css\" data-created_by=\"avia_inline_auto\" id=\"style-css-av-kki41nfk-923e8ed08f2cfa50cba8750a4c24c73c\">\n#top .av-special-heading.av-kki41nfk-923e8ed08f2cfa50cba8750a4c24c73c{\npadding-bottom:0;\ncolor:#ffffff;\n}\nbody .av-special-heading.av-kki41nfk-923e8ed08f2cfa50cba8750a4c24c73c .av-special-heading-tag .heading-char{\nfont-size:25px;\n}\n.av-special-heading.av-kki41nfk-923e8ed08f2cfa50cba8750a4c24c73c .special-heading-inner-border{\nborder-color:#ffffff;\n}\n.av-special-heading.av-kki41nfk-923e8ed08f2cfa50cba8750a4c24c73c .av-subheading{\nfont-size:15px;\n}\n<\/style>\n<div  class='av-special-heading av-kki41nfk-923e8ed08f2cfa50cba8750a4c24c73c av-special-heading-h1 custom-color-heading blockquote modern-quote  avia-builder-el-1  avia-builder-el-no-sibling '><h1 class='av-special-heading-tag '  itemprop=\"headline\"  >FAQ<\/h1><div class=\"special-heading-border\"><div class=\"special-heading-inner-border\"><\/div><\/div><\/div>\n<\/div><\/div><\/main><!-- close content main element --><\/div><\/div><div id='after_section_1'  class='main_color av_default_container_wrap container_wrap fullsize'  ><div class='container av-section-cont-open' ><div class='template-page content  av-content-full alpha units'><div class='post-entry post-entry-type-page post-entry-1544'><div class='entry-content-wrapper clearfix'>\n<section  class='av_textblock_section av-mdpvu9fm-8be826e1996c8783c5ceda69991e0b15 '   itemscope=\"itemscope\" itemtype=\"https:\/\/schema.org\/CreativeWork\" ><div class='avia_textblock'  itemprop=\"text\" ><p><strong>Brauche ich f\u00fcr die Reise nach China ein Visum?<\/strong><br \/>\nNein, seit dem 01.12.2024 k\u00f6nnen sich deutsche Staatsangeh\u00f6rige, die im Besitz eines g\u00fcltigen Reisepasses sind, ohne Visum zu gesch\u00e4ftlichen oder touristischen Zwecken f\u00fcr die Dauer von 30 Tagen ohne Visum in China aufhalten. Der Reisepass muss ab Einreise mindestens noch 6 Monate Restg\u00fcltigkeit haben und eine freie Doppelseite im Pass muss zur Verf\u00fcgung stehen.<br \/>\nWeitere Informationen zur visumfreien Anreise finden Sie unter:<br \/>\n<a href=\"http:\/\/de.china-embassy.gov.cn\/det\/lsfw\/202412\/t20241217_11495715.htm\" target=\"_blank\" rel=\"noopener\">http:\/\/de.china-embassy.gov.cn\/det\/lsfw\/202412\/t20241217_11495715.htm<\/a><\/p>\n<p><strong><br \/>\nWelche Versicherungen ben\u00f6tige ich f\u00fcr die Reise?<\/strong><br \/>\nEs gibt keine Pflichtversicherung f\u00fcr die Einreise nach China. Zu empfehlen sind Auslandskrankenversicherung, Reiser\u00fccktrittsversicherung etc.<\/p>\n<p><strong><br \/>\nIn welcher Sprache wird w\u00e4hrend der Reise gesprochen?<\/strong><br \/>\nDeutsch und Englisch. F\u00fcr F\u00fchrungen und Vortr\u00e4ge wird konsekutives Dolmetschen organisiert.\u00a0Es kann sein, dass einige der Unternehmensbesuche auf Englisch stattfinden werden. Bei Bedarf steht ein Dolmetscher die ganze Zeit zur Verf\u00fcgung.<\/p>\n<p><strong><br \/>\nWie viele Personen reisen mit?<\/strong><br \/>\nDie Gruppengr\u00f6\u00dfe betr\u00e4gt ca. 15 Personen. Begleitet wird die Reise von Peter Esser und Thomas Bonschab pers\u00f6nlich. Vor Ort k\u00fcmmert sich ein 3-k\u00f6pfiges Team um alle inhaltlichen und logistischen Details.<\/p>\n<p><strong><br \/>\nAuf welcher Ebene finden die Termine vor Ort statt?<\/strong><br \/>\nBei allen Terminen mit Beh\u00f6rden und Unternehmen sprechen wir mit der Entscheidungsebene. Bei Unternehmensbesuchen streben wir hands-on Erlebnisse an.<\/p>\n<p><strong><br \/>\nWie teuer ist die Reise? Welche Leistungen sind in der Reise enthalten?<br \/>\n<\/strong>Die Reisekosten betragen 7.900 Euro zzgl. MwSt. Inkludiert sind: \u00dcbernachtungen in 5-Sterne-Hotels, alle Inlandsfl\u00fcge, alle Transfers innerhalb der St\u00e4dte sowie zwischen den Reisezielen. Fr\u00fchst\u00fcck, Mittag- und Abendessen und konsekutives Dolmetschen in deutscher oder englischer Sprache. Nicht inkludiert ist der internationalen Hin- und R\u00fcckflug Flug pro Person. Diese m\u00fcssen selbstst\u00e4ndig gebucht werden. Empfehlungen f\u00fcr die individuelle Anreise finden Sie auf unserer Webseite.<\/p>\n<\/div><\/section>\n","protected":false},"excerpt":{"rendered":"","protected":false},"author":1,"featured_media":0,"parent":0,"menu_order":0,"comment_status":"closed","ping_status":"closed","template":"","meta":{"footnotes":""},"class_list":["post-1544","page","type-page","status-publish","hentry"],"yoast_head":"<!-- This site is optimized with the Yoast SEO plugin v27.3 - https:\/\/yoast.com\/product\/yoast-seo-wordpress\/ -->\n<title>FAQ | European China Circle<\/title>\n<meta name=\"description\" content=\"Hier finden Sie Antworten auf die g\u00e4ngisten Fragen rund um den LZ CHINA CIRCLE im M\u00e4rz 2026\" \/>\n<meta name=\"robots\" content=\"index, follow, max-snippet:-1, max-image-preview:large, max-video-preview:-1\" \/>\n<link rel=\"canonical\" href=\"https:\/\/dfvcg-events.de\/china\/faq\/\" \/>\n<meta property=\"og:locale\" content=\"de_DE\" \/>\n<meta property=\"og:type\" content=\"article\" \/>\n<meta property=\"og:title\" content=\"FAQ | European China Circle\" \/>\n<meta property=\"og:description\" content=\"Hier finden Sie Antworten auf die g\u00e4ngisten Fragen rund um den LZ CHINA CIRCLE im M\u00e4rz 2026\" \/>\n<meta property=\"og:url\" content=\"https:\/\/dfvcg-events.de\/china\/faq\/\" \/>\n<meta property=\"og:site_name\" content=\"European China Circle\" \/>\n<meta property=\"article:modified_time\" content=\"2025-07-31T11:04:15+00:00\" \/>\n<meta property=\"og:image\" content=\"https:\/\/dfvcg-events.de\/china\/wp-content\/uploads\/sites\/63\/2025\/07\/LZ-China-Circle-Key-Visual-800px.png\" \/>\n\t<meta property=\"og:image:width\" content=\"800\" \/>\n\t<meta property=\"og:image:height\" content=\"800\" \/>\n\t<meta property=\"og:image:type\" content=\"image\/png\" \/>\n<meta name=\"twitter:card\" content=\"summary_large_image\" \/>\n<meta name=\"twitter:label1\" content=\"Gesch\u00e4tzte Lesezeit\" \/>\n\t<meta name=\"twitter:data1\" content=\"2\u00a0Minuten\" \/>\n<script type=\"application\/ld+json\" class=\"yoast-schema-graph\">{\"@context\":\"https:\\\/\\\/schema.org\",\"@graph\":[{\"@type\":\"WebPage\",\"@id\":\"https:\\\/\\\/dfvcg-events.de\\\/china\\\/faq\\\/\",\"url\":\"https:\\\/\\\/dfvcg-events.de\\\/china\\\/faq\\\/\",\"name\":\"FAQ | European China Circle\",\"isPartOf\":{\"@id\":\"https:\\\/\\\/dfvcg-events.de\\\/china\\\/#website\"},\"datePublished\":\"2025-07-30T11:24:23+00:00\",\"dateModified\":\"2025-07-31T11:04:15+00:00\",\"description\":\"Hier finden Sie Antworten auf die g\u00e4ngisten Fragen rund um den LZ CHINA CIRCLE im M\u00e4rz 2026\",\"breadcrumb\":{\"@id\":\"https:\\\/\\\/dfvcg-events.de\\\/china\\\/faq\\\/#breadcrumb\"},\"inLanguage\":\"de\",\"potentialAction\":[{\"@type\":\"ReadAction\",\"target\":[\"https:\\\/\\\/dfvcg-events.de\\\/china\\\/faq\\\/\"]}]},{\"@type\":\"BreadcrumbList\",\"@id\":\"https:\\\/\\\/dfvcg-events.de\\\/china\\\/faq\\\/#breadcrumb\",\"itemListElement\":[{\"@type\":\"ListItem\",\"position\":1,\"name\":\"Startseite\",\"item\":\"https:\\\/\\\/dfvcg-events.de\\\/china\\\/\"},{\"@type\":\"ListItem\",\"position\":2,\"name\":\"FAQ\"}]},{\"@type\":\"WebSite\",\"@id\":\"https:\\\/\\\/dfvcg-events.de\\\/china\\\/#website\",\"url\":\"https:\\\/\\\/dfvcg-events.de\\\/china\\\/\",\"name\":\"European China Circle\",\"description\":\"Zukunftsm\u00e4rkte verstehen. Strategien neu denken.\",\"publisher\":{\"@id\":\"https:\\\/\\\/dfvcg-events.de\\\/china\\\/#organization\"},\"alternateName\":\"Zukunftsm\u00e4rkte verstehen. Strategien neu denken.\",\"potentialAction\":[{\"@type\":\"SearchAction\",\"target\":{\"@type\":\"EntryPoint\",\"urlTemplate\":\"https:\\\/\\\/dfvcg-events.de\\\/china\\\/?s={search_term_string}\"},\"query-input\":{\"@type\":\"PropertyValueSpecification\",\"valueRequired\":true,\"valueName\":\"search_term_string\"}}],\"inLanguage\":\"de\"},{\"@type\":\"Organization\",\"@id\":\"https:\\\/\\\/dfvcg-events.de\\\/china\\\/#organization\",\"name\":\"LZ CHINA CIRCLE\",\"alternateName\":\"Zukunftsm\u00e4rkte verstehen. Strategien neu denken.\",\"url\":\"https:\\\/\\\/dfvcg-events.de\\\/china\\\/\",\"logo\":{\"@type\":\"ImageObject\",\"inLanguage\":\"de\",\"@id\":\"https:\\\/\\\/dfvcg-events.de\\\/china\\\/#\\\/schema\\\/logo\\\/image\\\/\",\"url\":\"https:\\\/\\\/dfvcg-events.de\\\/china\\\/wp-content\\\/uploads\\\/sites\\\/63\\\/2025\\\/07\\\/LZ-China-Circle-Key-Visual-800px.png\",\"contentUrl\":\"https:\\\/\\\/dfvcg-events.de\\\/china\\\/wp-content\\\/uploads\\\/sites\\\/63\\\/2025\\\/07\\\/LZ-China-Circle-Key-Visual-800px.png\",\"width\":800,\"height\":800,\"caption\":\"LZ CHINA CIRCLE\"},\"image\":{\"@id\":\"https:\\\/\\\/dfvcg-events.de\\\/china\\\/#\\\/schema\\\/logo\\\/image\\\/\"}}]}<\/script>\n<!-- \/ Yoast SEO plugin. -->","yoast_head_json":{"title":"FAQ | European China Circle","description":"Hier finden Sie Antworten auf die g\u00e4ngisten Fragen rund um den LZ CHINA CIRCLE im M\u00e4rz 2026","robots":{"index":"index","follow":"follow","max-snippet":"max-snippet:-1","max-image-preview":"max-image-preview:large","max-video-preview":"max-video-preview:-1"},"canonical":"https:\/\/dfvcg-events.de\/china\/faq\/","og_locale":"de_DE","og_type":"article","og_title":"FAQ | European China Circle","og_description":"Hier finden Sie Antworten auf die g\u00e4ngisten Fragen rund um den LZ CHINA CIRCLE im M\u00e4rz 2026","og_url":"https:\/\/dfvcg-events.de\/china\/faq\/","og_site_name":"European China Circle","article_modified_time":"2025-07-31T11:04:15+00:00","og_image":[{"width":800,"height":800,"url":"https:\/\/dfvcg-events.de\/china\/wp-content\/uploads\/sites\/63\/2025\/07\/LZ-China-Circle-Key-Visual-800px.png","type":"image\/png"}],"twitter_card":"summary_large_image","twitter_misc":{"Gesch\u00e4tzte Lesezeit":"2\u00a0Minuten"},"schema":{"@context":"https:\/\/schema.org","@graph":[{"@type":"WebPage","@id":"https:\/\/dfvcg-events.de\/china\/faq\/","url":"https:\/\/dfvcg-events.de\/china\/faq\/","name":"FAQ | European China Circle","isPartOf":{"@id":"https:\/\/dfvcg-events.de\/china\/#website"},"datePublished":"2025-07-30T11:24:23+00:00","dateModified":"2025-07-31T11:04:15+00:00","description":"Hier finden Sie Antworten auf die g\u00e4ngisten Fragen rund um den LZ CHINA CIRCLE im M\u00e4rz 2026","breadcrumb":{"@id":"https:\/\/dfvcg-events.de\/china\/faq\/#breadcrumb"},"inLanguage":"de","potentialAction":[{"@type":"ReadAction","target":["https:\/\/dfvcg-events.de\/china\/faq\/"]}]},{"@type":"BreadcrumbList","@id":"https:\/\/dfvcg-events.de\/china\/faq\/#breadcrumb","itemListElement":[{"@type":"ListItem","position":1,"name":"Startseite","item":"https:\/\/dfvcg-events.de\/china\/"},{"@type":"ListItem","position":2,"name":"FAQ"}]},{"@type":"WebSite","@id":"https:\/\/dfvcg-events.de\/china\/#website","url":"https:\/\/dfvcg-events.de\/china\/","name":"European China Circle","description":"Zukunftsm\u00e4rkte verstehen. Strategien neu denken.","publisher":{"@id":"https:\/\/dfvcg-events.de\/china\/#organization"},"alternateName":"Zukunftsm\u00e4rkte verstehen. Strategien neu denken.","potentialAction":[{"@type":"SearchAction","target":{"@type":"EntryPoint","urlTemplate":"https:\/\/dfvcg-events.de\/china\/?s={search_term_string}"},"query-input":{"@type":"PropertyValueSpecification","valueRequired":true,"valueName":"search_term_string"}}],"inLanguage":"de"},{"@type":"Organization","@id":"https:\/\/dfvcg-events.de\/china\/#organization","name":"LZ CHINA CIRCLE","alternateName":"Zukunftsm\u00e4rkte verstehen. Strategien neu denken.","url":"https:\/\/dfvcg-events.de\/china\/","logo":{"@type":"ImageObject","inLanguage":"de","@id":"https:\/\/dfvcg-events.de\/china\/#\/schema\/logo\/image\/","url":"https:\/\/dfvcg-events.de\/china\/wp-content\/uploads\/sites\/63\/2025\/07\/LZ-China-Circle-Key-Visual-800px.png","contentUrl":"https:\/\/dfvcg-events.de\/china\/wp-content\/uploads\/sites\/63\/2025\/07\/LZ-China-Circle-Key-Visual-800px.png","width":800,"height":800,"caption":"LZ CHINA CIRCLE"},"image":{"@id":"https:\/\/dfvcg-events.de\/china\/#\/schema\/logo\/image\/"}}]}},"_links":{"self":[{"href":"https:\/\/dfvcg-events.de\/china\/wp-json\/wp\/v2\/pages\/1544","targetHints":{"allow":["GET"]}}],"collection":[{"href":"https:\/\/dfvcg-events.de\/china\/wp-json\/wp\/v2\/pages"}],"about":[{"href":"https:\/\/dfvcg-events.de\/china\/wp-json\/wp\/v2\/types\/page"}],"author":[{"embeddable":true,"href":"https:\/\/dfvcg-events.de\/china\/wp-json\/wp\/v2\/users\/1"}],"replies":[{"embeddable":true,"href":"https:\/\/dfvcg-events.de\/china\/wp-json\/wp\/v2\/comments?post=1544"}],"version-history":[{"count":5,"href":"https:\/\/dfvcg-events.de\/china\/wp-json\/wp\/v2\/pages\/1544\/revisions"}],"predecessor-version":[{"id":1568,"href":"https:\/\/dfvcg-events.de\/china\/wp-json\/wp\/v2\/pages\/1544\/revisions\/1568"}],"wp:attachment":[{"href":"https:\/\/dfvcg-events.de\/china\/wp-json\/wp\/v2\/media?parent=1544"}],"curies":[{"name":"wp","href":"https:\/\/api.w.org\/{rel}","templated":true}]}}